000
CXUS55 KGJT 250910
CF6ASE
PRELIMINARY LOCAL CLIMATOLOGICAL DATA (WS FORM: F-6)
STATION: ASPEN CO
MONTH: APRIL
YEAR: 2024
LATITUDE: 39 13 N
LONGITUDE: 106 52 W
TEMPERATURE IN F: :PCPN: SNOW: WIND :SUNSHINE: SKY :PK WND
================================================================================
1 2 3 4 5 6A 6B 7 8 9 10 11 12 13 14 15 16 17 18
12Z AVG MX 2MIN
DY MAX MIN AVG DEP HDD CDD WTR SNW DPTH SPD SPD DIR MIN PSBL S-S WX SPD DR
================================================================================
1 43 22 33 -5 32 0 T M M 5.8 22 360 M M 7 18 34 340
2 48 22 35 -3 30 0 0.01 M M 4.5 16 340 M M 2 1 23 330
3 57 22 40 2 25 0 0.00 M M 6.4 14 340 M M 1 22 320
4 61 27 44 5 21 0 0.00 M M 7.5 17 170 M M 0 24 180
5 59 32 46 7 19 0 0.05 M M 13.4 31 180 M M 4 1 51 180
6 32 21 27 -12 38 0 0.13 M M 9.9 24 340 M M 9 128 39 330
7 40 15 28 -11 37 0 0.00 M M 6.6 22 360 M M 6 30 360
8 44 19 32 -8 33 0 0.00 M M 6.4 13 320 M M 1 18 330
9 50 18 34 -6 31 0 0.00 M M 5.8 17 340 M M 2 25 360
10 50 25 38 -2 27 0 0.00 M M 7.1 21 330 M M 6 30 320
11 57 23 40 0 25 0 0.00 M M 8.1 20 360 M M 0 30 360
12 64 29 47 7 18 0 0.00 M M 8.8 28 180 M M 1 36 180
13 63 35 49 8 16 0 0.00 M M 7.6 26 170 M M 3 33 170
14 66 31 49 8 16 0 0.00 M M 8.9 22 180 M M 0 28 180
15 55 30 43 2 22 0 0.04 M M 7.8 28 230 M M 5 18 41 180
16 51 31 41 0 24 0 0.01 M M 7.7 16 360 M M 7 1 25 20
17 61 31 46 4 19 0 0.00 M M 6.7 17 250 M M 4 8 30 230
18 58 39 49 7 16 0 T M M 7.1 21 200 M M 8 27 200
19 55 37 46 4 19 0 T M M 7.7 20 340 M M 8 8 29 330
20 53 34 44 2 21 0 0.05 M M 7.0 24 350 M M 8 37 320
21 61 26 44 1 21 0 0.00 M M 7.9 21 310 M M 1 32 320
22 65 32 49 6 16 0 T M M 8.2 22 170 M M 4 39 340
23 68 42 55 12 10 0 T M M 7.4 30 270 M M 6 44 270
24 66 36 51 8 14 0 0.00 M M 7.3 20 210 M M 2 32 210
================================================================================
SM 1327 679 550 0 0.29 M 181.6 M 95
================================================================================
AV 55.3 28.3 7.6 FASTST M M 4 MAX(MPH)
MISC ----> 31 180 51 180
================================================================================
NOTES:
# LAST OF SEVERAL OCCURRENCES
COLUMN 17 PEAK WIND IN M.P.H.
PRELIMINARY LOCAL CLIMATOLOGICAL DATA (WS FORM: F-6) , PAGE 2
STATION: ASPEN CO
MONTH: APRIL
YEAR: 2024
LATITUDE: 39 13 N
LONGITUDE: 106 52 W
[TEMPERATURE DATA] [PRECIPITATION DATA] SYMBOLS USED IN COLUMN 16
AVERAGE MONTHLY: 41.8 TOTAL FOR MONTH: 0.29 1 = FOG OR MIST
DPTR FM NORMAL: 1.2 DPTR FM NORMAL: -1.08 2 = FOG REDUCING VISIBILITY
HIGHEST: 68 ON 23 GRTST 24HR 0.18 ON 5- 6 TO 1/4 MILE OR LESS
LOWEST: 15 ON 7 3 = THUNDER
SNOW, ICE PELLETS, HAIL 4 = ICE PELLETS
TOTAL MONTH: M 5 = HAIL
GRTST 24HR M ON M 6 = FREEZING RAIN OR DRIZZLE
GRTST DEPTH: M ON M 7 = DUSTSTORM OR SANDSTORM:
VSBY 1/2 MILE OR LESS
8 = SMOKE OR HAZE
[NO. OF DAYS WITH] [WEATHER - DAYS WITH] 9 = BLOWING SNOW
X = TORNADO
MAX 32 OR BELOW: 1 0.01 INCH OR MORE: 6
MAX 90 OR ABOVE: 0 0.10 INCH OR MORE: 1
MIN 32 OR BELOW: 18 0.50 INCH OR MORE: 0
MIN 0 OR BELOW: 0 1.00 INCH OR MORE: 0
[HDD (BASE 65) ]
TOTAL THIS MO. 550 CLEAR (SCALE 0-3) 11
DPTR FM NORMAL -34 PTCLDY (SCALE 4-7) 11
TOTAL FM JUL 1 7125 CLOUDY (SCALE 8-10) 2
DPTR FM NORMAL -253
[CDD (BASE 65) ]
TOTAL THIS MO. 0
DPTR FM NORMAL 0 [PRESSURE DATA]
TOTAL FM JAN 1 0 HIGHEST SLP M ON M
DPTR FM NORMAL 0 LOWEST SLP 29.37 ON 5
[REMARKS]