000
CXUS56 KPQR 011550
CLMAST
CLIMATE REPORT
NATIONAL WEATHER SERVICE PORTLAND OREGON
850 AM PDT SAT JUL 01 2023
...................................
...THE ASTORIA OR CLIMATE SUMMARY FOR THE MONTH OF JUNE 2023...
CLIMATE NORMAL PERIOD 1991 TO 2020
CLIMATE RECORD PERIOD 1887 TO 2023
WEATHER OBSERVED NORMAL DEPART LAST YEAR`S
VALUE DATE(S) VALUE FROM VALUE DATE(S)
NORMAL
................................................................
TEMPERATURE (F)
HIGHEST 77 92 06/26
LOWEST 40 44 06/06
AVG. MAXIMUM 64.3 64.0 0.3 65.4
AVG. MINIMUM 50.1 50.6 -0.5 51.8
MEAN 57.2 57.3 -0.1 58.6
DAYS MAX >= 90 0 0.1 -0.1 1
DAYS MAX <= 32 0 0.0 0.0 0
DAYS MIN <= 32 0 0.0 0.0 0
DAYS MIN <= 0 0 0.0 0.0 0
PRECIPITATION (INCHES)
RECORD
MAXIMUM 7.70 1931
MINIMUM 0.33 1926
TOTALS 0.70 2.30 -1.60 3.83
DAYS >= .01 7 13.7 -6.7 17
DAYS >= .10 2 6.7 -4.7 8
DAYS >= .50 0 0.9 -0.9 2
DAYS >= 1.00 0 0.2 -0.2 2
GREATEST
24 HR. TOTAL 0.45 06/18 TO 06/18
DEGREE DAYS
HEATING TOTAL 227 233 -6 197
SINCE 7/1 4778 4958 -180 MM
COOLING TOTAL 0 2 -2 12
SINCE 1/1 14 4 10 MM
................................................................
WIND (MPH)
AVERAGE WIND SPEED 8.5
RESULTANT WIND SPEED/DIRECTION 6/300
HIGHEST WIND SPEED/DIRECTION 31/320 DATE 06/04
HIGHEST GUST SPEED/DIRECTION 41/320 DATE 06/04
SKY COVER
POSSIBLE SUNSHINE (PERCENT) MM
AVERAGE SKY COVER 0.57
NUMBER OF DAYS FAIR 10
NUMBER OF DAYS PC 10
NUMBER OF DAYS CLOUDY 10
AVERAGE RH (PERCENT) 78
WEATHER CONDITIONS. NUMBER OF DAYS WITH
THUNDERSTORM 0 MIXED PRECIP 0
HEAVY RAIN 1 RAIN 2
LIGHT RAIN 13 FREEZING RAIN 0
LT FREEZING RAIN 0 HAIL 0
HEAVY SNOW 0 SNOW 0
LIGHT SNOW 0 SLEET 0
FOG 18 FOG W/VIS <= 1/4 MILE 1
HAZE 4
- INDICATES NEGATIVE NUMBERS.
R INDICATES RECORD WAS SET OR TIED.
MM INDICATES DATA IS MISSING.
T INDICATES TRACE AMOUNT.
$$