000
CXUS53 KABR 011100
CF6ATY
PRELIMINARY LOCAL CLIMATOLOGICAL DATA (WS FORM: F-6)
STATION: WATERTOWN SD
MONTH: APRIL
YEAR: 2022
LATITUDE: 44 55 N
LONGITUDE: 97 9 W
TEMPERATURE IN F: :PCPN: SNOW: WIND :SUNSHINE: SKY :PK WND
================================================================================
1 2 3 4 5 6A 6B 7 8 9 10 11 12 13 14 15 16 17 18
12Z AVG MX 2MIN
DY MAX MIN AVG DEP HDD CDD WTR SNW DPTH SPD SPD DIR MIN PSBL S-S WX SPD DR
================================================================================
1 36 17 27 -9 38 0 0.30 T T 5.8 15 200 M M 6 16 18 200
2 48 29 39 2 26 0 T 0.0 T 8.8 18 330 M M 4 12 25 330
3 37 27 32 -5 33 0 0.07 0.6 0 12.7 25 70 M M 7 1 41 60
4 52 27 40 2 25 0 T 0.0 1 10.5 26 150 M M 8 12 40 140
5 57 36 47 9 18 0 0.20 0.0 0 20.2 31 290 M M 7 1 50 300
6 43 32 38 -1 27 0 0.40 0.3 T 26.7 40 320 M M 10 1 59 330
7 36 30 33 -6 32 0 0.07 0.1 T 28.6 43 340 M M 10 18 53 320
8 46 25 36 -4 29 0 0.00 0.0 T 17.9 29 340 M M 1 37 340
9 55 22 39 -1 26 0 0.00 0.0 0 10.8 23 160 M M 0 33 180
10 47 33 40 0 25 0 0.03 0.0 0 12.8 24 20 M M 8 32 20
11 51 27 39 -2 26 0 0.00 0.0 0 9.7 18 260 M M 2 25 260
12 45 36 41 0 24 0 0.12 0.0 0 13.8 24 90 M M 9 1 43 80
13 40 24 32 -10 33 0 0.01 0.2 0 27.9 38 260 M M 10 12 51 240
14 29 22 26 -16 39 0 0.13 1.7 1 28.1 40 270 M M 10 12 55 280
15 33 17 25 -17 40 0 T T 1 19.2 30 290 M M 8 42 280
16 38 18 28 -15 37 0 T T T 11.9 22 330 M M 2 30 300
17 41 24 33 -10 32 0 T T 0 17.3 26 290 M M 7 18 41 300
18 39 20 30 -14 35 0 0.00 0.0 0 17.7 30 310 M M 5 43 300
19 38 22 30 -14 35 0 0.00 0.0 0 14.7 28 150 M M 3 44 140
20 55 36 46 1 19 0 0.47 0.0 0 9.2 32 160 M M 6 1 47 160
21 52 32 42 -3 23 0 0.00 0.0 0 11.6 20 110 M M 1 32 110
22 67 44 56 10 9 0 T 0.0 0 14.6 25 160 M M 9 13 36 160
23 73 37 55 9 10 0 0.19 0.0 0 27.4 45 160 M M 5 13 65 160
24 42 30 36 -10 29 0 T T 0 25.4 35 210 M M 10 18 45 310
25 39 24 32 -15 33 0 T T 0 18.3 32 330 M M 8 41 330
26 43 22 33 -14 32 0 0.00 0.0 0 7.7 18 70 M M 3 30 80
27 46 28 37 -11 28 0 0.00 0.0 0 15.3 25 90 M M 2 40 100
28 55 34 45 -3 20 0 0.00 0.0 0 10.9 20 90 M M 5 29 100
29 52 42 47 -2 18 0 0.11 0.0 0 9.7 20 110 M M 10 12 30 100
30 49 35 42 -7 23 0 1.41 0.0 0 18.4 29 320 M M 10 13 39 330
================================================================================
SM 1384 852 824 0 3.51 2.9 483.6 M 186
================================================================================
AV 46.1 28.4 16.1 FASTST M M 6 MAX(MPH)
MISC ----> 45 160 65 160
================================================================================
NOTES:
# LAST OF SEVERAL OCCURRENCES
COLUMN 17 PEAK WIND IN M.P.H.
PRELIMINARY LOCAL CLIMATOLOGICAL DATA (WS FORM: F-6) , PAGE 2
STATION: WATERTOWN SD
MONTH: APRIL
YEAR: 2022
LATITUDE: 44 55 N
LONGITUDE: 97 9 W
[TEMPERATURE DATA] [PRECIPITATION DATA] SYMBOLS USED IN COLUMN 16
AVERAGE MONTHLY: 37.3 TOTAL FOR MONTH: 3.51 1 = FOG OR MIST
DPTR FM NORMAL: -5.5 DPTR FM NORMAL: 1.45 2 = FOG REDUCING VISIBILITY
HIGHEST: 73 ON 23 GRTST 24HR 1.52 ON 29-30 TO 1/4 MILE OR LESS
LOWEST: 17 ON 15, 1 3 = THUNDER
SNOW, ICE PELLETS, HAIL 4 = ICE PELLETS
TOTAL MONTH: 2.9 INCHES 5 = HAIL
GRTST 24HR 1.7 ON 14-14 6 = FREEZING RAIN OR DRIZZLE
GRTST DEPTH: 1 ON 15,14 7 = DUSTSTORM OR SANDSTORM:
VSBY 1/2 MILE OR LESS
8 = SMOKE OR HAZE
[NO. OF DAYS WITH] [WEATHER - DAYS WITH] 9 = BLOWING SNOW
X = TORNADO
MAX 32 OR BELOW: 1 0.01 INCH OR MORE: 13
MAX 90 OR ABOVE: 0 0.10 INCH OR MORE: 9
MIN 32 OR BELOW: 21 0.50 INCH OR MORE: 1
MIN 0 OR BELOW: 0 1.00 INCH OR MORE: 1
[HDD (BASE 65) ]
TOTAL THIS MO. 824 CLEAR (SCALE 0-3) 6
DPTR FM NORMAL 156 PTCLDY (SCALE 4-7) 15
TOTAL FM JUL 1 7930 CLOUDY (SCALE 8-10) 9
DPTR FM NORMAL -191
[CDD (BASE 65) ]
TOTAL THIS MO. 0
DPTR FM NORMAL -1 [PRESSURE DATA]
TOTAL FM JAN 1 0 HIGHEST SLP 30.44 ON 26
DPTR FM NORMAL -1 LOWEST SLP 29.12 ON 23
[REMARKS]
#FINAL-04-22#