000
CXUS51 KGYX 010900
CF6AUG
PRELIMINARY LOCAL CLIMATOLOGICAL DATA (WS FORM: F-6)
STATION: AUGUSTA
MONTH: SEPTEMBER
YEAR: 2023
LATITUDE: 44 18 N
LONGITUDE: 69 48 W
TEMPERATURE IN F: :PCPN: SNOW: WIND :SUNSHINE: SKY :PK WND
================================================================================
1 2 3 4 5 6A 6B 7 8 9 10 11 12 13 14 15 16 17 18
12Z AVG MX 2MIN
DY MAX MIN AVG DEP HDD CDD WTR SNW DPTH SPD SPD DIR MIN PSBL S-S WX SPD DR
================================================================================
1 77 49 63 -3 2 0 0.00 M M 3.4 12 310 M M 0 17 300
2 78 53 66 0 0 1 0.00 M M 4.0 12 160 M M 0 1 17 180
3 83 59 71 5 0 6 0.00 M M 2.6 7 150 M M 2 12 11 220
4 86 61 74 9 0 9 0.00 M M 2.8 9 160 M M 1 12 13 160
5 90 67 79 14 0 14 0.00 M M 5.6 12 50 M M 0 16 30
6 86 69 78 14 0 13 0.00 M M 3.0 9 60 M M 2 18 11 60
7 90 69 80 16 0 15 0.00 M M 3.4 10 180 M M 1 18 15 180
8 87 69 78 14 0 13 0.02 M M 4.1 14 190 M M 2 13 27 210
9 85 66 76 12 0 11 0.00 M M 4.4 10 350 M M 4 13 15 250
10 70 62 66 3 0 1 0.17 M M 2.3 8 40 M M 9 13 11 40
11 75 66 71 8 0 6 0.69 M M 2.9 9 30 M M 10 12 13 40
12 72 64 68 6 0 3 0.09 M M 5.2 10 30 M M 10 12 13 140
13 72 65 69 7 0 4 0.42 M M 4.2 13 160 M M 9 12 17 160
14 75 55 65 3 0 0 0.00 M M 5.9 10 320 M M 5 14 320
15 67 51 59 -2 6 0 0.00 M M 9.1 18 360 M M 1 28 360
16 67 59 63 2 2 0 0.08 M M 20.7 35 330 M M 8 1 52 330
17 79 59 69 9 0 4 0.00 M M 5.2 14 290 M M 0 20 290
18 64 57 61 1 4 0 0.94 M M 4.9 13 70 M M 8 1 18 140
19 72 57 65 5 0 0 0.54 M M 9.1 17 280 M M 7 1 25 280
20 73 56 65 6 0 0 0.00 M M 8.0 15 330 M M 3 20 330
21 73 53 63 4 2 0 0.00 M M 5.2 17 360 M M 1 21 350
22 71 49 60 2 5 0 0.00 M M 2.9 10 180 M M 0 1 16 150
23 68 47 58 0 7 0 0.00 M M 1.7 8 160 M M 2 12 10 150
24 65 54 60 2 5 0 0.01 M M 3.1 8 10 M M 6 1 10 10
25 70 51 61 4 4 0 0.00 M M 9.2 17 30 M M 3 12 24 20
26 68 46 57 0 8 0 0.00 M M 6.5 16 30 M M 0 20 50
27 71 46 59 3 6 0 0.00 M M 3.3 10 50 M M 1 13 40
28 69 45 57 1 8 0 0.00 M M 1.3 6 330 M M 5 12 7 20
29 66 47 57 1 8 0 0.00 M M 1.4 7 130 M M 5 12 10 150
30 66 49 58 3 7 0 0.00 M M 4.1 10 20 M M 5 128 14 30
================================================================================
SM 2235 1700 74 100 2.96 M 149.5 M 110
================================================================================
AV 74.5 56.7 5.0 FASTST M M 4 MAX(MPH)
MISC ----> 35 330 52 330
================================================================================
NOTES:
# LAST OF SEVERAL OCCURRENCES
COLUMN 17 PEAK WIND IN M.P.H.
PRELIMINARY LOCAL CLIMATOLOGICAL DATA (WS FORM: F-6) , PAGE 2
STATION: AUGUSTA
MONTH: SEPTEMBER
YEAR: 2023
LATITUDE: 44 18 N
LONGITUDE: 69 48 W
[TEMPERATURE DATA] [PRECIPITATION DATA] SYMBOLS USED IN COLUMN 16
AVERAGE MONTHLY: 65.6 TOTAL FOR MONTH: 2.96 1 = FOG OR MIST
DPTR FM NORMAL: 4.6 DPTR FM NORMAL: -0.94 2 = FOG REDUCING VISIBILITY
HIGHEST: 90 ON 7, 5 GRTST 24HR 1.48 ON 18-19 TO 1/4 MILE OR LESS
LOWEST: 45 ON 28 3 = THUNDER
SNOW, ICE PELLETS, HAIL 4 = ICE PELLETS
TOTAL MONTH: M 5 = HAIL
GRTST 24HR M ON M 6 = FREEZING RAIN OR DRIZZLE
GRTST DEPTH: M ON M 7 = DUSTSTORM OR SANDSTORM:
VSBY 1/2 MILE OR LESS
8 = SMOKE OR HAZE
[NO. OF DAYS WITH] [WEATHER - DAYS WITH] 9 = BLOWING SNOW
X = TORNADO
MAX 32 OR BELOW: 0 0.01 INCH OR MORE: 9
MAX 90 OR ABOVE: 2 0.10 INCH OR MORE: 5
MIN 32 OR BELOW: 0 0.50 INCH OR MORE: 3
MIN 0 OR BELOW: 0 1.00 INCH OR MORE: 0
[HDD (BASE 65) ]
TOTAL THIS MO. 74 CLEAR (SCALE 0-3) 16
DPTR FM NORMAL -86 PTCLDY (SCALE 4-7) 9
TOTAL FM JUL 1 81 CLOUDY (SCALE 8-10) 5
DPTR FM NORMAL -112
[CDD (BASE 65) ]
TOTAL THIS MO. 100
DPTR FM NORMAL 62 [PRESSURE DATA]
TOTAL FM JAN 1 575 HIGHEST SLP 30.50 ON 26
DPTR FM NORMAL 150 LOWEST SLP 29.44 ON 16
[REMARKS]
#FINAL-09-23#