000
CXUS53 KGRB 041347
CLAAUW
CLIMATE REPORT
NATIONAL WEATHER SERVICE GREEN BAY
748 AM CST SAT JAN 4 2020
...TIED 18TH COLDEST YEAR ON RECORD...
...2ND WETTEST YEAR ON RECORD...
...SNOWIEST YEAR ON RECORD...
...24TH MOST HEATING DEGREE DAYS ON RECORD...
...33RD LEAST COOLING DEGREE DAYS ON RECORD...
...THE WAUSAU WI CLIMATE SUMMARY FOR THE YEAR OF 2019...
CLIMATE NORMAL PERIOD 1981 TO 2010
CLIMATE RECORD PERIOD 1896 TO 2020
WEATHER OBSERVED NORMAL DEPART LAST YEAR`S
VALUE DATE(S) VALUE FROM VALUE DATE(S)
NORMAL
................................................................
TEMPERATURE (F)
RECORD
HIGH 107 07/13/1936
LOW -40 01/30/1951
01/18/1948
02/10/1899
HIGHEST 90 07/19 95 06/29
LOWEST -27 01/31 -17 01/01
01/30
AVG. MAXIMUM 50.3 53.2 -2.9 54.4
AVG. MINIMUM 32.9 33.8 -0.9 35.6
MEAN 41.6 43.5 -1.9 45.0
DAYS MAX >= 90 1 4.0 -3.0 7
DAYS MAX <= 32 91 77.8 13.2 73
DAYS MIN <= 32 173 163.7 9.3 159
DAYS MIN <= 0 33 26.3 6.7 21
PRECIPITATION (INCHES)
RECORD
MAXIMUM 48.72 1938
MINIMUM 21.43 1976
TOTALS 48.15 32.41 15.74 37.96
DAILY AVG. 0.13
DAYS >= .01 141 129.1 11.9 109
DAYS >= .10 83 69.0 14.0 65
DAYS >= .50 31 19.1 11.9 28
DAYS >= 1.00 16 6.2 9.8 11
SNOWFALL (INCHES)
RECORDS
TOTAL 115.2 2019
TOTALS 115.2R 59.6 55.6 77.9
SINCE 7/1 32.4 22.2 10.2 6.6
SNOWDEPTH AVG. 4
DAYS >= TRACE 76 43.5 32.5 62
DAYS >= 1.0 25 18.7 6.3 19
GREATEST
SNOW DEPTH 28 02/24 17 04/15
24 HR TOTAL 15.7 MM
DEGREE_DAYS
HEATING TOTAL 8744 8249 495 7142
SINCE 7/1 3276 3286 -10 MM
COOLING TOTAL 363 407 -44 628
SINCE 1/1 363 407 -44 628
FREEZE DATES
RECORD
EARLIEST 08/30/1915
LATEST 06/12/1903
EARLIEST 10/02
LATEST 05/05
.................................................................
WIND (MPH)
AVERAGE WIND SPEED 7.6
HIGHEST WIND SPEED/DIRECTION 51/270 DATE 07/20
HIGHEST GUST SPEED/DIRECTION 73/280 DATE 07/20
SKY COVER
POSSIBLE SUNSHINE (PERCENT) MM
AVERAGE SKY COVER 0.50
NUMBER OF DAYS FAIR 145
NUMBER OF DAYS PC 103
NUMBER OF DAYS CLOUDY 112
AVERAGE RH (PERCENT) 73
- INDICATES NEGATIVE NUMBERS.
R INDICATES RECORD WAS SET OR TIED.
MM INDICATES DATA IS MISSING.
T INDICATES TRACE AMOUNT.
...................................
$$
ECKBERG