000
CXUS51 KBGM 020233 AAA
CF6AVP
PRELIMINARY LOCAL CLIMATOLOGICAL DATA (WS FORM: F-6)
STATION: AVOCA PA
MONTH: NOVEMBER
YEAR: 2022
LATITUDE: 41 19 N
LONGITUDE: 75 44 W
TEMPERATURE IN F: :PCPN: SNOW: WIND :SUNSHINE: SKY :PK WND
================================================================================
1 2 3 4 5 6A 6B 7 8 9 10 11 12 13 14 15 16 17 18
12Z AVG MX 2MIN
DY MAX MIN AVG DEP HDD CDD WTR SNW DPTH SPD SPD DIR MIN PSBL S-S WX SPD DR
================================================================================
1 61 55 58 10 7 0 0.61 0.0 M 2.2 10 240 M M 9 12 13 230
2 69 48 59 12 6 0 0.00 0.0 M 4.6 15 30 M M 2 18 21 30
3 M 41 M M M M 0.00 0.0 M 3.2 9 190 M M 0 13 180
4 71 43 57 10 8 0 0.00 0.0 M 5.1 15 220 M M 1 22 240
5 75 63 69 23 0 4 0.00 0.0 M 7.6 20 180 M M 7 33 160
6 70 65 68 22 0 3 0.06 0.0 M 8.0 16 180 M M 9 1 28 200
7 72 47 60 14 5 0 0.10 0.0 M 10.4 21 340 M M 2 1 26 340
8 56 38 47 2 18 0 0.00 0.0 M 9.5 21 350 M M 0 28 350
9 58 30 44 -1 21 0 0.00 0.0 M 3.4 9 270 M M 0 12 190
10 66 35 51 6 14 0 0.00 0.0 M 4.0 15 260 M M 0 3 19 180
11 72 52 62 18 3 0 0.56 0.0 M 4.6 15 180 M M 8 1 27 180
12 71 50 61 17 4 0 0.58 0.0 M 7.1 24 320 M M 9 1 29 330
13 50 35 43 -1 22 0 0.05 0.0 M 8.0 23 320 M M 9 1 32 300
14 43 28 36 -7 29 0 T 0.0 M 7.3 23 330 M M 3 30 330
15 40 26 33 -10 32 0 0.43 1.2 M 5.0 12 50 M M 4 1268 21 50
16 42 34 38 -5 27 0 0.12 0.0 M 8.1 18 250 M M 9 12 25 240
17 40 31 36 -6 29 0 T T M 10.5 23 260 M M 8 30 260
18 40 29 35 -7 30 0 T T M 11.2 21 240 M M 5 27 240
19 35 22 29 -13 36 0 0.00 0.0 M 6.7 21 230 M M 1 29 230
20 32 23 28 -13 37 0 0.00 0.0 M 13.4 25 280 M M 5 36 260
21 43 20 32 -9 33 0 0.00 0.0 M 8.1 18 230 M M 1 25 200
22 48 27 38 -2 27 0 0.00 0.0 M 4.1 15 240 M M 0 19 250
23 52 30 41 1 24 0 0.00 0.0 M 4.4 14 330 M M 0 19 310
24 55 26 41 1 24 0 0.00 0.0 M 2.8 9 220 M M 0 15 230
25 50 42 46 6 19 0 0.06 0.0 M 10.4 22 330 M M 7 31 330
26 53 37 45 6 20 0 0.00 0.0 M 6.6 20 320 M M 4 25 10
27 M M M M M M M M M M M M M M M 1 M M
28 M M M M M M M M M M M M M M M M M
29 44 37 41 3 24 0 0.00 0.0 M 3.3 12 160 M M 7 21 140
30 53 34 44 6 21 0 0.18 0.0 M 11.0 30 250 M M 9 1 39 180
================================================================================
SM 1461 1048 520 7 2.75 1.2 190.6 M 119
================================================================================
AV 54.1 37.4 6.8 FASTST M M 4 MAX(MPH)
MISC ----> 30 250 39 180
================================================================================
NOTES:
# LAST OF SEVERAL OCCURRENCES
COLUMN 17 PEAK WIND IN M.P.H.
PRELIMINARY LOCAL CLIMATOLOGICAL DATA (WS FORM: F-6) , PAGE 2
STATION: AVOCA PA
MONTH: NOVEMBER
YEAR: 2022
LATITUDE: 41 19 N
LONGITUDE: 75 44 W
[TEMPERATURE DATA] [PRECIPITATION DATA] SYMBOLS USED IN COLUMN 16
AVERAGE MONTHLY: 45.8 TOTAL FOR MONTH: 2.75 1 = FOG OR MIST
DPTR FM NORMAL: 3.1 DPTR FM NORMAL: -0.10 2 = FOG REDUCING VISIBILITY
HIGHEST: 75 ON 5 GRTST 24HR 1.14 ON 11-12 TO 1/4 MILE OR LESS
LOWEST: 20 ON 21 3 = THUNDER
SNOW, ICE PELLETS, HAIL 4 = ICE PELLETS
TOTAL MONTH: 1.2 INCHES 5 = HAIL
GRTST 24HR 1.2 ON 15-15 6 = FREEZING RAIN OR DRIZZLE
GRTST DEPTH: M ON M 7 = DUSTSTORM OR SANDSTORM:
VSBY 1/2 MILE OR LESS
8 = SMOKE OR HAZE
[NO. OF DAYS WITH] [WEATHER - DAYS WITH] 9 = BLOWING SNOW
X = TORNADO
MAX 32 OR BELOW: 1 0.01 INCH OR MORE: 10
MAX 90 OR ABOVE: 0 0.10 INCH OR MORE: 7
MIN 32 OR BELOW: 11 0.50 INCH OR MORE: 3
MIN 0 OR BELOW: 0 1.00 INCH OR MORE: 0
[HDD (BASE 65) ]
TOTAL THIS MO. 520 CLEAR (SCALE 0-3) 13
DPTR FM NORMAL -148 PTCLDY (SCALE 4-7) 8
TOTAL FM JUL 1 934 CLOUDY (SCALE 8-10) 9
DPTR FM NORMAL -215
[CDD (BASE 65) ]
TOTAL THIS MO. 7
DPTR FM NORMAL 7 [PRESSURE DATA]
TOTAL FM JAN 1 969 HIGHEST SLP 30.65 ON 9
DPTR FM NORMAL 179 LOWEST SLP 29.36 ON 12
[REMARKS]
#FINAL-11-22#
COMMS PROBLEMS ON MULTIPLE DAYS CAUSED MISSING DATA
TAC