000
CXUS54 KEWX 011010
CF6BAZ
PRELIMINARY LOCAL CLIMATOLOGICAL DATA (WS FORM: F-6)
STATION: NEW BRAUNFELS
MONTH: APRIL
YEAR: 2021
LATITUDE: 29 43 N
LONGITUDE: 98 3 W
TEMPERATURE IN F: :PCPN: SNOW: WIND :SUNSHINE: SKY :PK WND
================================================================================
1 2 3 4 5 6A 6B 7 8 9 10 11 12 13 14 15 16 17 18
12Z AVG MX 2MIN
DY MAX MIN AVG DEP HDD CDD WTR SNW DPTH SPD SPD DIR MIN PSBL S-S WX SPD DR
================================================================================
1 72 47 60 -6 5 0 0.00 M M 9.6 18 60 M M 2 25 60
2 75 45 60 -6 5 0 0.00 M M 9.9 23 140 M M 5 29 140
3 73 52 63 -3 2 0 0.08 M M 9.4 21 170 M M 8 13 28 170
4 79 54 67 0 0 2 T M M 6.9 16 140 M M 6 21 150
5 83 53 68 1 0 3 0.00 M M 9.5 23 140 M M 7 12 29 150
6 89 68 79 12 0 14 T M M 18.6 31 160 M M 7 40 180
7 92 65 79 12 0 14 0.00 M M 10.1 24 180 M M 6 8 32 180
8 94 58 76 8 0 11 0.00 M M 9.6 23 170 M M 4 128 30 170
9 94 69 82 14 0 17 0.00 M M 11.7 21 180 M M 5 18 31 180
10 84 58 71 3 0 6 0.00 M M 14.4 25 20 M M 0 18 34 10
11 90 48 69 1 0 4 0.00 M M 8.5 23 170 M M 0 30 160
12 91 64 78 10 0 13 0.00 M M 12.1 22 140 M M 5 28 140
13 85 71 78 9 0 13 0.00 M M 9.4 16 40 M M 10 1 22 30
14 86 69 78 9 0 13 T M M 8.2 17 70 M M 9 8 22 50
15 74 64 69 0 0 4 0.02 M M 9.9 20 80 M M 10 18 25 80
16 71 61 66 -3 0 1 0.02 M M 9.3 26 10 M M 10 12 33 10
17 71 52 62 -8 3 0 0.00 M M 17.7 30 360 M M 6 37 360
18 72 52 62 -8 3 0 0.00 M M 10.3 22 10 M M 2 29 10
19 79 49 64 -6 1 0 T M M 6.2 15 140 M M 4 23 150
20 86 47 67 -3 0 2 0.00 M M 8.1 28 30 M M 1 37 30
21 70 46 58 -12 7 0 0.00 M M 15.2 26 40 M M 5 36 50
22 67 49 58 -13 7 0 0.02 M M 7.0 16 120 M M 9 18 21 120
23 78 65 72 1 0 7 1.46 0.0 0 8.1 22 150 M M 7 13 33 130
24 89 58 74 3 0 9 0.00 M M 10.2 21 10 M M 0 29 350
25 89 56 73 2 0 8 0.00 M M 9.4 22 170 M M 0 29 160
26 88 64 76 4 0 11 0.00 M M 13.6 23 160 M M 4 30 150
27 78 70 74 2 0 9 T 0.0 0 12.9 31 140 M M 9 1 40 140
28 88 73 81 9 0 16 0.06 M M 15.0 25 180 M M 10 138 32 170
29 76 69 73 1 0 8 0.16 0.0 M 11.1 23 140 M M 10 13 30 130
30 73 67 70 -2 0 5 1.37 M M 12.2 23 80 M M 10 13 34 80
================================================================================
SM 2436 1763 33 190 3.19 0.0 324.1 M 171
================================================================================
AV 81.2 58.8 10.8 FASTST M M 6 MAX(MPH)
MISC ----> # 31 160 # 40 180
================================================================================
NOTES:
# LAST OF SEVERAL OCCURRENCES
COLUMN 17 PEAK WIND IN M.P.H.
PRELIMINARY LOCAL CLIMATOLOGICAL DATA (WS FORM: F-6) , PAGE 2
STATION: NEW BRAUNFELS
MONTH: APRIL
YEAR: 2021
LATITUDE: 29 43 N
LONGITUDE: 98 3 W
[TEMPERATURE DATA] [PRECIPITATION DATA] SYMBOLS USED IN COLUMN 16
AVERAGE MONTHLY: 70.0 TOTAL FOR MONTH: 3.19 1 = FOG OR MIST
DPTR FM NORMAL: 0.8 DPTR FM NORMAL: 0.91 2 = FOG REDUCING VISIBILITY
HIGHEST: 94 ON 9, 8 GRTST 24HR 1.48 ON 22-23 TO 1/4 MILE OR LESS
LOWEST: 45 ON 2 3 = THUNDER
SNOW, ICE PELLETS, HAIL 4 = ICE PELLETS
TOTAL MONTH: 0.0 INCH 5 = HAIL
GRTST 24HR 0.0 6 = FREEZING RAIN OR DRIZZLE
GRTST DEPTH: 0 7 = DUSTSTORM OR SANDSTORM:
VSBY 1/2 MILE OR LESS
8 = SMOKE OR HAZE
[NO. OF DAYS WITH] [WEATHER - DAYS WITH] 9 = BLOWING SNOW
X = TORNADO
MAX 32 OR BELOW: 0 0.01 INCH OR MORE: 8
MAX 90 OR ABOVE: 5 0.10 INCH OR MORE: 3
MIN 32 OR BELOW: 0 0.50 INCH OR MORE: 2
MIN 0 OR BELOW: 0 1.00 INCH OR MORE: 2
[HDD (BASE 65) ]
TOTAL THIS MO. 33 CLEAR (SCALE 0-3) 7
DPTR FM NORMAL -7 PTCLDY (SCALE 4-7) 14
TOTAL FM JUL 1 1213 CLOUDY (SCALE 8-10) 9
DPTR FM NORMAL -342
[CDD (BASE 65) ]
TOTAL THIS MO. 190
DPTR FM NORMAL 25 [PRESSURE DATA]
TOTAL FM JAN 1 299 HIGHEST SLP 30.53 ON 1
DPTR FM NORMAL 50 LOWEST SLP 29.50 ON 9
[REMARKS]
#FINAL-04-21#