000
CXUS54 KEWX 011010
CF6BAZ
PRELIMINARY LOCAL CLIMATOLOGICAL DATA (WS FORM: F-6)
STATION: NEW BRAUNFELS
MONTH: MARCH
YEAR: 2020
LATITUDE: 29 43 N
LONGITUDE: 98 3 W
TEMPERATURE IN F: :PCPN: SNOW: WIND :SUNSHINE: SKY :PK WND
================================================================================
1 2 3 4 5 6A 6B 7 8 9 10 11 12 13 14 15 16 17 18
12Z AVG MX 2MIN
DY MAX MIN AVG DEP HDD CDD WTR SNW DPTH SPD SPD DIR MIN PSBL S-S WX SPD DR
================================================================================
1 77 54 66 8 0 1 0.00 M M 8.7 18 190 M M 4 26 220
2 78 65 72 14 0 7 0.00 M M 5.9 15 200 M M 7 18 19 180
3 77 60 69 11 0 4 T M M 6.8 20 100 M M 8 128 26 90
4 70 55 63 4 2 0 0.53 M M 13.2 28 30 M M 9 13 36 30
5 76 48 62 3 3 0 T M M 10.0 22 360 M M 1 30 10
6 72 48 60 1 5 0 0.00 M M 10.3 21 60 M M 0 28 50
7 66 45 56 -3 9 0 T M M 7.0 16 160 M M 3 21 150
8 77 43 60 0 5 0 T M M 12.4 25 160 M M 6 12 33 160
9 72 63 68 8 0 3 0.07 M M 8.7 17 190 M M 9 1 23 180
10 81 61 71 11 0 6 0.00 M M 5.3 17 170 M M 8 128 22 170
11 86 65 76 16 0 11 0.00 M M 10.5 20 160 M M 5 18 25 170
12 88 66 77 16 0 12 0.00 M M 11.4 22 150 M M 4 8 28 190
13 86 68 77 16 0 12 0.00 M M 12.7 24 150 M M 9 18 31 160
14 86 67 77 16 0 12 0.00 M M 10.7 21 180 M M 7 18 28 150
15 71 62 67 6 0 2 0.04 M M 10.6 18 50 M M 9 18 25 40
16 76 62 69 7 0 4 T M M 7.3 18 120 M M 9 18 23 130
17 84 66 75 13 0 10 0.02 M M 11.1 30 170 M M 8 138 37 160
18 88 70 79 17 0 14 0.00 M M 14.5 23 140 M M 6 8 42 150
19 83 69 76 14 0 11 0.20 M M 12.1 32 130 M M 7 138 41 150
20 72 53 63 0 2 0 1.04 M M 16.3 35 120 M M 10 138 45 120
21 55 50 53 -10 12 0 0.50 M M 11.5 22 30 M M 10 138 30 30
22 69 55 62 -1 3 0 0.01 M M 4.9 12 40 M M 10 18 15 40
23 84 66 75 11 0 10 T M M 8.4 18 190 M M 9 12 25 180
24 92 65 79 15 0 14 0.00 M M 5.3 14 170 M M 5 18 19 170
25 89 61 75 11 0 10 0.00 M M 5.8 13 170 M M 3 128 21 200
26 89 66 78 14 0 13 0.00 M M 12.1 20 150 M M 5 18 27 150
27 89 67 78 13 0 13 0.00 M M 12.1 25 200 M M 5 18 36 200
28 81 49 65 0 0 0 0.02 M M 8.1 31 330 M M 4 13 38 330
29 80 48 64 -1 1 0 T M M 7.5 17 100 M M 4 25 70
30 73 66 70 5 0 5 0.09 M M 3.9 12 120 M M 10 12 15 130
31 78 54 66 0 0 1 0.00 M M 8.5 21 30 M M 2 12 32 20
================================================================================
SM 2445 1837 42 175 2.52 M 293.6 M 196
================================================================================
AV 78.9 59.3 9.5 FASTST M M 6 MAX(MPH)
MISC ----> # 35 120 # 45 120
================================================================================
NOTES:
# LAST OF SEVERAL OCCURRENCES
COLUMN 17 PEAK WIND IN M.P.H.
PRELIMINARY LOCAL CLIMATOLOGICAL DATA (WS FORM: F-6) , PAGE 2
STATION: NEW BRAUNFELS
MONTH: MARCH
YEAR: 2020
LATITUDE: 29 43 N
LONGITUDE: 98 3 W
[TEMPERATURE DATA] [PRECIPITATION DATA] SYMBOLS USED IN COLUMN 16
AVERAGE MONTHLY: 69.1 TOTAL FOR MONTH: 2.52 1 = FOG OR MIST
DPTR FM NORMAL: 7.4 DPTR FM NORMAL: -0.14 2 = FOG REDUCING VISIBILITY
HIGHEST: 92 ON 24 GRTST 24HR 1.04 ON 20-20 TO 1/4 MILE OR LESS
LOWEST: 43 ON 8 3 = THUNDER
SNOW, ICE PELLETS, HAIL 4 = ICE PELLETS
TOTAL MONTH: M 5 = HAIL
GRTST 24HR M ON M 6 = FREEZING RAIN OR DRIZZLE
GRTST DEPTH: M ON M 7 = DUSTSTORM OR SANDSTORM:
VSBY 1/2 MILE OR LESS
8 = SMOKE OR HAZE
[NO. OF DAYS WITH] [WEATHER - DAYS WITH] 9 = BLOWING SNOW
X = TORNADO
MAX 32 OR BELOW: 0 0.01 INCH OR MORE: 10
MAX 90 OR ABOVE: 1 0.10 INCH OR MORE: 4
MIN 32 OR BELOW: 0 0.50 INCH OR MORE: 3
MIN 0 OR BELOW: 0 1.00 INCH OR MORE: 1
[HDD (BASE 65) ]
TOTAL THIS MO. 42 CLEAR (SCALE 0-3) 4
DPTR FM NORMAL -120 PTCLDY (SCALE 4-7) 16
TOTAL FM JUL 1 1217 CLOUDY (SCALE 8-10) 11
DPTR FM NORMAL -300
[CDD (BASE 65) ]
TOTAL THIS MO. 175
DPTR FM NORMAL 116 [PRESSURE DATA]
TOTAL FM JAN 1 211 HIGHEST SLP 30.53 ON 6
DPTR FM NORMAL 127 LOWEST SLP 29.62 ON 3
[REMARKS]
#FINAL-03-20#