000
CXUS55 KLBF 020448
CF6BBW
PRELIMINARY LOCAL CLIMATOLOGICAL DATA (WS FORM: F-6)
STATION: BROKEN BOW
MONTH: JULY
YEAR: 2021
LATITUDE: 41 26 N
LONGITUDE: 99 39 W
TEMPERATURE IN F: :PCPN: SNOW: WIND :SUNSHINE: SKY :PK WND
================================================================================
1 2 3 4 5 6A 6B 7 8 9 10 11 12 13 14 15 16 17 18
12Z AVG MX 2MIN
DY MAX MIN AVG DEP HDD CDD WTR SNW DPTH SPD SPD DIR MIN PSBL S-S WX SPD DR
================================================================================
1 86 59 73 -1 0 8 0.00 M M 4.6 14 110 M M 2 1 19 130
2 85 55 70 -4 0 5 0.00 M M 5.6 16 180 M M 1 1 25 130
3 90 59 75 1 0 10 0.00 M M 12.3 24 160 M M 2 34 160
4 93 69 81 7 0 16 0.00 M M 8.4 17 180 M M 0 30 180
5 93 63 78 3 0 13 0.00 M M 6.5 17 160 M M 0 1 25 150
6 88 65 77 2 0 12 2.24 M M 6.1 35 270 M M 4 123 45 280
7 80 64 72 -3 0 7 0.00 M M 6.1 10 30 M M 6 15 360
8 91 63 77 2 0 12 0.00 M M 13.5 26 180 M M 1 38 180
9 93 70 82 7 0 17 0.37 M M 10.5 31 130 M M 1 13 47 120
10 79 62 71 -4 0 6 0.03 M M 12.8 35 290 M M 3 13 46 290
11 80 59 70 -5 0 5 0.00 M M 4.5 10 20 M M 4 14 360
12 84 53 69 -6 0 4 0.00 M M 3.8 13 180 M M 0 15 180
13 82 58 70 -6 0 5 0.00 M M 6.0 15 310 M M 0 21 90
14 76 62 69 -7 0 4 0.24 M M 7.8 17 10 M M 5 13 27 140
15 82 62 72 -4 0 7 0.00 M M 6.8 13 110 M M 5 18 120
16 84 67 76 0 0 11 0.00 M M 8.5 15 150 M M 5 1 20 140
17 85 62 74 -2 0 9 1.09 M M 6.6 25 350 M M 2 13 38 310
18 82 68 75 -1 0 10 0.83 M M 7.1 21 180 M M 3 13 26 150
19 82 61 72 -4 0 7 0.00 M M 7.0 13 140 M M 3 17 140
20 81 57 69 -7 0 4 0.00 M M 6.4 16 180 M M 0 23 150
21 83 64 74 -2 0 9 0.00 M M 13.1 26 180 M M 0 38 160
22 87 65 76 0 0 11 0.00 M M 10.1 21 160 M M 0 29 190
23 91 64 78 2 0 13 0.00 M M 8.5 18 190 M M 0 27 170
24 89 66 78 2 0 13 0.02 M M 5.9 22 30 M M M 30 30
25 84 62 73 -3 0 8 0.00 M M 6.8 23 150 M M M 1 31 140
26 89 59 74 -2 0 9 0.00 M M 8.1 21 170 M M 1 28 140
27 93 64 79 3 0 14 0.00 M M 5.2 16 170 M M 0 1 22 160
28 94 68 81 5 0 16 0.00 M M 8.5 20 160 M M 0 8 29 170
29 88 71 80 4 0 15 0.00 M M 8.3 16 70 M M 2 22 60
30 89 70 80 5 0 15 0.00 M M 9.8 22 30 M M 7 1 33 30
31 79 64 72 -3 0 7 0.28 M M 5.6 14 340 M M 5 138 21 340
================================================================================
SM 2662 1955 0 302 5.10 M 240.8 M 62
================================================================================
AV 85.9 63.1 7.8 FASTST M M 2 MAX(MPH)
MISC ----> # 35 270 47 120
================================================================================
NOTES:
# LAST OF SEVERAL OCCURRENCES
COLUMN 17 PEAK WIND IN M.P.H.
PRELIMINARY LOCAL CLIMATOLOGICAL DATA (WS FORM: F-6) , PAGE 2
STATION: BROKEN BOW
MONTH: JULY
YEAR: 2021
LATITUDE: 41 26 N
LONGITUDE: 99 39 W
[TEMPERATURE DATA] [PRECIPITATION DATA] SYMBOLS USED IN COLUMN 16
AVERAGE MONTHLY: 74.5 TOTAL FOR MONTH: 5.10 1 = FOG OR MIST
DPTR FM NORMAL: -0.8 DPTR FM NORMAL: 1.93 2 = FOG REDUCING VISIBILITY
HIGHEST: 94 ON 28 GRTST 24HR 2.24 ON 6- 6 TO 1/4 MILE OR LESS
LOWEST: 53 ON 12 3 = THUNDER
SNOW, ICE PELLETS, HAIL 4 = ICE PELLETS
TOTAL MONTH: M 5 = HAIL
GRTST 24HR M ON M 6 = FREEZING RAIN OR DRIZZLE
GRTST DEPTH: M ON M 7 = DUSTSTORM OR SANDSTORM:
VSBY 1/2 MILE OR LESS
8 = SMOKE OR HAZE
[NO. OF DAYS WITH] [WEATHER - DAYS WITH] 9 = BLOWING SNOW
X = TORNADO
MAX 32 OR BELOW: 0 0.01 INCH OR MORE: 8
MAX 90 OR ABOVE: 8 0.10 INCH OR MORE: 6
MIN 32 OR BELOW: 0 0.50 INCH OR MORE: 3
MIN 0 OR BELOW: 0 1.00 INCH OR MORE: 2
[HDD (BASE 65) ]
TOTAL THIS MO. 0 CLEAR (SCALE 0-3) 20
DPTR FM NORMAL -3 PTCLDY (SCALE 4-7) 9
TOTAL FM JUL 1 0 CLOUDY (SCALE 8-10) 2
DPTR FM NORMAL 0
[CDD (BASE 65) ]
TOTAL THIS MO. 302
DPTR FM NORMAL -20 [PRESSURE DATA]
TOTAL FM JAN 1 584 HIGHEST SLP 30.20 ON 31
DPTR FM NORMAL 27 LOWEST SLP 29.64 ON 9
[REMARKS]
#FINAL-07-21#