000
CXUS53 KLBF 010711
CLMBBW
CLIMATE REPORT
NATIONAL WEATHER SERVICE NORTH PLATTE NE
211 AM CDT MON APR 01 2024
...................................
...THE BROKEN BOW CLIMATE SUMMARY FOR THE MONTH OF MARCH 2024...
CLIMATE NORMAL PERIOD 1991 TO 2020
CLIMATE RECORD PERIOD 1894 TO 2024
WEATHER OBSERVED NORMAL DEPART LAST YEAR`S
VALUE DATE(S) VALUE FROM VALUE DATE(S)
NORMAL
................................................................
TEMPERATURE (F)
RECORD
HIGH 92 03/30/1943
LOW -31 03/03/1960
HIGHEST 75 03/01 76 -1 70 03/15
LOWEST 6 03/08 3 3 10 03/19
AVG. MAXIMUM 53.2 52.5 0.7 44.8
AVG. MINIMUM 24.6 26.5 -1.9 22.6
MEAN 38.9 39.5 -0.6 33.7
DAYS MAX >= 90 0 0.0 0.0 0
DAYS MAX <= 32 2 2.9 -0.9 5
DAYS MIN <= 32 26 24.6 1.4 30
DAYS MIN <= 0 0 0.5 -0.5 0
PRECIPITATION (INCHES)
RECORD
MAXIMUM 5.82 1987
MINIMUM 0.00 1898
TOTALS 0.81 1.16 -0.35 0.22
DAILY AVG. 0.03 0.04 -0.01 0.01
DAYS >= .01 4 6.5 -2.5 4
DAYS >= .10 1 2.6 -1.6 0
DAYS >= .50 1 0.6 0.4 0
DAYS >= 1.00 0 0.1 -0.1 0
GREATEST
24 HR. TOTAL 0.65 03/24 TO 03/24 0.08 03/09 TO 03/09
SNOWFALL (INCHES)
TOTALS MM
SINCE 7/1 MM
SNOWDEPTH AVG. MM
DAYS >= TRACE MM
DAYS >= 1.0 MM
GREATEST
SNOW DEPTH MM
DEGREE DAYS
HEATING TOTAL 804 791 13 962
SINCE 7/1 5129 5532 -403 MM
COOLING TOTAL 0 1 -1 0
SINCE 1/1 0 1 -1 MM
................................................................
WIND (MPH)
AVERAGE WIND SPEED 10.8
HIGHEST WIND SPEED/DIRECTION 45/340 DATE 03/25
HIGHEST GUST SPEED/DIRECTION 63/350 DATE 03/25
AVERAGE RH (PERCENT) 62
WEATHER CONDITIONS. NUMBER OF DAYS WITH
THUNDERSTORM 1 MIXED PRECIP 0
HEAVY RAIN 1 RAIN 1
LIGHT RAIN 3 FREEZING RAIN 1
LT FREEZING RAIN 1 HAIL 0
HEAVY SNOW 2 SNOW 3
LIGHT SNOW 5 SLEET 0
FOG 11 FOG W/VIS <= 1/4 MILE 5
HAZE 3
- INDICATES NEGATIVE NUMBERS.
R INDICATES RECORD WAS SET OR TIED.
MM INDICATES DATA IS MISSING.
T INDICATES TRACE AMOUNT.
$$