000
CXUS51 KBOX 010810
CF6BDL
PRELIMINARY LOCAL CLIMATOLOGICAL DATA (WS FORM: F-6)
STATION: HARTFORD CT
MONTH: OCTOBER
YEAR: 2021
LATITUDE: 41 55 N
LONGITUDE: 72 41 W
TEMPERATURE IN F: :PCPN: SNOW: WIND :SUNSHINE: SKY :PK WND
================================================================================
1 2 3 4 5 6A 6B 7 8 9 10 11 12 13 14 15 16 17 18
12Z AVG MX 2MIN
DY MAX MIN AVG DEP HDD CDD WTR SNW DPTH SPD SPD DIR MIN PSBL S-S WX SPD DR
================================================================================
1 68 40 54 -5 11 0 0.00 0.0 0 4.2 14 300 M M 2 1 19 300
2 76 44 60 2 5 0 0.00 0.0 0 6.0 14 190 M M 4 16 220
3 71 52 62 4 3 0 0.14 0.0 0 2.4 8 180 M M 8 1 9 20
4 61 55 58 1 7 0 1.81 0.0 0 8.6 13 20 M M 10 1 16 360
5 60 52 56 -1 9 0 0.01 0.0 0 6.4 13 360 M M 10 1 16 360
6 73 49 61 4 4 0 0.00 0.0 0 1.6 8 350 M M 5 1 11 30
7 73 48 61 5 4 0 0.00 0.0 0 1.7 8 190 M M 4 12 10 190
8 74 52 63 7 2 0 0.00 0.0 0 4.4 13 90 M M 7 12 17 90
9 66 55 61 5 4 0 0.00 0.0 0 7.4 14 90 M M 9 17 100
10 65 53 59 4 6 0 T 0.0 0 7.3 12 10 M M 10 1 15 10
11 72 53 63 8 2 0 0.00 0.0 0 6.8 14 30 M M 7 1 16 10
12 73 50 62 8 3 0 0.00 0.0 0 4.2 9 150 M M 6 12 12 150
13 68 49 59 5 6 0 0.00 0.0 0 3.1 13 260 M M 7 12 15 270
14 78 52 65 11 0 0 0.00 0.0 0 3.5 14 360 M M 5 1 19 10
15 79 54 67 14 0 2 0.00 0.0 0 4.7 14 160 M M 6 1 16 150
16 76 56 66 13 0 1 0.33 0.0 0 10.9 23 180 M M 8 1 32 190
17 63 50 57 5 8 0 0.02 0.0 0 8.0 20 290 M M 6 27 300
18 59 42 51 -1 14 0 T 0.0 0 8.0 22 320 M M 5 31 320
19 66 40 53 1 12 0 0.00 0.0 0 9.2 24 300 M M 2 34 340
20 77 50 64 13 1 0 0.00 0.0 0 6.0 17 310 M M 5 21 320
21 76 51 64 13 1 0 0.00 0.0 0 6.2 17 220 M M 5 22 210
22 71 51 61 10 4 0 0.00 0.0 0 7.4 16 300 M M 7 1 19 300
23 61 39 50 0 15 0 0.00 0.0 0 5.7 13 300 M M 7 18 280
24 60 36 48 -2 17 0 0.07 0.0 0 4.4 14 220 M M 4 1 18 220
25 52 49 51 1 14 0 0.38 0.0 0 8.7 15 10 M M 10 1 19 10
26 59 48 54 5 11 0 0.99 0.0 0 15.6 24 360 M M 10 1 34 350
27 54 49 52 3 13 0 0.01 0.0 0 15.8 30 10 M M 10 1 42 10
28 57 35 46 -3 19 0 0.00 0.0 0 7.4 15 30 M M 5 19 20
29 54 34 44 -4 21 0 0.01 0.0 0 7.4 16 50 M M 8 12 21 50
30 61 46 54 6 11 0 0.61 0.0 0 7.2 15 20 M M 10 1 18 20
31 68 52 60 12 5 0 0.29 0.0 0 8.4 17 240 M M 7 1 23 220
================================================================================
SM 2071 1486 232 3 4.67 0.0 208.6 M 209
================================================================================
AV 66.8 47.9 6.7 FASTST M M 7 MAX(MPH)
MISC ----> 30 10 42 10
================================================================================
NOTES:
# LAST OF SEVERAL OCCURRENCES
COLUMN 17 PEAK WIND IN M.P.H.
PRELIMINARY LOCAL CLIMATOLOGICAL DATA (WS FORM: F-6) , PAGE 2
STATION: HARTFORD CT
MONTH: OCTOBER
YEAR: 2021
LATITUDE: 41 55 N
LONGITUDE: 72 41 W
[TEMPERATURE DATA] [PRECIPITATION DATA] SYMBOLS USED IN COLUMN 16
AVERAGE MONTHLY: 57.4 TOTAL FOR MONTH: 4.67 1 = FOG OR MIST
DPTR FM NORMAL: 4.4 DPTR FM NORMAL: 0.15 2 = FOG REDUCING VISIBILITY
HIGHEST: 79 ON 15 GRTST 24HR 1.81 ON 4- 4 TO 1/4 MILE OR LESS
LOWEST: 34 ON 29 3 = THUNDER
SNOW, ICE PELLETS, HAIL 4 = ICE PELLETS
TOTAL MONTH: 0.0 INCH 5 = HAIL
GRTST 24HR 0.0 6 = FREEZING RAIN OR DRIZZLE
GRTST DEPTH: 0 7 = DUSTSTORM OR SANDSTORM:
VSBY 1/2 MILE OR LESS
8 = SMOKE OR HAZE
[NO. OF DAYS WITH] [WEATHER - DAYS WITH] 9 = BLOWING SNOW
X = TORNADO
MAX 32 OR BELOW: 0 0.01 INCH OR MORE: 12
MAX 90 OR ABOVE: 0 0.10 INCH OR MORE: 7
MIN 32 OR BELOW: 0 0.50 INCH OR MORE: 3
MIN 0 OR BELOW: 0 1.00 INCH OR MORE: 1
[HDD (BASE 65) ]
TOTAL THIS MO. 232 CLEAR (SCALE 0-3) 2
DPTR FM NORMAL -150 PTCLDY (SCALE 4-7) 21
TOTAL FM JUL 1 279 CLOUDY (SCALE 8-10) 8
DPTR FM NORMAL -203
[CDD (BASE 65) ]
TOTAL THIS MO. 3
DPTR FM NORMAL -5 [PRESSURE DATA]
TOTAL FM JAN 1 931 HIGHEST SLP 30.40 ON 6
DPTR FM NORMAL 112 LOWEST SLP 29.40 ON 31
[REMARKS]
#FINAL-10-21#