000
CXUS51 KOKX 011010
CF6BDR
PRELIMINARY LOCAL CLIMATOLOGICAL DATA (WS FORM: F-6)
STATION: BRIDGEPORT CT
MONTH: DECEMBER
YEAR: 2023
LATITUDE: 41 10 N
LONGITUDE: 73 8 W
TEMPERATURE IN F: :PCPN: SNOW: WIND :SUNSHINE: SKY :PK WND
================================================================================
1 2 3 4 5 6A 6B 7 8 9 10 11 12 13 14 15 16 17 18
12Z AVG MX 2MIN
DY MAX MIN AVG DEP HDD CDD WTR SNW DPTH SPD SPD DIR MIN PSBL S-S WX SPD DR
================================================================================
1 47 39 43 2 22 0 0.30 0.0 0 5.9 18 230 M M 4 1 24 220
2 51 44 48 7 17 0 0.00 0.0 0 4.2 10 220 M M 7 12 16 230
3 48 43 46 6 19 0 0.60 0.0 0 11.2 23 80 M M 10 1 28 90
4 51 38 45 5 20 0 0.00 0.0 0 6.9 16 260 M M 3 1 21 270
5 43 34 39 -1 26 0 0.00 0.0 0 7.1 17 360 M M 6 21 320
6 42 30 36 -4 29 0 T 0.0 0 9.1 17 340 M M 9 25 340
7 38 25 32 -7 33 0 T T 0 5.3 12 260 M M 4 16 290
8 46 29 38 -1 27 0 0.00 0.0 0 3.3 9 180 M M 5 12 200
9 53 35 44 5 21 0 0.00 0.0 0 3.4 12 80 M M 2 1 14 80
10 58 39 49 11 16 0 2.75 0.0 0 10.2 25 210 M M 9 12 33 200
11 54 35 45 7 20 0 0.82 0.0 0 13.1 25 340 M M 8 1 35 350
12 43 34 39 1 26 0 0.00 0.0 0 11.5 20 230 M M 0 25 230
13 46 31 39 1 26 0 0.00 0.0 0 10.3 22 300 M M 0 27 280
14 40 23 32 -5 33 0 0.00 0.0 0 5.8 15 300 M M 0 21 320
15 58 33 46 9 19 0 0.00 0.0 0 6.3 15 300 M M 0 20 300
16 54 32 43 6 22 0 0.00 0.0 0 6.2 18 90 M M 0 22 90
17 53 44 49 12 16 0 0.40 0.0 0 13.6 22 70 M M 10 1 27 80
18 61 42 52 16 13 0 1.87 0.0 0 16.7 36 130 M M 7 1 47 140
19 46 32 39 3 26 0 0.00 0.0 0 10.9 18 320 M M 6 23 320
20 45 29 37 1 28 0 0.00 0.0 0 9.6 20 330 M M 2 27 330
21 41 26 34 -2 31 0 0.00 0.0 0 9.0 21 350 M M 0 28 330
22 35 20 28 -7 37 0 0.00 0.0 0 3.6 7 170 M M 0 10 170
23 40 25 33 -2 32 0 0.00 0.0 0 5.0 8 10 M M 7 10 10
24 46 36 41 6 24 0 0.01 0.0 0 3.4 9 30 M M 9 11 40
25 50 34 42 7 23 0 0.00 0.0 0 3.7 8 90 M M 9 12 10 70
26 45 32 39 5 26 0 0.00 0.0 0 3.0 10 30 M M 9 12 13 30
27 49 40 45 11 20 0 0.09 0.0 0 5.7 15 30 M M 10 1 19 20
28 53 45 49 15 16 0 1.49 0.0 0 11.5 26 60 M M 10 1 35 70
29 50 44 47 13 18 0 0.02 0.0 M 3.7 10 270 M M 9 1 14 270
30 48 36 42 8 23 0 T 0.0 0 7.1 17 290 M M 8 21 310
31 43 27 35 2 30 0 0.00 0.0 0 3.1 13 330 M M 7 17 290
================================================================================
SM 1477 1056 739 0 8.35 T 229.4 M 170
================================================================================
AV 47.6 34.1 7.4 FASTST M M 5 MAX(MPH)
MISC ----> 36 130 47 140
================================================================================
NOTES:
# LAST OF SEVERAL OCCURRENCES
COLUMN 17 PEAK WIND IN M.P.H.
PRELIMINARY LOCAL CLIMATOLOGICAL DATA (WS FORM: F-6) , PAGE 2
STATION: BRIDGEPORT CT
MONTH: DECEMBER
YEAR: 2023
LATITUDE: 41 10 N
LONGITUDE: 73 8 W
[TEMPERATURE DATA] [PRECIPITATION DATA] SYMBOLS USED IN COLUMN 16
AVERAGE MONTHLY: 40.9 TOTAL FOR MONTH: 8.35 1 = FOG OR MIST
DPTR FM NORMAL: 3.9 DPTR FM NORMAL: 4.37 2 = FOG REDUCING VISIBILITY
HIGHEST: 61 ON 18 GRTST 24HR 3.57 ON 10-11 TO 1/4 MILE OR LESS
LOWEST: 20 ON 22 3 = THUNDER
SNOW, ICE PELLETS, HAIL 4 = ICE PELLETS
TOTAL MONTH: T 5 = HAIL
GRTST 24HR T ON 7- 7 6 = FREEZING RAIN OR DRIZZLE
GRTST DEPTH: 0 7 = DUSTSTORM OR SANDSTORM:
VSBY 1/2 MILE OR LESS
8 = SMOKE OR HAZE
[NO. OF DAYS WITH] [WEATHER - DAYS WITH] 9 = BLOWING SNOW
X = TORNADO
MAX 32 OR BELOW: 0 0.01 INCH OR MORE: 10
MAX 90 OR ABOVE: 0 0.10 INCH OR MORE: 7
MIN 32 OR BELOW: 13 0.50 INCH OR MORE: 5
MIN 0 OR BELOW: 0 1.00 INCH OR MORE: 3
[HDD (BASE 65) ]
TOTAL THIS MO. 739 CLEAR (SCALE 0-3) 10
DPTR FM NORMAL -129 PTCLDY (SCALE 4-7) 10
TOTAL FM JUL 1 1641 CLOUDY (SCALE 8-10) 11
DPTR FM NORMAL -125
[CDD (BASE 65) ]
TOTAL THIS MO. 0
DPTR FM NORMAL 0 [PRESSURE DATA]
TOTAL FM JAN 1 913 HIGHEST SLP M ON M
DPTR FM NORMAL -41 LOWEST SLP 28.96 ON 18
[REMARKS]
#FINAL-12-23#