000
CXUS51 KOKX 020034
CLSBDR
CLIMATE REPORT
NATIONAL WEATHER SERVICE NEW YORK, NY
730 PM EST TUE MAR 01 2022
...................................
...THE BRIDGEPORT CT CLIMATE SUMMARY FOR THE SEASON, FROM
12/1/2021 TO 2/28/2022...
CLIMATE NORMAL PERIOD 1991 TO 2020
CLIMATE RECORD PERIOD 1948 TO 2022
WEATHER OBSERVED NORMAL DEPART LAST YEAR`S
VALUE DATE(S) VALUE FROM VALUE
NORMAL
..............................................................
TEMPERATURE (F)
RECORD
HIGH 76 12/07/1998
LOW -7 01/22/1984
HIGHEST 67 02/23 MM MM
LOWEST 6 01/15 MM MM
01/16
AVG. MAXIMUM 41.7 40.9 0.8
AVG. MINIMUM 26.5 26.7 -0.2
MEAN 34.1 33.8 0.3
DAYS MAX >= 90 0 0.0 0.0
DAYS MAX <= 32 14 17.0 -3.0
DAYS MIN <= 32 67 66.1 0.9
DAYS MIN <= 0 0 0.4 -0.4
PRECIPITATION (INCHES)
RECORD
MAXIMUM 19.61 1979
MINIMUM 4.33 1980
TOTALS 8.28 10.28 -2.00 10.00
DAILY AVG. 0.10 0.11 -0.01
DAYS >= .01 24 33.1 -9.1
DAYS >= .10 15 20.3 -5.3
DAYS >= .50 2 7.2 -5.2
DAYS >= 1.00 0 2.2 -2.2
GREATEST
24 HR. TOTAL 1.00 02/03 TO 02/04
STORM TOTAL 0.89
(MM/DD(HH))
SNOWFALL (INCHES)
RECORDS
TOTAL 59.0 2011
24 HR TOTAL MM
TOTALS 25.7 24.7 1.0
LIQUID EQUIV 2.60 2.40 0.20
SINCE 7/1 25.7 25.7 0.0
LIQUID 7/1 2.57
DAYS >= TRACE 20 11.0 9.0
DAYS >= 1.0 4 7.0 -3.0
GREATEST
SNOW DEPTH 10 01/30
01/31
24 HR TOTAL MM
STORM TOTAL 9.6
(MM/DD(HH))
DEGREE DAYS
HEATING TOTAL 2758 2803 -45
SINCE 7/1 3513 3702 -189
COOLING TOTAL 0 0 0
SINCE 1/1 0 0 0
..............................................................
WIND (MPH)
AVERAGE WIND SPEED 9.0
HIGHEST WIND SPEED/DIRECTION 48/080 DATE 01/17
HIGHEST GUST SPEED/DIRECTION 62/090 DATE 01/17
SKY COVER
POSSIBLE SUNSHINE (PERCENT) MM
AVERAGE SKY COVER 0.41
NUMBER OF DAYS FAIR 44
NUMBER OF DAYS PC 24
NUMBER OF DAYS CLOUDY 22
AVERAGE RH (PERCENT) 66
WEATHER CONDITIONS. NUMBER OF DAYS WITH
THUNDERSTORM 1 MIXED PRECIP 0
HEAVY RAIN 7 RAIN 15
LIGHT RAIN 28 FREEZING RAIN 2
LT FREEZING RAIN 4 HAIL 0
HEAVY SNOW 1 SNOW 4
LIGHT SNOW 18 SLEET 0
FOG 35 FOG W/VIS <= 1/4 MILE 10
HAZE 5
- INDICATES NEGATIVE NUMBERS.
R INDICATES RECORD WAS SET OR TIED.
MM INDICATES DATA IS MISSING.
T INDICATES TRACE AMOUNT.
$$