000
CXUS55 KBOU 010735
CF6BDU
PRELIMINARY LOCAL CLIMATOLOGICAL DATA (WS FORM: F-6)
STATION: Boulder Airport
MONTH: JUNE
YEAR: 2020
LATITUDE: 40 2 N
LONGITUDE: 105 14 W
TEMPERATURE IN F: :PCPN: SNOW: WIND :SUNSHINE: SKY :PK WND
================================================================================
1 2 3 4 5 6A 6B 7 8 9 10 11 12 13 14 15 16 17 18
12Z AVG MX 2MIN
DY MAX MIN AVG DEP HDD CDD WTR SNW DPTH SPD SPD DIR MIN PSBL S-S WX SPD DR
================================================================================
1 90 57 74 M 0 9 M M M 3.2 9 160 M M 0 M M
2 88 66 77 M 0 12 M M M 4.2 28 280 M M 1 32 280
3 90 55 73 M 0 8 M M M 3.8 13 330 M M 0 23 280
4 88 63 76 M 0 11 M M M 6.5 17 270 M M 1 3 25 260
5 93 63 78 M 0 13 M M M 3.6 8 180 M M 0 M M
6 84 57 71 M 0 6 M M M 5.4 21 160 M M 2 3 29 160
7 88 54 71 M 0 6 M M M 5.1 10 200 M M 0 20 200
8 75 46 61 M 4 0 M M M 5.6 21 350 M M 4 3 24 350
9 66 43 55 M 10 0 M M M 11.2 20 310 M M 5 33 270
10 77 46 62 M 3 0 M M M 6.2 16 300 M M 1 23 290
11 81 54 68 M 0 3 M M M 5.7 10 60 M M 0 16 240
12 90 57 74 M 0 9 M M M 4.4 12 150 M M 0 22 150
13 84 59 72 M 0 7 M M M 3.6 18 240 M M 2 3 31 240
14 90 64 77 M 0 12 M M M 7.3 13 160 M M 0 18 150
15 90 57 74 M 0 9 M M M 5.0 12 60 M M 0 18 260
16 91 61 76 M 0 11 M M M 4.3 8 50 M M 0 M M
17 91 59 75 M 0 10 M M M 4.0 18 10 M M 0 25 10
18 68 52 60 M 5 0 M M M 5.1 9 220 M M 5 M M
19 64 50 57 M 8 0 M M M 3.3 8 110 M M 5 3 16 160
20 86 46 66 M 0 1 M M M 4.0 12 300 M M 0 24 280
21 79 59 69 M 0 4 M M M 5.9 16 360 M M 1 3 17 230
22 79 54 67 M 0 2 M M M 2.7 8 40 M M 3 M M
23 82 55 69 M 0 4 M M M 3.6 9 360 M M 1 3 M M
24 90 55 73 M 0 8 M M M 3.9 24 230 M M 1 3 33 230
25 90 59 75 M 0 10 M M M 6.7 23 260 M M 0 36 260
26 79 57 68 M 0 3 M M M 3.5 9 230 M M 2 3 M M
27 90 55 73 M 0 8 M M M 8.1 20 280 M M 0 33 280
28 88 61 75 M 0 10 M M M 4.8 15 280 M M 1 3 21 280
29 91 55 73 M 0 8 M M M 3.9 10 260 M M 0 M M
30 81 57 69 M 0 4 0.00 0.0 0 6.7 23 250 M M 3 35 250
================================================================================
SM 2523 1676 30 188 0.00 0.0 151.3 M 38
================================================================================
AV 84.1 55.9 5.0 FASTST M M 1 MAX(MPH)
MISC ----> # 28 280 # 36 260
================================================================================
NOTES:
# LAST OF SEVERAL OCCURRENCES
COLUMN 17 PEAK WIND IN M.P.H.
PRELIMINARY LOCAL CLIMATOLOGICAL DATA (WS FORM: F-6) , PAGE 2
STATION: Boulder Airport
MONTH: JUNE
YEAR: 2020
LATITUDE: 40 2 N
LONGITUDE: 105 14 W
[TEMPERATURE DATA] [PRECIPITATION DATA] SYMBOLS USED IN COLUMN 16
AVERAGE MONTHLY: 70.0 TOTAL FOR MONTH: 0.00 1 = FOG OR MIST
DPTR FM NORMAL: M DPTR FM NORMAL: M 2 = FOG REDUCING VISIBILITY
HIGHEST: 93 ON 5 GRTST 24HR 0.00 ON 30-30 TO 1/4 MILE OR LESS
LOWEST: 43 ON 9 3 = THUNDER
SNOW, ICE PELLETS, HAIL 4 = ICE PELLETS
TOTAL MONTH: 0.0 INCH 5 = HAIL
GRTST 24HR 0.0 6 = FREEZING RAIN OR DRIZZLE
GRTST DEPTH: 0 7 = DUSTSTORM OR SANDSTORM:
VSBY 1/2 MILE OR LESS
8 = SMOKE OR HAZE
[NO. OF DAYS WITH] [WEATHER - DAYS WITH] 9 = BLOWING SNOW
X = TORNADO
MAX 32 OR BELOW: 0 0.01 INCH OR MORE: 0
MAX 90 OR ABOVE: 12 0.10 INCH OR MORE: 0
MIN 32 OR BELOW: 0 0.50 INCH OR MORE: 0
MIN 0 OR BELOW: 0 1.00 INCH OR MORE: 0
[HDD (BASE 65) ]
TOTAL THIS MO. 30 CLEAR (SCALE 0-3) 26
DPTR FM NORMAL M PTCLDY (SCALE 4-7) 4
TOTAL FM JUL 1 5509 CLOUDY (SCALE 8-10) 0
DPTR FM NORMAL M
[CDD (BASE 65) ]
TOTAL THIS MO. 188
DPTR FM NORMAL M [PRESSURE DATA]
TOTAL FM JAN 1 219 HIGHEST SLP M ON M
DPTR FM NORMAL M LOWEST SLP M ON M
[REMARKS]
#FINAL-06-20#