374
CXUS51 KBGM 051306 CCA
CF6BGM
PRELIMINARY LOCAL CLIMATOLOGICAL DATA (WS FORM: F-6)
STATION: BINGHAMTON NY
MONTH: APRIL
YEAR: 2020
LATITUDE: 42 13 N
LONGITUDE: 75 59 W
TEMPERATURE IN F: :PCPN: SNOW: WIND :SUNSHINE: SKY :PK WND
================================================================================
1 2 3 4 5 6A 6B 7 8 9 10 11 12 13 14 15 16 17 18
12Z AVG MX 2MIN
DY MAX MIN AVG DEP HDD CDD WTR SNW DPTH SPD SPD DIR MIN PSBL S-S WX SPD DR
================================================================================
1 46 31 39 0 26 0 0.00 0.0 0 9.0 21 340 M M 6 26 350
2 46 29 38 -1 27 0 0.00 0.0 0 14.4 29 350 M M 4 38 350
3 43 34 39 -1 26 0 0.02 T 0 12.8 23 340 M M 9 1 31 350
4 52 39 46 6 19 0 T 0.0 0 4.8 10 360 M M 10 1 12 340
5 59 38 49 8 16 0 0.01 0.0 0 6.3 17 350 M M 9 21 330
6 55 33 44 3 21 0 0.00 0.0 0 8.4 18 330 M M 4 27 340
7 61 37 49 7 16 0 0.27 0.0 0 5.6 17 340 M M 6 1 22 320
8 56 42 49 7 16 0 0.05 0.0 0 7.8 17 320 M M 7 12 25 330
9 49 31 40 -2 25 0 0.20 0.1 0 11.7 28 330 M M 7 1 41 290
10 37 29 33 -10 32 0 0.10 0.5 T 16.0 25 300 M M 10 12 38 300
11 45 27 36 -7 29 0 0.00 0.0 0 9.8 22 280 M M 2 31 280
12 61 30 46 2 19 0 0.00 0.0 0 9.0 18 170 M M 5 25 160
13 64 40 52 8 13 0 0.45 0.0 0 15.1 26 260 M M 10 138 36 280
14 45 34 40 -4 25 0 0.00 0.0 0 9.7 20 280 M M 6 27 350
15 42 27 35 -10 30 0 0.10 1.4 0 7.8 18 330 M M 7 1 26 280
16 37 24 31 -14 34 0 0.01 0.2 1 9.6 21 300 M M 7 1 28 280
17 39 24 32 -14 33 0 0.52 5.4 0 7.7 17 270 M M 6 12 22 220
18 40 30 35 -11 30 0 0.06 0.3 5 9.1 21 360 M M 8 126 26 360
19 56 32 44 -3 21 0 0.02 0.0 1 13.0 22 240 M M 5 35 220
20 50 29 40 -7 25 0 0.00 0.0 0 6.4 14 360 M M 0 18 320
21 47 27 37 -10 28 0 0.04 0.5 0 12.4 31 290 M M 7 18 47 290
22 36 24 30 -18 35 0 0.02 0.6 1 13.8 25 290 M M 7 1 38 290
23 42 27 35 -13 30 0 0.06 0.1 0 5.7 12 140 M M 6 18 15 280
24 52 36 44 -4 21 0 0.05 0.0 0 6.3 10 70 M M 10 1 13 100
25 58 38 48 -1 17 0 0.00 0.0 0 3.7 10 220 M M 8 13 130
26 51 32 42 -7 23 0 0.85 0.9 0 10.4 16 80 M M 9 1 25 90
27 42 33 38 -12 27 0 0.07 T T 11.0 17 350 M M 10 1 22 30
28 57 29 43 -7 22 0 0.00 0.0 0 3.9 9 40 M M 6 12 11 40
29 60 39 50 0 15 0 T 0.0 0 17.3 29 150 M M 4 41 140
30 58 47 53 2 12 0 1.60 0.0 0 18.0 30 150 M M 10 1 43 140
================================================================================
SM 1486 972 713 0 4.50 10.0 296.5 M 205
================================================================================
AV 49.5 32.4 9.9 FASTST M M 7 MAX(MPH)
MISC ----> # 31 290 # 47 290
================================================================================
NOTES:
# LAST OF SEVERAL OCCURRENCES
COLUMN 17 PEAK WIND IN M.P.H.
PRELIMINARY LOCAL CLIMATOLOGICAL DATA (WS FORM: F-6) , PAGE 2
STATION: BINGHAMTON NY
MONTH: APRIL
YEAR: 2020
LATITUDE: 42 13 N
LONGITUDE: 75 59 W
[TEMPERATURE DATA] [PRECIPITATION DATA] SYMBOLS USED IN COLUMN 16
AVERAGE MONTHLY: 41.0 TOTAL FOR MONTH: 4.50 1 = FOG OR MIST
DPTR FM NORMAL: -4.1 DPTR FM NORMAL: 1.07 2 = FOG REDUCING VISIBILITY
HIGHEST: 64 ON 13 GRTST 24HR 1.60 ON 30-30 TO 1/4 MILE OR LESS
LOWEST: 24 ON 22,17 3 = THUNDER
SNOW, ICE PELLETS, HAIL 4 = ICE PELLETS
TOTAL MONTH: 10.0 INCHES 5 = HAIL
GRTST 24HR 5.7 ON 17-18 6 = FREEZING RAIN OR DRIZZLE
GRTST DEPTH: 5 ON 18 7 = DUSTSTORM OR SANDSTORM:
VSBY 1/2 MILE OR LESS
8 = SMOKE OR HAZE
[NO. OF DAYS WITH] [WEATHER - DAYS WITH] 9 = BLOWING SNOW
X = TORNADO
MAX 32 OR BELOW: 0 0.01 INCH OR MORE: 19
MAX 90 OR ABOVE: 0 0.10 INCH OR MORE: 8
MIN 32 OR BELOW: 17 0.50 INCH OR MORE: 3
MIN 0 OR BELOW: 0 1.00 INCH OR MORE: 1
[HDD (BASE 65) ]
TOTAL THIS MO. 713 CLEAR (SCALE 0-3) 2
DPTR FM NORMAL 110 PTCLDY (SCALE 4-7) 18
TOTAL FM JUL 1 6446 CLOUDY (SCALE 8-10) 10
DPTR FM NORMAL -353
[CDD (BASE 65) ]
TOTAL THIS MO. 0
DPTR FM NORMAL -4 [PRESSURE DATA]
TOTAL FM JAN 1 0 HIGHEST SLP 30.25 ON 17
DPTR FM NORMAL -4 LOWEST SLP 29.19 ON 9
[REMARKS]
#FINAL-04-20#
CORRECTED SNOWFALL ON DAY 09 FROM 0.2" TO 0.1"
8TH COLDEST APRIL
12TH WETTEST AND SNOWIEST APRIL