000
CXUS51 KBGM 031144
CLSBGM
CLIMATE REPORT
NATIONAL WEATHER SERVICE BINGHAMTON NY
624 AM EST TUE MAR 3 2020
...................................
...THE BINGHAMTON NY CLIMATE SUMMARY FOR THE SEASON, FROM
12/1/2019 TO 2/29/2020...
CLIMATE NORMAL PERIOD 1981 TO 2010
CLIMATE RECORD PERIOD 1951 TO 2020
WEATHER OBSERVED NORMAL DEPART LAST YEAR`S
VALUE DATE(S) VALUE FROM VALUE DATE(S)
NORMAL
................................................................
TEMPERATURE (F)
RECORD
HIGH 70 02/24/2017
LOW -20 01/15/1957
HIGHEST 62 01/11 31 31 59 12/21
LOWEST -2 02/15 18 -20 -10 01/31
AVG. MAXIMUM 34.6 31.3 3.3 32.0
AVG. MINIMUM 21.5 18.1 3.4 18.5
MEAN 28.0 24.7 3.3 25.2
DAYS MAX >= 90 0 0.0 0.0 0
DAYS MAX <= 32 41 48.6 -7.6 52
DAYS MIN <= 32 83 80.9 2.1 84
DAYS MIN <= 0 2 5.2 -3.2 6
PRECIPITATION (INCHES)
RECORD
MAXIMUM 12.16 1977
MINIMUM 3.99 1979
TOTALS 10.00 7.59 2.41 8.94
DAILY AVG. 0.11 0.08 0.03 0.10
DAYS >= .01 49 44.3 4.7 50
DAYS >= .10 21 18.4 2.6 24
DAYS >= .50 6 3.9 2.1 5
DAYS >= 1.00 2 0.7 1.3 1
GREATEST
24 HR. TOTAL 1.28 01/25 TO 01/25
SNOWFALL (INCHES)
RECORDS
TOTAL 90.3 1977
24 HR TOTAL 21.0 02/19/1972 TO 02/19/1972
SNOW DEPTH 33 12/28/1969
TOTALS 58.0 57.1 0.9 46.0
SINCE 7/1 64.6 63.9 0.7 72.2
SNOWDEPTH AVG. 3 4 -1 3
DAYS >= TRACE 59 43.6 15.4 57
DAYS >= 1.0 19 16.7 2.3 18
GREATEST
SNOW DEPTH 10 02/09 14 01/20
02/08
02/07
24 HR TOTAL 10.3 12/01 TO 12/02
DEGREE_DAYS
HEATING TOTAL 3339 3624 -285 3557
SINCE 7/1 4912 5236 -324 5189
COOLING TOTAL 0 0 0 0
SINCE 1/1 0 0 0 0
FREEZE DATES
RECORD
EARLIEST 09/20/1993
LATEST 05/25/1956
EARLIEST 10/08
LATEST 05/02
.................................................................
WIND (MPH)
AVERAGE WIND SPEED 8.8
RESULTANT WIND SPEED/DIRECTION 3/265
HIGHEST WIND SPEED/DIRECTION 33/280 DATE 02/27
HIGHEST GUST SPEED/DIRECTION 52/280 DATE 01/12
SKY COVER
POSSIBLE SUNSHINE (PERCENT) MM
AVERAGE SKY COVER 0.70
NUMBER OF DAYS FAIR 21
NUMBER OF DAYS PC 22
NUMBER OF DAYS CLOUDY 48
AVERAGE RH (PERCENT) 75
WEATHER CONDITIONS. NUMBER OF DAYS WITH
THUNDERSTORM 1 MIXED PRECIP 0
HEAVY RAIN 4 RAIN 9
LIGHT RAIN 22 FREEZING RAIN 5
LT FREEZING RAIN 11 HAIL 0
HEAVY SNOW 8 SNOW 16
LIGHT SNOW 55 SLEET 0
FOG 67 FOG W/VIS <= 1/4 MILE 26
HAZE 31
- INDICATES NEGATIVE NUMBERS.
R INDICATES RECORD WAS SET OR TIED.
MM INDICATES DATA IS MISSING.
T INDICATES TRACE AMOUNT.
&&
8TH WARMEST DECEMBER TO FEBRUARY
$$
TAC