000
CXUS55 KBYZ 281000
CF6BIL
PRELIMINARY LOCAL CLIMATOLOGICAL DATA (WS FORM: F-6)
STATION: BILLINGS MT
MONTH: MARCH
YEAR: 2024
LATITUDE: 45 47 N
LONGITUDE: 108 32 W
TEMPERATURE IN F: :PCPN: SNOW: WIND :SUNSHINE: SKY :PK WND
================================================================================
1 2 3 4 5 6A 6B 7 8 9 10 11 12 13 14 15 16 17 18
12Z AVG MX 2MIN
DY MAX MIN AVG DEP HDD CDD WTR SNW DPTH SPD SPD DIR MIN PSBL S-S WX SPD DR
================================================================================
1 48 34 41 8 24 0 0.04 T 0 8.4 31 330 M M 8 1 42 330
2 47 31 39 6 26 0 0.10 0.0 0 6.5 21 290 M M 9 1 25 280
3 39 16 28 -6 37 0 0.01 0.3 T 9.0 24 310 M M 7 1 32 300
4 33 11 22 -12 43 0 T T 0 7.4 15 50 M M 7 1 17 40
5 39 20 30 -4 35 0 T T 0 9.4 18 320 M M 8 23 310
6 40 21 31 -4 34 0 0.00 0.0 0 9.5 18 60 M M 5 24 330
7 43 16 30 -5 35 0 0.00 0.0 0 6.4 17 300 M M 3 25 300
8 48 21 35 0 30 0 0.00 0.0 0 12.2 20 240 M M 1 27 240
9 61 34 48 12 17 0 0.00 0.0 0 17.8 24 240 M M 2 34 240
10 63 37 50 14 15 0 0.00 0.0 0 11.1 21 220 M M 4 30 210
11 55 36 46 10 19 0 0.00 0.0 0 6.7 17 270 M M 6 24 280
12 56 34 45 8 20 0 0.02 0.0 0 9.7 26 280 M M 8 32 290
13 46 34 40 3 25 0 T 0.0 0 9.4 18 20 M M 9 23 30
14 47 32 40 2 25 0 0.00 0.0 0 5.6 12 60 M M 6 16 70
15 59 25 42 4 23 0 0.00 0.0 0 10.3 24 240 M M 3 32 240
16 53 39 46 8 19 0 0.00 0.0 0 4.9 10 50 M M 8 14 50
17 52 35 44 6 21 0 0.00 0.0 0 4.7 12 50 M M 6 16 30
18 71 29 50 11 15 0 0.00 0.0 0 13.4 29 240 M M 1 37 300
19 66 33 50 11 15 0 0.00 0.0 0 14.8 24 60 M M 1 31 60
20 56 25 41 1 24 0 T 0.0 0 9.1 22 40 M M 4 27 30
21 46 22 34 -6 31 0 0.07 1.2 0 9.7 25 50 M M 8 1 31 50
22 31 23 27 -13 38 0 0.04 0.6 T 10.3 17 60 M M 10 1 22 60
23 30 24 27 -13 38 0 T T 0 10.2 18 50 M M 10 126 25 50
24 25 18 22 -19 43 0 0.09 1.4 T 10.6 21 30 M M 10 168 26 30
25 27 15 21 -20 44 0 T 0.2 T 6.9 12 80 M M 8 1 18 120
26 40 17 29 -12 36 0 0.02 0.8 0 4.6 13 60 M M 8 1 15 80
27 53 26 40 -1 25 0 0.00 0.0 0 10.5 24 280 M M 5 36 290
================================================================================
SM 1274 708 757 0 0.39 4.5 249.1 M 165
================================================================================
AV 47.2 26.2 9.2 FASTST M M 6 MAX(MPH)
MISC ----> 31 330 42 330
================================================================================
NOTES:
# LAST OF SEVERAL OCCURRENCES
COLUMN 17 PEAK WIND IN M.P.H.
PRELIMINARY LOCAL CLIMATOLOGICAL DATA (WS FORM: F-6) , PAGE 2
STATION: BILLINGS MT
MONTH: MARCH
YEAR: 2024
LATITUDE: 45 47 N
LONGITUDE: 108 32 W
[TEMPERATURE DATA] [PRECIPITATION DATA] SYMBOLS USED IN COLUMN 16
AVERAGE MONTHLY: 36.7 TOTAL FOR MONTH: 0.39 1 = FOG OR MIST
DPTR FM NORMAL: -0.7 DPTR FM NORMAL: -0.34 2 = FOG REDUCING VISIBILITY
HIGHEST: 71 ON 18 GRTST 24HR 0.11 ON 2- 3 TO 1/4 MILE OR LESS
LOWEST: 11 ON 4 3 = THUNDER
SNOW, ICE PELLETS, HAIL 4 = ICE PELLETS
TOTAL MONTH: 4.5 INCHES 5 = HAIL
GRTST 24HR 1.4 ON 24-24 6 = FREEZING RAIN OR DRIZZLE
GRTST DEPTH: T 7 = DUSTSTORM OR SANDSTORM:
VSBY 1/2 MILE OR LESS
8 = SMOKE OR HAZE
[NO. OF DAYS WITH] [WEATHER - DAYS WITH] 9 = BLOWING SNOW
X = TORNADO
MAX 32 OR BELOW: 4 0.01 INCH OR MORE: 8
MAX 90 OR ABOVE: 0 0.10 INCH OR MORE: 1
MIN 32 OR BELOW: 18 0.50 INCH OR MORE: 0
MIN 0 OR BELOW: 0 1.00 INCH OR MORE: 0
[HDD (BASE 65) ]
TOTAL THIS MO. 757 CLEAR (SCALE 0-3) 6
DPTR FM NORMAL 9 PTCLDY (SCALE 4-7) 12
TOTAL FM JUL 1 5132 CLOUDY (SCALE 8-10) 9
DPTR FM NORMAL -551
[CDD (BASE 65) ]
TOTAL THIS MO. 0
DPTR FM NORMAL 0 [PRESSURE DATA]
TOTAL FM JAN 1 0 HIGHEST SLP M ON M
DPTR FM NORMAL 0 LOWEST SLP 29.29 ON 2
[REMARKS]