000
CXUS56 KBOI 011002
CF6BKE
PRELIMINARY LOCAL CLIMATOLOGICAL DATA (WS FORM: F-6)
STATION: BAKER OR
MONTH: JUNE
YEAR: 2020
LATITUDE: 44 50 N
LONGITUDE: 117 49 W
TEMPERATURE IN F: :PCPN: SNOW: WIND :SUNSHINE: SKY :PK WND
================================================================================
1 2 3 4 5 6A 6B 7 8 9 10 11 12 13 14 15 16 17 18
12Z AVG MX 2MIN
DY MAX MIN AVG DEP HDD CDD WTR SNW DPTH SPD SPD DIR MIN PSBL S-S WX SPD DR
================================================================================
1 72 49 61 6 4 0 T M M 4.2 9 60 M M 6 12 60
2 84 39 62 7 3 0 0.00 M M 4.1 18 340 M M 1 12 22 330
3 76 45 61 6 4 0 0.00 M M 6.5 14 320 M M 0 17 320
4 74 44 59 4 6 0 0.00 M M 5.8 16 340 M M 0 20 340
5 87 45 66 10 0 1 0.01 M M 9.3 32 340 M M 3 38 39 340
6 65 45 55 -1 10 0 T M M 11.9 23 340 M M 7 28 340
7 50 42 46 -10 19 0 T M M 5.0 15 360 M M 10 20 340
8 64 41 53 -3 12 0 0.00 M M 8.0 20 340 M M 4 8 27 330
9 68 44 56 0 9 0 0.11 M M 2.0 17 350 M M 8 12 21 350
10 80 42 61 4 4 0 0.09 M M 4.3 18 180 M M 5 123 24 180
11 87 45 66 9 0 1 0.00 M M 6.2 18 340 M M 0 12 26 140
12 86 50 68 11 0 3 0.00 M M 8.3 28 350 M M 0 36 350
13 61 42 52 -5 13 0 0.10 M M 9.9 29 340 M M 9 1 37 340
14 63 38 51 -7 14 0 0.14 M M 4.6 20 360 M M 4 12 27 360
15 63 44 54 -4 11 0 0.03 M M 7.4 17 10 M M 9 22 150
16 61 45 53 -5 12 0 T M M 10.2 22 310 M M 7 27 320
17 69 44 57 -1 8 0 0.00 M M 10.5 21 350 M M 1 27 350
18 77 38 58 0 7 0 0.00 M M 3.0 10 320 M M 2 12 14 300
19 83 41 62 3 3 0 0.00 M M 2.3 13 50 M M 1 12 17 60
20 81 50 66 7 0 1 T M M 4.8 22 330 M M 6 29 340
21 79 53 66 7 0 1 0.00 M M 5.3 14 340 M M 3 17 320
22 86 45 66 6 0 1 0.00 M M 5.2 14 350 M M 0 8 17 340
23 93 48 71 11 0 6 0.00 M M 3.2 15 330 M M 0 8 18 320
24 89 54 72 12 0 7 0.00 M M 8.6 23 340 M M 0 30 340
25 88 50 69 9 0 4 0.00 M M 7.6 14 320 M M 0 18 310
26 93 48 71 11 0 6 0.00 M M 4.4 10 320 M M 0 128 14 300
27 83 51 67 6 0 2 0.00 M M 9.5 25 350 M M 1 32 350
28 64 49 57 -4 8 0 T M M 13.5 26 330 M M 5 34 340
29 66 50 58 -3 7 0 0.03 M M 12.4 26 340 M M 9 37 330
30 75 43 59 -3 6 0 0.00 M M 4.6 18 350 M M 5 128 23 340
================================================================================
SM 2267 1364 160 33 0.51 M 202.6 M 106
================================================================================
AV 75.6 45.5 6.8 FASTST M M 4 MAX(MPH)
MISC ----> 32 340 39 340
================================================================================
NOTES:
# LAST OF SEVERAL OCCURRENCES
COLUMN 17 PEAK WIND IN M.P.H.
PRELIMINARY LOCAL CLIMATOLOGICAL DATA (WS FORM: F-6) , PAGE 2
STATION: BAKER OR
MONTH: JUNE
YEAR: 2020
LATITUDE: 44 50 N
LONGITUDE: 117 49 W
[TEMPERATURE DATA] [PRECIPITATION DATA] SYMBOLS USED IN COLUMN 16
AVERAGE MONTHLY: 60.5 TOTAL FOR MONTH: 0.51 1 = FOG OR MIST
DPTR FM NORMAL: 2.5 DPTR FM NORMAL: -0.67 2 = FOG REDUCING VISIBILITY
HIGHEST: 93 ON 26,23 GRTST 24HR 0.20 ON 13-14 TO 1/4 MILE OR LESS
LOWEST: 38 ON 18,14 3 = THUNDER
SNOW, ICE PELLETS, HAIL 4 = ICE PELLETS
TOTAL MONTH: M 5 = HAIL
GRTST 24HR M ON M 6 = FREEZING RAIN OR DRIZZLE
GRTST DEPTH: M ON M 7 = DUSTSTORM OR SANDSTORM:
VSBY 1/2 MILE OR LESS
8 = SMOKE OR HAZE
[NO. OF DAYS WITH] [WEATHER - DAYS WITH] 9 = BLOWING SNOW
X = TORNADO
MAX 32 OR BELOW: 0 0.01 INCH OR MORE: 7
MAX 90 OR ABOVE: 2 0.10 INCH OR MORE: 3
MIN 32 OR BELOW: 0 0.50 INCH OR MORE: 0
MIN 0 OR BELOW: 0 1.00 INCH OR MORE: 0
[HDD (BASE 65) ]
TOTAL THIS MO. 160 CLEAR (SCALE 0-3) 16
DPTR FM NORMAL -66 PTCLDY (SCALE 4-7) 10
TOTAL FM JUL 1 6603 CLOUDY (SCALE 8-10) 4
DPTR FM NORMAL -1069
[CDD (BASE 65) ]
TOTAL THIS MO. 33
DPTR FM NORMAL 17 [PRESSURE DATA]
TOTAL FM JAN 1 52 HIGHEST SLP 30.25 ON 9
DPTR FM NORMAL 34 LOWEST SLP 29.48 ON 5
[REMARKS]
#FINAL-06-20#