000
CXUS51 KRNK 010715
CF6BLF
PRELIMINARY LOCAL CLIMATOLOGICAL DATA (WS FORM: F-6)
STATION: BLUEFIELD WV
MONTH: MAY
YEAR: 2023
LATITUDE: 37 17 N
LONGITUDE: 81 12 W
TEMPERATURE IN F: :PCPN: SNOW: WIND :SUNSHINE: SKY :PK WND
================================================================================
1 2 3 4 5 6A 6B 7 8 9 10 11 12 13 14 15 16 17 18
12Z AVG MX 2MIN
DY MAX MIN AVG DEP HDD CDD WTR SNW DPTH SPD SPD DIR MIN PSBL S-S WX SPD DR
================================================================================
1 47 37 42 -15 23 0 0.16 0.0 0 16.8 29 260 M M 10 1 43 280
2 55 38 47 -11 18 0 T 0.0 0 15.8 28 260 M M 6 39 250
3 46 35 41 -17 24 0 0.04 T 0 12.1 24 300 M M 8 4 32 280
4 59 35 47 -11 18 0 0.00 0.0 0 5.9 15 270 M M 4 28 300
5 69 38 54 -4 11 0 0.00 0.0 0 2.6 12 260 M M 1 18 280
6 72 46 59 1 6 0 0.00 0.0 0 3.3 10 240 M M 3 14 240
7 67 53 60 2 5 0 0.19 0.0 0 9.5 22 270 M M 3 13 32 240
8 72 54 63 4 2 0 0.00 0.0 0 7.4 16 260 M M 4 21 270
9 71 51 61 2 4 0 0.39 0.0 0 6.7 18 260 M M 6 13 32 240
10 74 48 61 2 4 0 0.00 0.0 0 2.6 9 220 M M 1 12 10
11 78 53 66 7 0 1 0.00 0.0 0 3.1 13 260 M M 1 16 10
12 75 58 67 7 0 2 0.19 0.0 0 3.5 10 250 M M 6 1 16 190
13 73 60 67 7 0 2 0.20 0.0 0 6.6 15 310 M M 7 1 21 310
14 69 58 64 4 1 0 0.31 0.0 0 2.2 7 120 M M 9 1 10 90
15 61 56 59 -1 6 0 0.33 0.0 0 2.6 10 170 M M 8 1 14 180
16 67 57 62 2 3 0 1.00 0.0 0 6.5 20 250 M M 9 13 31 230
17 67 49 58 -2 7 0 0.02 0.0 0 6.0 13 290 M M 3 1 19 300
18 66 47 57 -4 8 0 0.00 0.0 0 6.1 14 200 M M 5 1 25 110
19 68 50 59 -2 6 0 0.00 0.0 0 5.4 13 150 M M 2 23 140
20 68 52 60 -1 5 0 0.14 0.0 0 6.6 15 240 M M 7 1 20 270
21 68 48 58 -3 7 0 0.00 0.0 0 2.5 10 310 M M 3 1 14 20
22 70 46 58 -3 7 0 0.00 0.0 0 4.1 13 140 M M 1 21 140
23 65 53 59 -3 6 0 0.00 0.0 0 4.5 13 150 M M 0 25 120
24 71 46 59 -3 6 0 0.00 0.0 0 3.2 13 10 M M 1 20 360
25 69 50 60 -2 5 0 0.15 0.0 0 3.6 12 20 M M 5 1 17 150
26 65 50 58 -4 7 0 0.00 0.0 0 4.8 10 120 M M 4 17 110
27 61 45 53 -9 12 0 0.01 0.0 0 6.1 14 80 M M 4 27 80
28 53 47 50 -13 15 0 1.51 0.0 0 4.8 12 90 M M 10 13 18 100
29 65 51 58 -5 7 0 2.94 0.0 0 3.7 12 270 M M 10 123 15 10
30 70 56 63 0 2 0 0.05 0.0 0 3.7 12 100 M M 9 12 22 150
31 70 56 63 -1 2 0 0.01 0.0 0 4.5 9 130 M M 7 1 15 120
================================================================================
SM 2051 1523 227 5 7.64 T 176.8 M 157
================================================================================
AV 66.2 49.1 5.7 FASTST M M 5 MAX(MPH)
MISC ----> 29 260 43 280
================================================================================
NOTES:
# LAST OF SEVERAL OCCURRENCES
COLUMN 17 PEAK WIND IN M.P.H.
PRELIMINARY LOCAL CLIMATOLOGICAL DATA (WS FORM: F-6) , PAGE 2
STATION: BLUEFIELD WV
MONTH: MAY
YEAR: 2023
LATITUDE: 37 17 N
LONGITUDE: 81 12 W
[TEMPERATURE DATA] [PRECIPITATION DATA] SYMBOLS USED IN COLUMN 16
AVERAGE MONTHLY: 57.6 TOTAL FOR MONTH: 7.64 1 = FOG OR MIST
DPTR FM NORMAL: -2.7 DPTR FM NORMAL: 3.03 2 = FOG REDUCING VISIBILITY
HIGHEST: 78 ON 11 GRTST 24HR 4.17 ON 28-29 TO 1/4 MILE OR LESS
LOWEST: 35 ON 4, 3 3 = THUNDER
SNOW, ICE PELLETS, HAIL 4 = ICE PELLETS
TOTAL MONTH: T 5 = HAIL
GRTST 24HR T ON 3- 3 6 = FREEZING RAIN OR DRIZZLE
GRTST DEPTH: 0 7 = DUSTSTORM OR SANDSTORM:
VSBY 1/2 MILE OR LESS
8 = SMOKE OR HAZE
[NO. OF DAYS WITH] [WEATHER - DAYS WITH] 9 = BLOWING SNOW
X = TORNADO
MAX 32 OR BELOW: 0 0.01 INCH OR MORE: 17
MAX 90 OR ABOVE: 0 0.10 INCH OR MORE: 12
MIN 32 OR BELOW: 0 0.50 INCH OR MORE: 3
MIN 0 OR BELOW: 0 1.00 INCH OR MORE: 3
[HDD (BASE 65) ]
TOTAL THIS MO. 227 CLEAR (SCALE 0-3) 10
DPTR FM NORMAL 45 PTCLDY (SCALE 4-7) 13
TOTAL FM JUL 1 4747 CLOUDY (SCALE 8-10) 8
DPTR FM NORMAL -432
[CDD (BASE 65) ]
TOTAL THIS MO. 5
DPTR FM NORMAL -31 [PRESSURE DATA]
TOTAL FM JAN 1 15 HIGHEST SLP M ON M
DPTR FM NORMAL -32 LOWEST SLP 29.47 ON 1
[REMARKS]
#FINAL-05-23#