000
CXUS55 KSEW 010930
CF6BLI
PRELIMINARY LOCAL CLIMATOLOGICAL DATA (WS FORM: F-6)
STATION: BELLINGHAM WA AIRPORT
MONTH: MARCH
YEAR: 2022
LATITUDE: 48 47 N
LONGITUDE: 122 32 W
TEMPERATURE IN F: :PCPN: SNOW: WIND :SUNSHINE: SKY :PK WND
================================================================================
1 2 3 4 5 6A 6B 7 8 9 10 11 12 13 14 15 16 17 18
12Z AVG MX 2MIN
DY MAX MIN AVG DEP HDD CDD WTR SNW DPTH SPD SPD DIR MIN PSBL S-S WX SPD DR
================================================================================
1 57 44 51 8 14 0 0.09 M M 7.9 17 160 M M 8 1 26 170
2 52 43 48 5 17 0 0.11 M M 5.2 14 160 M M 10 1 19 160
3 50 39 45 2 20 0 0.01 M M 3.5 10 180 M M 6 1 15 200
4 51 36 44 1 21 0 0.00 M M 3.4 12 320 M M 5 12 22 330
5 53 31 42 -2 23 0 0.00 M M 2.4 13 320 M M 4 12 21 330
6 52 34 43 -1 22 0 0.00 M M 2.0 10 300 M M 3 12 14 300
7 49 36 43 -1 22 0 0.00 M M 8.5 13 180 M M 5 22 180
8 55 40 48 4 17 0 T M M 8.4 23 50 M M 5 1 39 60
9 48 27 38 -6 27 0 0.00 M M 12.4 30 60 M M 0 43 50
10 45 27 36 -8 29 0 T M M 3.3 12 180 M M 4 16 200
11 45 36 41 -3 24 0 0.02 M M 4.3 10 40 M M 10 1 12 20
12 51 39 45 1 20 0 0.26 M M 7.4 29 170 M M 8 1 44 160
13 55 41 48 3 17 0 0.09 M M 9.5 20 170 M M 9 1 30 150
14 51 44 48 3 17 0 0.36 M M 15.9 26 160 M M 10 1 42 170
15 51 45 48 3 17 0 0.18 M M 7.8 16 180 M M 8 1 24 170
16 52 41 47 2 18 0 0.00 M M 5.9 13 190 M M 4 21 190
17 47 42 45 0 20 0 0.78 M M 4.1 12 140 M M 10 1 16 140
18 53 42 48 2 17 0 0.12 M M 6.9 16 170 M M 10 1 26 170
19 52 42 47 1 18 0 0.09 M M 7.1 16 160 M M 7 1 24 150
20 47 39 43 -3 22 0 0.07 M M 11.1 21 160 M M 9 31 150
21 48 41 45 -1 20 0 0.47 M M 7.0 20 160 M M 10 1 26 160
22 56 45 51 5 14 0 0.14 M M 5.6 12 40 M M 9 1 15 350
23 51 41 46 0 19 0 0.20 M M 5.3 14 180 M M 8 1 21 190
24 59 34 47 1 18 0 0.00 M M 4.8 14 20 M M 1 12 19 40
25 56 39 48 2 17 0 0.00 M M 1.5 7 150 M M 6 9 280
26 55 44 50 3 15 0 0.01 M M 6.6 13 30 M M 10 18 40
27 60 48 54 7 11 0 T M M 4.2 10 70 M M 8 16 30
28 55 43 49 2 16 0 0.14 M M 2.0 9 160 M M 8 1 12 160
29 57 38 48 1 17 0 0.02 M M 4.5 15 180 M M 6 1 24 190
30 54 43 49 2 16 0 0.11 M M 7.3 15 170 M M 7 1 25 180
31 53 42 48 1 17 0 0.07 M M 5.9 10 140 M M 6 1 15 180
================================================================================
SM 1620 1226 582 0 3.34 M 191.7 M 214
================================================================================
AV 52.3 39.5 6.2 FASTST M M 7 MAX(MPH)
MISC ----> 30 60 44 160
================================================================================
NOTES:
# LAST OF SEVERAL OCCURRENCES
COLUMN 17 PEAK WIND IN M.P.H.
PRELIMINARY LOCAL CLIMATOLOGICAL DATA (WS FORM: F-6) , PAGE 2
STATION: BELLINGHAM WA AIRPORT
MONTH: MARCH
YEAR: 2022
LATITUDE: 48 47 N
LONGITUDE: 122 32 W
[TEMPERATURE DATA] [PRECIPITATION DATA] SYMBOLS USED IN COLUMN 16
AVERAGE MONTHLY: 45.9 TOTAL FOR MONTH: 3.34 1 = FOG OR MIST
DPTR FM NORMAL: 0.8 DPTR FM NORMAL: -0.02 2 = FOG REDUCING VISIBILITY
HIGHEST: 60 ON 27 GRTST 24HR 0.79 ON 17-18 TO 1/4 MILE OR LESS
LOWEST: 27 ON 9,10 3 = THUNDER
SNOW, ICE PELLETS, HAIL 4 = ICE PELLETS
TOTAL MONTH: M 5 = HAIL
GRTST 24HR M ON M 6 = FREEZING RAIN OR DRIZZLE
GRTST DEPTH: M ON M 7 = DUSTSTORM OR SANDSTORM:
VSBY 1/2 MILE OR LESS
8 = SMOKE OR HAZE
[NO. OF DAYS WITH] [WEATHER - DAYS WITH] 9 = BLOWING SNOW
X = TORNADO
MAX 32 OR BELOW: 0 0.01 INCH OR MORE: 20
MAX 90 OR ABOVE: 0 0.10 INCH OR MORE: 11
MIN 32 OR BELOW: 3 0.50 INCH OR MORE: 1
MIN 0 OR BELOW: 0 1.00 INCH OR MORE: 0
[HDD (BASE 65) ]
TOTAL THIS MO. 582 CLEAR (SCALE 0-3) 2
DPTR FM NORMAL -33 PTCLDY (SCALE 4-7) 16
TOTAL FM JUL 1 4192 CLOUDY (SCALE 8-10) 13
DPTR FM NORMAL 4
[CDD (BASE 65) ]
TOTAL THIS MO. 0
DPTR FM NORMAL 0 [PRESSURE DATA]
TOTAL FM JAN 1 0 HIGHEST SLP M ON M
DPTR FM NORMAL 0 LOWEST SLP 29.66 ON 27
[REMARKS]
#FINAL-03-22#