000
CXUS56 KBOI 011002
CF6BNO
PRELIMINARY LOCAL CLIMATOLOGICAL DATA (WS FORM: F-6)
STATION: BURNS OR
MONTH: AUGUST
YEAR: 2022
LATITUDE: 43 34 N
LONGITUDE: 118 57 W
TEMPERATURE IN F: :PCPN: SNOW: WIND :SUNSHINE: SKY :PK WND
================================================================================
1 2 3 4 5 6A 6B 7 8 9 10 11 12 13 14 15 16 17 18
12Z AVG MX 2MIN
DY MAX MIN AVG DEP HDD CDD WTR SNW DPTH SPD SPD DIR MIN PSBL S-S WX SPD DR
================================================================================
1 100 67 84 14 0 19 T M M 8.9 26 280 M M 1 38 37 260
2 82 55 69 -1 0 4 0.12 M M 6.1 15 260 M M 7 13 20 250
3 95 54 75 5 0 10 T M M 6.0 24 210 M M 0 3 31 200
4 96 49 73 3 0 8 0.00 M M 10.7 24 280 M M 1 33 270
5 95 54 75 6 0 10 0.00 M M 8.6 25 190 M M 3 35 200
6 89 53 71 2 0 6 0.00 M M 7.8 14 360 M M 1 22 220
7 96 47 72 3 0 7 0.00 M M 6.2 13 70 M M 0 17 200
8 99 54 77 8 0 12 T M M 7.4 28 210 M M 1 37 220
9 90 63 77 9 0 12 0.09 M M 7.3 26 170 M M 3 3 36 170
10 90 55 73 5 0 8 0.00 M M 6.7 17 140 M M 2 24 140
11 93 43 68 0 0 3 0.00 M M 5.1 15 230 M M 0 20 240
12 94 45 70 2 0 5 T M M 5.8 16 210 M M 1 23 230
13 90 46 68 1 0 3 0.00 M M 8.8 18 350 M M 0 27 350
14 92 42 67 0 0 2 0.00 M M 6.3 16 360 M M 0 23 360
15 95 47 71 4 0 6 0.00 M M 5.4 14 170 M M 0 19 170
16 99 52 76 9 0 11 0.00 M M 5.6 14 310 M M 0 23 310
17 103 53 78 12 0 13 0.00 M M 7.4 21 80 M M 0 29 80
18 93 59 76 10 0 11 0.00 M M 7.0 26 190 M M 1 8 37 180
19 92 57 75 9 0 10 T M M 5.9 20 340 M M 1 24 20
20 95 54 75 9 0 10 0.00 0.0 0 6.3 18 60 M M 0 23 60
21 97 53 75 10 0 10 0.00 0.0 0 5.5 16 240 M M 0 22 210
22 93 55 74 9 0 9 0.00 0.0 0 7.7 20 240 M M 0 32 220
23 93 50 72 7 0 7 0.00 M M 5.1 16 320 M M 0 22 340
24 95 51 73 9 0 8 0.00 M M 6.1 22 350 M M 0 29 350
25 94 54 74 10 0 9 0.00 M M 7.8 18 260 M M 1 25 250
26 92 50 71 7 0 6 0.00 M M 8.8 23 240 M M 0 30 260
27 83 51 67 3 0 2 0.00 M M 9.7 18 310 M M 0 29 260
28 86 42 64 1 1 0 0.00 M M 5.9 15 360 M M 0 20 360
29 95 47 71 8 0 6 0.00 M M 5.3 13 90 M M 0 16 140
30 98 53 76 13 0 11 0.00 M M 7.7 16 80 M M 0 23 70
31 101 49 75 12 0 10 0.00 M M 6.8 23 230 M M 0 33 220
================================================================================
SM 2905 1604 1 248 0.21 0.0 215.7 M 23
================================================================================
AV 93.7 51.7 7.0 FASTST M M 1 MAX(MPH)
MISC ----> 28 210 # 37 260
================================================================================
NOTES:
# LAST OF SEVERAL OCCURRENCES
COLUMN 17 PEAK WIND IN M.P.H.
PRELIMINARY LOCAL CLIMATOLOGICAL DATA (WS FORM: F-6) , PAGE 2
STATION: BURNS OR
MONTH: AUGUST
YEAR: 2022
LATITUDE: 43 34 N
LONGITUDE: 118 57 W
[TEMPERATURE DATA] [PRECIPITATION DATA] SYMBOLS USED IN COLUMN 16
AVERAGE MONTHLY: 72.7 TOTAL FOR MONTH: 0.21 1 = FOG OR MIST
DPTR FM NORMAL: 6.2 DPTR FM NORMAL: -0.04 2 = FOG REDUCING VISIBILITY
HIGHEST: 103 ON 17 GRTST 24HR 0.12 ON 2- 2 TO 1/4 MILE OR LESS
LOWEST: 42 ON 14,28 3 = THUNDER
SNOW, ICE PELLETS, HAIL 4 = ICE PELLETS
TOTAL MONTH: 0.0 INCH 5 = HAIL
GRTST 24HR 0.0 6 = FREEZING RAIN OR DRIZZLE
GRTST DEPTH: 0 7 = DUSTSTORM OR SANDSTORM:
VSBY 1/2 MILE OR LESS
8 = SMOKE OR HAZE
[NO. OF DAYS WITH] [WEATHER - DAYS WITH] 9 = BLOWING SNOW
X = TORNADO
MAX 32 OR BELOW: 0 0.01 INCH OR MORE: 2
MAX 90 OR ABOVE: 27 0.10 INCH OR MORE: 1
MIN 32 OR BELOW: 0 0.50 INCH OR MORE: 0
MIN 0 OR BELOW: 0 1.00 INCH OR MORE: 0
[HDD (BASE 65) ]
TOTAL THIS MO. 1 CLEAR (SCALE 0-3) 30
DPTR FM NORMAL -54 PTCLDY (SCALE 4-7) 1
TOTAL FM JUL 1 5 CLOUDY (SCALE 8-10) 0
DPTR FM NORMAL -88
[CDD (BASE 65) ]
TOTAL THIS MO. 248
DPTR FM NORMAL 146 [PRESSURE DATA]
TOTAL FM JAN 1 513 HIGHEST SLP 30.11 ON 7
DPTR FM NORMAL 227 LOWEST SLP 29.76 ON 24
[REMARKS]
#FINAL-08-22#