000
CXUS55 KBOI 011002
CF6BOI
PRELIMINARY LOCAL CLIMATOLOGICAL DATA (WS FORM: F-6)
STATION: BOISE ID
MONTH: FEBRUARY
YEAR: 2024
LATITUDE: 43 34 N
LONGITUDE: 116 13 W
TEMPERATURE IN F: :PCPN: SNOW: WIND :SUNSHINE: SKY :PK WND
================================================================================
1 2 3 4 5 6A 6B 7 8 9 10 11 12 13 14 15 16 17 18
12Z AVG MX 2MIN
DY MAX MIN AVG DEP HDD CDD WTR SNW DPTH SPD SPD DIR MIN PSBL S-S WX SPD DR
================================================================================
1 60 44 52 18 13 0 0.16 0.0 0 11.5 26 120 M M 8 42 120
2 48 39 44 10 21 0 0.08 0.0 0 5.0 15 300 M M 8 1 19 310
3 41 33 37 2 28 0 0.78 0.8 0 4.5 18 320 M M 10 1 25 320
4 47 34 41 6 24 0 0.07 0.0 T 11.5 33 120 M M 7 46 120
5 58 39 49 14 16 0 T 0.0 0 13.0 30 120 M M 4 41 110
6 47 34 41 6 24 0 0.19 0.0 0 4.0 13 120 M M 5 1 17 120
7 49 32 41 5 24 0 0.11 0.0 0 5.9 14 300 M M 8 1 18 290
8 42 30 36 0 29 0 0.00 0.0 0 3.8 15 320 M M 6 20 330
9 43 30 37 1 28 0 0.01 0.1 0 7.5 17 330 M M 7 1 23 300
10 43 24 34 -2 31 0 0.00 0.0 0 4.2 16 300 M M 0 21 300
11 48 29 39 3 26 0 0.00 0.0 0 9.0 15 150 M M 3 19 150
12 51 34 43 6 22 0 0.00 0.0 0 7.2 17 120 M M 5 21 110
13 49 32 41 4 24 0 T 0.0 0 5.3 13 110 M M 7 15 110
14 48 30 39 2 26 0 0.02 0.0 0 11.1 22 120 M M 5 29 120
15 51 39 45 7 20 0 0.11 0.0 0 7.8 16 270 M M 10 23 270
16 47 31 39 1 26 0 0.11 0.0 0 10.2 22 310 M M 5 28 320
17 48 29 39 1 26 0 0.00 0.0 0 11.0 21 130 M M 3 28 120
18 45 33 39 1 26 0 0.18 0.2 0 7.4 20 150 M M 9 1 29 140
19 49 34 42 3 23 0 0.00 0.0 0 13.6 29 140 M M 2 38 140
20 59 37 48 9 17 0 T 0.0 0 10.2 22 140 M M 5 31 140
21 53 34 44 5 21 0 T 0.0 0 4.7 10 300 M M 6 M M
22 55 32 44 4 21 0 0.00 0.0 0 4.2 9 280 M M 1 13 230
23 57 32 45 5 20 0 0.00 0.0 0 4.3 12 130 M M 0 21 170
24 62 32 47 7 18 0 0.00 0.0 0 5.3 14 120 M M 0 17 120
25 63 37 50 10 15 0 T 0.0 0 8.2 14 200 M M 3 21 230
26 52 30 41 0 24 0 0.23 0.3 0 7.9 26 320 M M 8 1 41 300
27 42 26 34 -7 31 0 T T 0 6.9 20 280 M M 7 26 320
28 50 34 42 1 23 0 0.00 0.0 0 14.2 23 130 M M 7 32 120
29 63 38 51 9 14 0 0.19 0.0 0 16.0 24 310 M M 7 1 46 320
================================================================================
SM 1470 962 661 0 2.24 1.4 235.4 M 156
================================================================================
AV 50.7 33.2 8.1 FASTST M M 5 MAX(MPH)
MISC ----> 33 120 # 46 120
================================================================================
NOTES:
# LAST OF SEVERAL OCCURRENCES
COLUMN 17 PEAK WIND IN M.P.H.
PRELIMINARY LOCAL CLIMATOLOGICAL DATA (WS FORM: F-6) , PAGE 2
STATION: BOISE ID
MONTH: FEBRUARY
YEAR: 2024
LATITUDE: 43 34 N
LONGITUDE: 116 13 W
[TEMPERATURE DATA] [PRECIPITATION DATA] SYMBOLS USED IN COLUMN 16
AVERAGE MONTHLY: 41.9 TOTAL FOR MONTH: 2.24 1 = FOG OR MIST
DPTR FM NORMAL: 4.4 DPTR FM NORMAL: 1.24 2 = FOG REDUCING VISIBILITY
HIGHEST: 63 ON 29,25 GRTST 24HR 0.87 ON 3- 4 TO 1/4 MILE OR LESS
LOWEST: 24 ON 10 3 = THUNDER
SNOW, ICE PELLETS, HAIL 4 = ICE PELLETS
TOTAL MONTH: 1.4 INCHES 5 = HAIL
GRTST 24HR 0.8 ON 3- 3 6 = FREEZING RAIN OR DRIZZLE
GRTST DEPTH: T 7 = DUSTSTORM OR SANDSTORM:
VSBY 1/2 MILE OR LESS
8 = SMOKE OR HAZE
[NO. OF DAYS WITH] [WEATHER - DAYS WITH] 9 = BLOWING SNOW
X = TORNADO
MAX 32 OR BELOW: 0 0.01 INCH OR MORE: 13
MAX 90 OR ABOVE: 0 0.10 INCH OR MORE: 9
MIN 32 OR BELOW: 14 0.50 INCH OR MORE: 1
MIN 0 OR BELOW: 0 1.00 INCH OR MORE: 0
[HDD (BASE 65) ]
TOTAL THIS MO. 661 CLEAR (SCALE 0-3) 7
DPTR FM NORMAL -109 PTCLDY (SCALE 4-7) 19
TOTAL FM JUL 1 3510 CLOUDY (SCALE 8-10) 3
DPTR FM NORMAL -560
[CDD (BASE 65) ]
TOTAL THIS MO. 0
DPTR FM NORMAL 0 [PRESSURE DATA]
TOTAL FM JAN 1 0 HIGHEST SLP 30.42 ON 23
DPTR FM NORMAL 0 LOWEST SLP 29.48 ON 29
[REMARKS]
#FINAL-02-24#