000
CXUS54 KMAF 011210
CF6BPG
PRELIMINARY LOCAL CLIMATOLOGICAL DATA (WS FORM: F-6)
STATION: BIG SPRING MCMAHON-WRINKLE FI
MONTH: FEBRUARY
YEAR: 2023
LATITUDE: 32 12 N
LONGITUDE: 101 31 W
TEMPERATURE IN F: :PCPN: SNOW: WIND :SUNSHINE: SKY :PK WND
================================================================================
1 2 3 4 5 6A 6B 7 8 9 10 11 12 13 14 15 16 17 18
12Z AVG MX 2MIN
DY MAX MIN AVG DEP HDD CDD WTR SNW DPTH SPD SPD DIR MIN PSBL S-S WX SPD DR
================================================================================
1 30 24 27 M 38 0 0.11 M M 3.0 12 130 M M 9 1 M M
2 51 30 41 M 24 0 M M M 5.2 10 340 M M 6 1 M M
3 56 26 41 M 24 0 M M M 4.3 9 140 M M 0 1 M M
4 64 31 48 M 17 0 M M M 11.9 21 200 M M 0 25 190
5 75 32 54 M 11 0 M M M 9.4 16 200 M M 0 12 23 200
6 79 50 65 M 0 0 M M M 16.4 21 190 M M 0 29 190
7 60 42 51 M 14 0 M M M 21.2 31 40 M M 9 38 40
8 58 34 46 M 19 0 0.25 M M 11.2 21 260 M M 5 1 29 270
9 56 33 45 M 20 0 0.01 M M 12.3 30 360 M M 3 33 360
10 47 27 37 M 28 0 0.01 M M 11.3 20 340 M M 3 25 350
11 56 22 39 M 26 0 M M M 3.9 10 200 M M 0 M M
12 69 32 51 M 14 0 M M M 9.6 18 190 M M 0 26 190
13 66 42 54 M 11 0 M M M 13.3 24 140 M M 2 8 31 160
14 67 45 56 M 9 0 M M M 21.9 35 240 M M 4 8 43 240
15 78 40 59 M 6 0 M M M 16.7 29 230 M M 1 8 36 300
16 45 25 35 M 30 0 M M M 15.2 21 360 M M 0 28 360
17 50 18 34 M 31 0 M M M 3.4 8 130 M M 0 M M
18 54 33 44 M 21 0 M M M 14.5 23 200 M M 2 30 180
19 70 39 55 M 10 0 M M M 12.5 22 240 M M 3 29 240
20 81 51 66 M 0 1 M M M 16.7 28 240 M M 1 8 40 240
21 85 50 68 M 0 3 M M M 13.4 30 220 M M 1 36 220
22 74 48 61 M 4 0 0.08 M M 20.4 39 240 M M 2 8 47 240
23 62 38 50 M 15 0 M M M 14.5 24 70 M M 0 28 70
24 41 31 36 M 29 0 M M M 11.5 17 40 M M 9 22 60
25 46 36 41 M 24 0 M M M 5.5 10 80 M M 10 1 16 0
26 79 44 62 M 3 0 M M M 15.7 37 190 M M 7 128 47 190
27 73 37 55 M 10 0 M M M 14.1 22 290 M M 0 8 26 250
28 79 39 59 M 6 0 M M M 11.1 23 220 M M 0 31 260
================================================================================
SM 1751 999 444 4 0.46 M 340.1 M 77
================================================================================
AV 62.5 35.7 12.1 FASTST M M 3 MAX(MPH)
MISC ----> 39 240 # 47 240
================================================================================
NOTES:
# LAST OF SEVERAL OCCURRENCES
COLUMN 17 PEAK WIND IN M.P.H.
PRELIMINARY LOCAL CLIMATOLOGICAL DATA (WS FORM: F-6) , PAGE 2
STATION: BIG SPRING MCMAHON-WRINKLE FI
MONTH: FEBRUARY
YEAR: 2023
LATITUDE: 32 12 N
LONGITUDE: 101 31 W
[TEMPERATURE DATA] [PRECIPITATION DATA] SYMBOLS USED IN COLUMN 16
AVERAGE MONTHLY: 49.1 TOTAL FOR MONTH: 0.46 1 = FOG OR MIST
DPTR FM NORMAL: 0.0 DPTR FM NORMAL: 0.46 2 = FOG REDUCING VISIBILITY
HIGHEST: 85 ON 21 GRTST 24HR 0.25 ON 8- 8 TO 1/4 MILE OR LESS
LOWEST: 18 ON 17 3 = THUNDER
SNOW, ICE PELLETS, HAIL 4 = ICE PELLETS
TOTAL MONTH: M 5 = HAIL
GRTST 24HR M ON M 6 = FREEZING RAIN OR DRIZZLE
GRTST DEPTH: M ON M 7 = DUSTSTORM OR SANDSTORM:
VSBY 1/2 MILE OR LESS
8 = SMOKE OR HAZE
[NO. OF DAYS WITH] [WEATHER - DAYS WITH] 9 = BLOWING SNOW
X = TORNADO
MAX 32 OR BELOW: 1 0.01 INCH OR MORE: 5
MAX 90 OR ABOVE: 0 0.10 INCH OR MORE: 2
MIN 32 OR BELOW: 11 0.50 INCH OR MORE: 0
MIN 0 OR BELOW: 0 1.00 INCH OR MORE: 0
[HDD (BASE 65) ]
TOTAL THIS MO. 444 CLEAR (SCALE 0-3) 19
DPTR FM NORMAL M PTCLDY (SCALE 4-7) 5
TOTAL FM JUL 1 1989 CLOUDY (SCALE 8-10) 4
DPTR FM NORMAL M
[CDD (BASE 65) ]
TOTAL THIS MO. 4
DPTR FM NORMAL M [PRESSURE DATA]
TOTAL FM JAN 1 4 HIGHEST SLP M ON M
DPTR FM NORMAL M LOWEST SLP M ON M
[REMARKS]
#FINAL-02-23#