000
CXUS54 KMAF 011210
CF6BPG
PRELIMINARY LOCAL CLIMATOLOGICAL DATA (WS FORM: F-6)
STATION: BIG SPRING MCMAHON-WRINKLE FI
MONTH: NOVEMBER
YEAR: 2022
LATITUDE: 32 12 N
LONGITUDE: 101 31 W
TEMPERATURE IN F: :PCPN: SNOW: WIND :SUNSHINE: SKY :PK WND
================================================================================
1 2 3 4 5 6A 6B 7 8 9 10 11 12 13 14 15 16 17 18
12Z AVG MX 2MIN
DY MAX MIN AVG DEP HDD CDD WTR SNW DPTH SPD SPD DIR MIN PSBL S-S WX SPD DR
================================================================================
1 74 51 63 M 2 0 M M M 9.3 16 160 M M 0 18 200
2 73 56 65 M 0 0 M M M 15.8 21 170 M M 4 28 170
3 79 62 71 M 0 6 M M M 21.9 30 170 M M 6 39 170
4 69 45 57 M 8 0 M M M 19.1 37 260 M M 4 8 43 260
5 72 37 55 M 10 0 M M M 11.5 24 220 M M 0 29 220
6 83 48 66 M 0 1 M M M 8.4 16 70 M M 0 M M
7 76 51 64 M 1 0 M M M 13.2 20 60 M M 3 23 80
8 80 63 72 M 0 7 M M M 15.8 23 150 M M 6 29 150
9 80 64 72 M 0 7 M M M 20.7 30 170 M M 4 39 170
10 78 56 67 M 0 2 M M M 13.2 22 180 M M 2 24 180
11 59 37 48 M 17 0 M M M 15.1 26 20 M M 4 31 40
12 54 29 42 M 23 0 M M M 5.8 10 140 M M 0 8 M M
13 57 36 47 M 18 0 M M M 13.4 21 170 M M 0 29 160
14 55 33 44 M 21 0 M M M 12.6 25 310 M M 3 8 31 310
15 51 25 38 M 27 0 M M M 8.7 17 30 M M 2 18 40
16 50 36 43 M 22 0 M M M 6.2 10 70 M M 9 M M
17 57 31 44 M 21 0 M M M 8.0 16 200 M M 2 25 210
18 42 30 36 M 29 0 M M M 16.2 24 60 M M 5 1 30 60
19 42 28 35 M 30 0 M M M 8.8 14 40 M M 9 20 50
20 46 24 35 M 30 0 M M M 5.3 14 190 M M 8 M M
21 56 29 43 M 22 0 M M M 6.0 12 200 M M 3 1 M M
22 64 28 46 M 19 0 M M M 7.6 16 180 M M 2 12 17 150
23 64 48 56 M 9 0 M M M 12.5 23 170 M M 0 1 M M
24 60 45 53 M 12 0 0.01 M M 13.3 25 10 M M 0 1 30 10
25 45 37 41 M 24 0 1.31 M M 14.8 22 30 M M 0 1 29 30
26 53 37 45 M 20 0 0.01 M M 9.4 20 250 M M 0 1 26 270
27 59 33 46 M 19 0 M M M 5.1 9 210 M M 0 M M
28 71 36 54 M 11 0 M M M 14.0 28 220 M M 0 33 220
29 73 38 56 M 9 0 M M M 17.0 30 250 M M 2 18 38 250
30 46 28 37 M 28 0 M M M 9.6 24 40 M M 0 26 30
================================================================================
SM 1868 1201 432 23 1.33 M 358.4 M 78
================================================================================
AV 62.3 40.0 11.9 FASTST M M 3 MAX(MPH)
MISC ----> 37 260 43 260
================================================================================
NOTES:
# LAST OF SEVERAL OCCURRENCES
COLUMN 17 PEAK WIND IN M.P.H.
PRELIMINARY LOCAL CLIMATOLOGICAL DATA (WS FORM: F-6) , PAGE 2
STATION: BIG SPRING MCMAHON-WRINKLE FI
MONTH: NOVEMBER
YEAR: 2022
LATITUDE: 32 12 N
LONGITUDE: 101 31 W
[TEMPERATURE DATA] [PRECIPITATION DATA] SYMBOLS USED IN COLUMN 16
AVERAGE MONTHLY: 51.2 TOTAL FOR MONTH: 1.33 1 = FOG OR MIST
DPTR FM NORMAL: 0.0 DPTR FM NORMAL: M 2 = FOG REDUCING VISIBILITY
HIGHEST: 83 ON 6 GRTST 24HR 1.31 ON 25-25 TO 1/4 MILE OR LESS
LOWEST: 24 ON 20 3 = THUNDER
SNOW, ICE PELLETS, HAIL 4 = ICE PELLETS
TOTAL MONTH: M 5 = HAIL
GRTST 24HR M ON M 6 = FREEZING RAIN OR DRIZZLE
GRTST DEPTH: M ON M 7 = DUSTSTORM OR SANDSTORM:
VSBY 1/2 MILE OR LESS
8 = SMOKE OR HAZE
[NO. OF DAYS WITH] [WEATHER - DAYS WITH] 9 = BLOWING SNOW
X = TORNADO
MAX 32 OR BELOW: 0 0.01 INCH OR MORE: 3
MAX 90 OR ABOVE: 0 0.10 INCH OR MORE: 1
MIN 32 OR BELOW: 9 0.50 INCH OR MORE: 1
MIN 0 OR BELOW: 0 1.00 INCH OR MORE: 1
[HDD (BASE 65) ]
TOTAL THIS MO. 432 CLEAR (SCALE 0-3) 19
DPTR FM NORMAL M PTCLDY (SCALE 4-7) 9
TOTAL FM JUL 1 512 CLOUDY (SCALE 8-10) 2
DPTR FM NORMAL M
[CDD (BASE 65) ]
TOTAL THIS MO. 23
DPTR FM NORMAL M [PRESSURE DATA]
TOTAL FM JAN 1 3155 HIGHEST SLP M ON M
DPTR FM NORMAL M LOWEST SLP M ON M
[REMARKS]
#FINAL-11-22#