000
CXUS54 KMAF 011110
CF6BPG
PRELIMINARY LOCAL CLIMATOLOGICAL DATA (WS FORM: F-6)
STATION: BIG SPRING MCMAHON-WRINKLE FI
MONTH: MAY
YEAR: 2021
LATITUDE: 32 12 N
LONGITUDE: 101 31 W
TEMPERATURE IN F: :PCPN: SNOW: WIND :SUNSHINE: SKY :PK WND
================================================================================
1 2 3 4 5 6A 6B 7 8 9 10 11 12 13 14 15 16 17 18
12Z AVG MX 2MIN
DY MAX MIN AVG DEP HDD CDD WTR SNW DPTH SPD SPD DIR MIN PSBL S-S WX SPD DR
================================================================================
1 72 58 65 M 0 0 0.28 M M 4.9 13 10 M M 6 13 M M
2 92 56 74 M 0 9 M M M 12.9 21 280 M M 1 26 240
3 83 56 70 M 0 5 M M M 11.1 20 40 M M 1 26 40
4 69 54 62 M 3 0 M M M 11.1 16 360 M M 4 24 350
5 83 52 68 M 0 3 M M M 11.4 18 170 M M 0 24 170
6 82 55 69 M 0 4 M M M 13.2 18 100 M M 0 25 100
7 88 62 75 M 0 10 M M M 17.4 28 170 M M 0 35 160
8 94 64 79 M 0 14 M M M 16.4 23 210 M M 0 30 220
9 81 60 71 M 0 6 M M M 14.3 24 80 M M 0 31 80
10 66 52 59 M 6 0 M M M 15.8 23 70 M M 8 26 70
11 65 53 59 M 6 0 M M M 14.1 24 90 M M 10 13 30 90
12 69 49 59 M 6 0 M M M 14.0 18 30 M M 7 1 28 30
13 76 51 64 M 1 0 M M M 9.4 16 130 M M 3 21 130
14 84 60 72 M 0 7 M M M 15.8 22 160 M M 4 28 150
15 85 63 74 M 0 9 0.07 M M 15.3 24 140 M M 4 3 32 130
16 90 58 74 M 0 9 0.04 M M 9.9 18 120 M M 4 22 200
17 85 62 74 M 0 9 0.64 M M 15.5 24 100 M M 6 3 31 70
18 79 57 68 M 0 3 0.13 M M 15.2 32 80 M M 3 3 43 80
19 76 60 68 M 0 3 M M M 12.8 22 150 M M 6 3 31 310
20 85 58 72 M 0 7 M M M 11.5 18 140 M M 0 26 140
21 89 64 77 M 0 12 M M M 17.6 23 150 M M 1 29 150
22 85 66 76 M 0 11 M M M 15.8 22 90 M M 5 29 100
23 83 68 76 M 0 11 M M M 16.7 24 150 M M 8 32 120
24 87 67 77 M 0 12 M M M 14.8 20 160 M M 6 30 130
25 94 64 79 M 0 14 0.39 M M 13.9 23 170 M M 5 3 41 150
26 90 71 81 M 0 16 M M M 16.4 21 160 M M 2 29 170
27 91 69 80 M 0 15 0.24 M M 13.2 23 170 M M 3 8 32 150
28 81 60 71 M 0 6 0.79 M M 16.5 25 60 M M 4 13 45 20
29 80 60 70 M 0 5 0.08 M M 9.9 17 140 M M 4 28 140
30 83 65 74 M 0 9 M M M 13.2 20 150 M M 4 26 140
31 71 57 64 M 1 0 2.67 M M 10.0 20 30 M M 7 13 30 170
================================================================================
SM 2538 1851 23 209 5.33 M 419.7 M 116
================================================================================
AV 81.9 59.7 13.5 FASTST M M 4 MAX(MPH)
MISC ----> 32 80 45 20
================================================================================
NOTES:
# LAST OF SEVERAL OCCURRENCES
COLUMN 17 PEAK WIND IN M.P.H.
PRELIMINARY LOCAL CLIMATOLOGICAL DATA (WS FORM: F-6) , PAGE 2
STATION: BIG SPRING MCMAHON-WRINKLE FI
MONTH: MAY
YEAR: 2021
LATITUDE: 32 12 N
LONGITUDE: 101 31 W
[TEMPERATURE DATA] [PRECIPITATION DATA] SYMBOLS USED IN COLUMN 16
AVERAGE MONTHLY: 70.8 TOTAL FOR MONTH: 5.33 1 = FOG OR MIST
DPTR FM NORMAL: 0.0 DPTR FM NORMAL: M 2 = FOG REDUCING VISIBILITY
HIGHEST: 94 ON 25, 8 GRTST 24HR 2.67 ON 31-31 TO 1/4 MILE OR LESS
LOWEST: 49 ON 12 3 = THUNDER
SNOW, ICE PELLETS, HAIL 4 = ICE PELLETS
TOTAL MONTH: M 5 = HAIL
GRTST 24HR M ON M 6 = FREEZING RAIN OR DRIZZLE
GRTST DEPTH: M ON M 7 = DUSTSTORM OR SANDSTORM:
VSBY 1/2 MILE OR LESS
8 = SMOKE OR HAZE
[NO. OF DAYS WITH] [WEATHER - DAYS WITH] 9 = BLOWING SNOW
X = TORNADO
MAX 32 OR BELOW: 0 0.01 INCH OR MORE: 10
MAX 90 OR ABOVE: 6 0.10 INCH OR MORE: 7
MIN 32 OR BELOW: 0 0.50 INCH OR MORE: 3
MIN 0 OR BELOW: 0 1.00 INCH OR MORE: 1
[HDD (BASE 65) ]
TOTAL THIS MO. 23 CLEAR (SCALE 0-3) 11
DPTR FM NORMAL M PTCLDY (SCALE 4-7) 18
TOTAL FM JUL 1 2790 CLOUDY (SCALE 8-10) 2
DPTR FM NORMAL M
[CDD (BASE 65) ]
TOTAL THIS MO. 209
DPTR FM NORMAL M [PRESSURE DATA]
TOTAL FM JAN 1 313 HIGHEST SLP M ON M
DPTR FM NORMAL M LOWEST SLP M ON M
[REMARKS]
#FINAL-05-21#