000
CXUS54 KMAF 011110
CF6BPG
PRELIMINARY LOCAL CLIMATOLOGICAL DATA (WS FORM: F-6)
STATION: BIG SPRING MCMAHON-WRINKLE FI
MONTH: MARCH
YEAR: 2021
LATITUDE: 32 12 N
LONGITUDE: 101 31 W
TEMPERATURE IN F: :PCPN: SNOW: WIND :SUNSHINE: SKY :PK WND
================================================================================
1 2 3 4 5 6A 6B 7 8 9 10 11 12 13 14 15 16 17 18
12Z AVG MX 2MIN
DY MAX MIN AVG DEP HDD CDD WTR SNW DPTH SPD SPD DIR MIN PSBL S-S WX SPD DR
================================================================================
1 50 33 42 M 23 0 0.05 M M 16.7 32 60 M M 8 45 60
2 60 24 42 M 23 0 M M M 4.9 9 150 M M 0 M M
3 77 33 55 M 10 0 M M M 10.3 17 240 M M 0 23 220
4 86 46 66 M 0 1 M M M 16.2 35 260 M M 1 8 44 260
5 65 42 54 M 11 0 M M M 16.8 31 10 M M 3 8 40 10
6 64 31 48 M 17 0 M M M 6.0 12 150 M M 1 20 150
7 66 42 54 M 11 0 M M M 14.0 23 160 M M 1 8 29 160
8 71 45 58 M 7 0 M M M 17.4 23 160 M M 1 8 31 180
9 73 55 64 M 1 0 M M M 23.6 31 190 M M 1 8 36 190
10 79 55 67 M 0 2 M M M 17.8 24 170 M M 0 31 180
11 77 57 67 M 0 2 M M M 10.9 20 140 M M 0 24 160
12 82 62 72 M 0 7 M M M 18.3 24 160 M M 4 30 170
13 85 54 70 M 0 5 0.21 M M 19.8 32 150 M M 8 18 39 150
14 66 38 52 M 13 0 M M M 20.8 33 230 M M 5 8 43 230
15 74 42 58 M 7 0 M M M 11.2 16 250 M M 0 22 220
16 83 51 67 M 0 2 M M M 15.4 25 270 M M 2 8 37 270
17 60 45 53 M 12 0 M M M 22.4 37 310 M M 5 8 43 300
18 64 34 49 M 16 0 M M M 10.0 20 20 M M 0 24 20
19 64 34 49 M 16 0 M M M 8.7 16 70 M M 0 21 70
20 73 37 55 M 10 0 M M M 11.4 21 160 M M 0 26 160
21 80 50 65 M 0 0 M M M 20.7 30 180 M M 0 8 33 180
22 72 46 59 M 6 0 M M M 21.6 36 250 M M 7 8 47 250
23 73 34 54 M 11 0 M M M 6.5 16 60 M M 0 22 90
24 68 47 58 M 7 0 M M M 17.4 26 60 M M 3 8 43 70
25 69 37 53 M 12 0 M M M 10.7 16 250 M M 1 24 250
26 82 43 63 M 2 0 M M M 13.6 23 180 M M 0 8 32 180
27 79 45 62 M 3 0 M M M 11.9 24 10 M M 1 8 40 20
28 72 48 60 M 5 0 M M M 11.2 16 70 M M 0 22 80
29 81 44 63 M 2 0 M M M 16.2 25 190 M M 0 32 190
30 82 54 68 M 0 3 M M M 17.1 30 60 M M 0 37 60
31 65 46 56 M 9 0 M M M 19.4 33 60 M M 1 41 60
================================================================================
SM 2242 1354 234 22 0.26 M 458.9 M 53
================================================================================
AV 72.3 43.7 14.8 FASTST M M 2 MAX(MPH)
MISC ----> 37 310 47 250
================================================================================
NOTES:
# LAST OF SEVERAL OCCURRENCES
COLUMN 17 PEAK WIND IN M.P.H.
PRELIMINARY LOCAL CLIMATOLOGICAL DATA (WS FORM: F-6) , PAGE 2
STATION: BIG SPRING MCMAHON-WRINKLE FI
MONTH: MARCH
YEAR: 2021
LATITUDE: 32 12 N
LONGITUDE: 101 31 W
[TEMPERATURE DATA] [PRECIPITATION DATA] SYMBOLS USED IN COLUMN 16
AVERAGE MONTHLY: 58.0 TOTAL FOR MONTH: 0.26 1 = FOG OR MIST
DPTR FM NORMAL: 0.0 DPTR FM NORMAL: M 2 = FOG REDUCING VISIBILITY
HIGHEST: 86 ON 4 GRTST 24HR 0.21 ON 13-13 TO 1/4 MILE OR LESS
LOWEST: 24 ON 2 3 = THUNDER
SNOW, ICE PELLETS, HAIL 4 = ICE PELLETS
TOTAL MONTH: M 5 = HAIL
GRTST 24HR M ON M 6 = FREEZING RAIN OR DRIZZLE
GRTST DEPTH: M ON M 7 = DUSTSTORM OR SANDSTORM:
VSBY 1/2 MILE OR LESS
8 = SMOKE OR HAZE
[NO. OF DAYS WITH] [WEATHER - DAYS WITH] 9 = BLOWING SNOW
X = TORNADO
MAX 32 OR BELOW: 0 0.01 INCH OR MORE: 2
MAX 90 OR ABOVE: 0 0.10 INCH OR MORE: 1
MIN 32 OR BELOW: 2 0.50 INCH OR MORE: 0
MIN 0 OR BELOW: 0 1.00 INCH OR MORE: 0
[HDD (BASE 65) ]
TOTAL THIS MO. 234 CLEAR (SCALE 0-3) 25
DPTR FM NORMAL M PTCLDY (SCALE 4-7) 6
TOTAL FM JUL 1 2590 CLOUDY (SCALE 8-10) 0
DPTR FM NORMAL M
[CDD (BASE 65) ]
TOTAL THIS MO. 22
DPTR FM NORMAL M [PRESSURE DATA]
TOTAL FM JAN 1 22 HIGHEST SLP M ON M
DPTR FM NORMAL M LOWEST SLP M ON M
[REMARKS]
#FINAL-03-21#