755
CXUS54 KMAF 011110
CF6BPG
PRELIMINARY LOCAL CLIMATOLOGICAL DATA (WS FORM: F-6)
STATION: BIG SPRING MCMAHON-WRINKLE FI
MONTH: SEPTEMBER
YEAR: 2020
LATITUDE: 32 12 N
LONGITUDE: 101 31 W
TEMPERATURE IN F: :PCPN: SNOW: WIND :SUNSHINE: SKY :PK WND
================================================================================
1 2 3 4 5 6A 6B 7 8 9 10 11 12 13 14 15 16 17 18
12Z AVG MX 2MIN
DY MAX MIN AVG DEP HDD CDD WTR SNW DPTH SPD SPD DIR MIN PSBL S-S WX SPD DR
================================================================================
1 97 73 85 M 0 20 0.01 M M 10.7 18 300 M M 2 39 300
2 85 67 76 M 0 11 M M M 9.0 16 70 M M 4 1 23 90
3 95 65 80 M 0 15 M M M 6.9 15 60 M M 0 23 350
4 93 67 80 M 0 15 M M M 10.3 17 60 M M 2 23 70
5 92 67 80 M 0 15 M M M 7.3 12 150 M M 4 17 150
6 93 67 80 M 0 15 M M M 10.8 16 200 M M 1 21 230
7 96 69 83 M 0 18 M M M 16.1 23 160 M M 0 26 170
8 94 55 75 M 0 10 0.77 M M 21.3 37 20 M M 5 138 44 20
9 54 47 51 M 14 0 0.65 M M 17.5 23 10 M M 10 1 31 10
10 54 46 50 M 15 0 0.21 M M 8.9 14 360 M M 10 1 M M
11 69 53 61 M 4 0 M M M 4.3 9 180 M M 6 M M
12 82 59 71 M 0 6 M M M 5.9 10 140 M M 1 M M
13 83 65 74 M 0 9 M M M 6.9 14 90 M M 1 20 60
14 81 66 74 M 0 9 M M M 9.1 16 40 M M 2 21 40
15 84 64 74 M 0 9 M M M 5.0 12 70 M M 0 M M
16 87 61 74 M 0 9 M M M 5.4 10 170 M M 1 3 16 110
17 85 66 76 M 0 11 0.03 M M 8.5 14 80 M M 3 23 340
18 82 61 72 M 0 7 M M M 7.9 15 40 M M 3 20 20
19 80 59 70 M 0 5 M M M 6.4 10 60 M M 1 17 130
20 81 56 69 M 0 4 M M M 5.3 9 100 M M 0 18 M M
21 82 52 67 M 0 2 M M M 5.2 15 90 M M 0 17 80
22 84 55 70 M 0 5 M M M 6.9 12 100 M M 0 17 30
23 85 59 72 M 0 7 M M M 5.6 15 100 M M 3 1 20 100
24 89 57 73 M 0 8 M M M 4.7 12 150 M M 0 M M
25 93 59 76 M 0 11 M M M 8.9 13 170 M M 0 21 200
26 93 65 79 M 0 14 M M M 15.1 20 180 M M 0 25 170
27 101 63 82 M 0 17 M M M 13.5 36 40 M M 1 41 40
28 75 55 65 M 0 0 M M M 15.6 30 30 M M 6 40 40
29 81 41 61 M 4 0 M M M 5.3 12 260 M M 0 20 260
30 89 50 70 M 0 5 M M M 8.1 13 150 M M 0 M M
================================================================================
SM 2539 1789 37 257 1.67 M 272.5 M 66
================================================================================
AV 84.6 59.6 9.1 FASTST M M 2 MAX(MPH)
MISC ----> 37 20 44 20
================================================================================
NOTES:
# LAST OF SEVERAL OCCURRENCES
COLUMN 17 PEAK WIND IN M.P.H.
PRELIMINARY LOCAL CLIMATOLOGICAL DATA (WS FORM: F-6) , PAGE 2
STATION: BIG SPRING MCMAHON-WRINKLE FI
MONTH: SEPTEMBER
YEAR: 2020
LATITUDE: 32 12 N
LONGITUDE: 101 31 W
[TEMPERATURE DATA] [PRECIPITATION DATA] SYMBOLS USED IN COLUMN 16
AVERAGE MONTHLY: 72.1 TOTAL FOR MONTH: 1.67 1 = FOG OR MIST
DPTR FM NORMAL: 0.0 DPTR FM NORMAL: M 2 = FOG REDUCING VISIBILITY
HIGHEST: 101 ON 27 GRTST 24HR 0.77 ON 8- 8 TO 1/4 MILE OR LESS
LOWEST: 41 ON 29 3 = THUNDER
SNOW, ICE PELLETS, HAIL 4 = ICE PELLETS
TOTAL MONTH: M 5 = HAIL
GRTST 24HR M ON M 6 = FREEZING RAIN OR DRIZZLE
GRTST DEPTH: M ON M 7 = DUSTSTORM OR SANDSTORM:
VSBY 1/2 MILE OR LESS
8 = SMOKE OR HAZE
[NO. OF DAYS WITH] [WEATHER - DAYS WITH] 9 = BLOWING SNOW
X = TORNADO
MAX 32 OR BELOW: 0 0.01 INCH OR MORE: 5
MAX 90 OR ABOVE: 10 0.10 INCH OR MORE: 3
MIN 32 OR BELOW: 0 0.50 INCH OR MORE: 2
MIN 0 OR BELOW: 0 1.00 INCH OR MORE: 0
[HDD (BASE 65) ]
TOTAL THIS MO. 37 CLEAR (SCALE 0-3) 21
DPTR FM NORMAL M PTCLDY (SCALE 4-7) 7
TOTAL FM JUL 1 37 CLOUDY (SCALE 8-10) 2
DPTR FM NORMAL M
[CDD (BASE 65) ]
TOTAL THIS MO. 257
DPTR FM NORMAL M [PRESSURE DATA]
TOTAL FM JAN 1 2639 HIGHEST SLP M ON M
DPTR FM NORMAL M LOWEST SLP M ON M
[REMARKS]
#FINAL-09-20#