000
CXUS54 KMAF 011110
CF6BPG
PRELIMINARY LOCAL CLIMATOLOGICAL DATA (WS FORM: F-6)
STATION: BIG SPRING MCMAHON-WRINKLE FI
MONTH: SEPTEMBER
YEAR: 2023
LATITUDE: 32 12 N
LONGITUDE: 101 31 W
TEMPERATURE IN F: :PCPN: SNOW: WIND :SUNSHINE: SKY :PK WND
================================================================================
1 2 3 4 5 6A 6B 7 8 9 10 11 12 13 14 15 16 17 18
12Z AVG MX 2MIN
DY MAX MIN AVG DEP HDD CDD WTR SNW DPTH SPD SPD DIR MIN PSBL S-S WX SPD DR
================================================================================
1 101 67 84 M 0 19 M M M 7.0 14 170 M M 1 8 21 0
2 101 71 86 M 0 21 M M M 6.3 10 180 M M 0 18 30
3 101 69 85 M 0 20 M M M 8.0 13 240 M M 0 20 240
4 103 74 89 M 0 24 M M M 13.1 18 160 M M 0 25 180
5 105 78 92 M 0 27 M M M 11.8 17 200 M M 1 8 23 170
6 102 74 88 M 0 23 M M M 7.1 12 130 M M 0 17 90
7 102 73 88 M 0 23 M M M 8.9 14 200 M M 0 20 200
8 105 74 90 M 0 25 M M M 9.9 15 190 M M 0 22 200
9 101 71 86 M 0 21 M M M 4.8 16 60 M M 0 M M
10 98 74 86 M 0 21 M M M 13.0 24 160 M M 0 31 130
11 95 65 80 M 0 15 1.87 M M 16.3 35 40 M M 4 138 47 160
12 67 63 65 M 0 0 0.15 M M 10.7 20 50 M M 9 1 26 40
13 74 64 69 M 0 4 0.09 M M 6.9 14 80 M M 9 1 M M
14 84 66 75 M 0 10 M M M 8.4 17 100 M M 6 1 M M
15 85 64 75 M 0 10 0.32 M M 7.8 14 110 M M 1 3 30 170
16 73 72 73 M 0 8 M M M 10.4 10 80 M M 0 M M
17 M M M M M M M M M M M M M M M M M
18 M M M M M M M M M M M M M M M M M
19 M M M M M M M M M M M M M M M M M
20 M M M M M M M M M M M M M M M M M
21 M M M M M M M M M M M M M M M M M
22 97 74 86 M 0 21 M M M 10.5 16 210 M M 0 24 190
23 101 72 87 M 0 22 M M M 7.5 10 240 M M 0 18 240
24 95 70 83 M 0 18 M M M 8.0 14 70 M M 0 24 70
25 89 72 81 M 0 16 M M M 11.5 21 60 M M 2 25 60
26 90 65 78 M 0 13 M M M 5.2 8 120 M M 1 8 M M
27 94 66 80 M 0 15 M M M 6.6 15 130 M M 0 16 0
28 94 66 80 M 0 15 M M M 11.6 16 190 M M 0 22 180
29 94 71 83 M 0 18 M M M 15.2 23 170 M M 0 29 170
30 89 71 80 M 0 15 M M M 13.5 22 160 M M 1 28 180
================================================================================
SM 2340 1746 0 424 2.43 M 239.8 M 35
================================================================================
AV 93.6 69.8 9.6 FASTST M M 1 MAX(MPH)
MISC ----> 35 40 47 160
================================================================================
NOTES:
# LAST OF SEVERAL OCCURRENCES
COLUMN 17 PEAK WIND IN M.P.H.
PRELIMINARY LOCAL CLIMATOLOGICAL DATA (WS FORM: F-6) , PAGE 2
STATION: BIG SPRING MCMAHON-WRINKLE FI
MONTH: SEPTEMBER
YEAR: 2023
LATITUDE: 32 12 N
LONGITUDE: 101 31 W
[TEMPERATURE DATA] [PRECIPITATION DATA] SYMBOLS USED IN COLUMN 16
AVERAGE MONTHLY: 81.7 TOTAL FOR MONTH: 2.43 1 = FOG OR MIST
DPTR FM NORMAL: 0.0 DPTR FM NORMAL: M 2 = FOG REDUCING VISIBILITY
HIGHEST: 105 ON 8, 5 GRTST 24HR 1.87 ON 11-11 TO 1/4 MILE OR LESS
LOWEST: 63 ON 12 3 = THUNDER
SNOW, ICE PELLETS, HAIL 4 = ICE PELLETS
TOTAL MONTH: M 5 = HAIL
GRTST 24HR M ON M 6 = FREEZING RAIN OR DRIZZLE
GRTST DEPTH: M ON M 7 = DUSTSTORM OR SANDSTORM:
VSBY 1/2 MILE OR LESS
8 = SMOKE OR HAZE
[NO. OF DAYS WITH] [WEATHER - DAYS WITH] 9 = BLOWING SNOW
X = TORNADO
MAX 32 OR BELOW: 0 0.01 INCH OR MORE: 4
MAX 90 OR ABOVE: 18 0.10 INCH OR MORE: 3
MIN 32 OR BELOW: 0 0.50 INCH OR MORE: 1
MIN 0 OR BELOW: 0 1.00 INCH OR MORE: 1
[HDD (BASE 65) ]
TOTAL THIS MO. 0 CLEAR (SCALE 0-3) 21
DPTR FM NORMAL M PTCLDY (SCALE 4-7) 2
TOTAL FM JUL 1 0 CLOUDY (SCALE 8-10) 7
DPTR FM NORMAL M
[CDD (BASE 65) ]
TOTAL THIS MO. 424
DPTR FM NORMAL M [PRESSURE DATA]
TOTAL FM JAN 1 2835 HIGHEST SLP M ON M
DPTR FM NORMAL M LOWEST SLP M ON M
[REMARKS]
#FINAL-09-23#