000
CXUS54 KMAF 011110
CF6BPG
PRELIMINARY LOCAL CLIMATOLOGICAL DATA (WS FORM: F-6)
STATION: BIG SPRING MCMAHON-WRINKLE FI
MONTH: AUGUST
YEAR: 2023
LATITUDE: 32 12 N
LONGITUDE: 101 31 W
TEMPERATURE IN F: :PCPN: SNOW: WIND :SUNSHINE: SKY :PK WND
================================================================================
1 2 3 4 5 6A 6B 7 8 9 10 11 12 13 14 15 16 17 18
12Z AVG MX 2MIN
DY MAX MIN AVG DEP HDD CDD WTR SNW DPTH SPD SPD DIR MIN PSBL S-S WX SPD DR
================================================================================
1 103 79 91 M 0 26 M M M 12.3 17 130 M M 1 28 160
2 101 75 88 M 0 23 M M M 10.6 16 180 M M 1 26 160
3 102 77 90 M 0 25 M M M 11.1 18 180 M M 0 23 160
4 104 78 91 M 0 26 M M M 10.5 17 180 M M 0 22 180
5 105 81 93 M 0 28 M M M 11.7 17 180 M M 0 21 130
6 107 80 94 M 0 29 M M M 13.9 20 170 M M 0 28 180
7 107 79 93 M 0 28 M M M 11.5 21 30 M M 0 8 29 30
8 103 77 90 M 0 25 M M M 9.2 21 50 M M 0 35 320
9 107 84 96 M 0 31 M M M 11.0 20 60 M M 0 30 60
10 109 77 93 M 0 28 M M M 10.9 25 150 M M 0 3 43 150
11 107 78 93 M 0 28 0.01 M M 12.4 21 150 M M 1 3 30 150
12 106 82 94 M 0 29 M M M 12.2 20 220 M M 0 25 220
13 105 81 93 M 0 28 M M M 12.0 20 180 M M 0 25 180
14 93 78 86 M 0 21 M M M 15.4 22 40 M M 0 30 40
15 95 71 83 M 0 18 M M M 9.9 17 60 M M 1 24 60
16 102 74 88 M 0 23 M M M 8.2 14 180 M M 1 21 200
17 104 77 91 M 0 26 M M M 9.4 16 210 M M 0 8 51 250
18 106 71 89 M 0 24 M M M 9.3 17 140 M M 0 8 23 160
19 103 74 89 M 0 24 M M M 11.6 21 130 M M 0 8 25 140
20 102 72 87 M 0 22 M M M 12.1 23 130 M M 2 29 120
21 103 75 89 M 0 24 M M M 9.5 23 110 M M 2 28 60
22 98 76 87 M 0 22 M M M 8.1 14 120 M M 2 23 110
23 94 74 84 M 0 19 0.04 M M 11.8 23 120 M M 3 36 120
24 98 71 85 M 0 20 M M M 8.4 16 150 M M 0 21 150
25 101 70 86 M 0 21 M M M 7.3 12 160 M M 0 22 150
26 102 76 89 M 0 24 M M M 6.2 13 340 M M 3 23 70
27 93 78 86 M 0 21 M M M 11.7 20 30 M M 2 25 30
28 88 71 80 M 0 15 M M M 8.4 18 200 M M 3 3 21 80
29 95 65 80 M 0 15 M M M 8.2 22 10 M M 0 8 38 40
30 94 73 84 M 0 19 M M M 7.2 16 50 M M 4 18 30
31 99 67 83 M 0 18 M M M 4.3 13 160 M M 0 22 160
================================================================================
SM 3136 2341 0 730 0.05 M 316.4 M 26
================================================================================
AV101.2 75.5 10.2 FASTST M M 1 MAX(MPH)
MISC ----> 25 150 51 250
================================================================================
NOTES:
# LAST OF SEVERAL OCCURRENCES
COLUMN 17 PEAK WIND IN M.P.H.
PRELIMINARY LOCAL CLIMATOLOGICAL DATA (WS FORM: F-6) , PAGE 2
STATION: BIG SPRING MCMAHON-WRINKLE FI
MONTH: AUGUST
YEAR: 2023
LATITUDE: 32 12 N
LONGITUDE: 101 31 W
[TEMPERATURE DATA] [PRECIPITATION DATA] SYMBOLS USED IN COLUMN 16
AVERAGE MONTHLY: 88.3 TOTAL FOR MONTH: 0.05 1 = FOG OR MIST
DPTR FM NORMAL: 0.0 DPTR FM NORMAL: M 2 = FOG REDUCING VISIBILITY
HIGHEST: 109 ON 10 GRTST 24HR 0.04 ON 23-23 TO 1/4 MILE OR LESS
LOWEST: 65 ON 29 3 = THUNDER
SNOW, ICE PELLETS, HAIL 4 = ICE PELLETS
TOTAL MONTH: M 5 = HAIL
GRTST 24HR M ON M 6 = FREEZING RAIN OR DRIZZLE
GRTST DEPTH: M ON M 7 = DUSTSTORM OR SANDSTORM:
VSBY 1/2 MILE OR LESS
8 = SMOKE OR HAZE
[NO. OF DAYS WITH] [WEATHER - DAYS WITH] 9 = BLOWING SNOW
X = TORNADO
MAX 32 OR BELOW: 0 0.01 INCH OR MORE: 2
MAX 90 OR ABOVE: 30 0.10 INCH OR MORE: 0
MIN 32 OR BELOW: 0 0.50 INCH OR MORE: 0
MIN 0 OR BELOW: 0 1.00 INCH OR MORE: 0
[HDD (BASE 65) ]
TOTAL THIS MO. 0 CLEAR (SCALE 0-3) 27
DPTR FM NORMAL M PTCLDY (SCALE 4-7) 4
TOTAL FM JUL 1 0 CLOUDY (SCALE 8-10) 0
DPTR FM NORMAL M
[CDD (BASE 65) ]
TOTAL THIS MO. 730
DPTR FM NORMAL M [PRESSURE DATA]
TOTAL FM JAN 1 2411 HIGHEST SLP M ON M
DPTR FM NORMAL M LOWEST SLP M ON M
[REMARKS]
#FINAL-08-23#