000
CXUS54 KLCH 010830
CF6BPT
PRELIMINARY LOCAL CLIMATOLOGICAL DATA (WS FORM: F-6)
STATION: BEAUMONT PORT ARTHUR
MONTH: MARCH
YEAR: 2022
LATITUDE: 29 57 N
LONGITUDE: 94 1 W
TEMPERATURE IN F: :PCPN: SNOW: WIND :SUNSHINE: SKY :PK WND
================================================================================
1 2 3 4 5 6A 6B 7 8 9 10 11 12 13 14 15 16 17 18
12Z AVG MX 2MIN
DY MAX MIN AVG DEP HDD CDD WTR SNW DPTH SPD SPD DIR MIN PSBL S-S WX SPD DR
================================================================================
1 70 34 52 -8 13 0 0.00 0.0 M 3.8 13 180 M M 0 1 16 160
2 73 40 57 -4 8 0 0.00 0.0 M 3.5 15 180 M M 0 18 26 170
3 73 50 62 1 3 0 0.00 0.0 M 3.4 13 130 M M 1 18 16 150
4 77 51 64 3 1 0 0.00 0.0 M 9.1 18 120 M M 4 12 24 130
5 82 65 74 13 0 9 0.00 0.0 M 16.3 28 170 M M 7 38 180
6 82 66 74 13 0 9 0.00 0.0 M 16.1 26 140 M M 9 1 36 150
7 71 52 62 0 3 0 T 0.0 M 14.4 29 10 M M 9 1 43 20
8 52 43 48 -14 17 0 0.09 0.0 M 12.7 22 350 M M 10 13 29 360
9 60 43 52 -10 13 0 0.00 0.0 M 11.6 23 360 M M 8 30 360
10 74 41 58 -4 7 0 0.00 0.0 M 6.1 13 150 M M 0 1 18 140
11 71 41 56 -6 9 0 0.07 0.0 M 12.2 36 350 M M 10 1 47 350
12 57 33 45 -17 20 0 0.00 0.0 M 12.6 31 360 M M 1 45 360
13 62 36 49 -14 16 0 0.00 0.0 M 9.6 20 150 M M 2 27 120
14 74 53 64 1 1 0 1.01 0.0 M 14.3 25 140 M M 9 13 33 150
15 74 54 64 1 1 0 0.27 0.0 M 10.2 37 330 M M 2 13 48 340
16 76 47 62 -1 3 0 0.00 0.0 M 5.6 17 170 M M 0 12 22 160
17 78 50 64 0 1 0 0.21 M M 13.8 26 140 M M 6 12 34 140
18 72 54 63 -1 2 0 T 0.0 M 13.7 25 310 M M 3 1 33 300
19 74 41 58 -6 7 0 0.00 0.0 M 5.6 21 10 M M 0 1 27 10
20 74 44 59 -5 6 0 0.00 0.0 M 10.8 25 130 M M 0 1 33 140
21 76 62 69 5 0 4 0.17 0.0 M 20.6 33 120 M M 9 18 45 120
22 75 52 64 0 1 0 1.24 0.0 M 12.9 24 310 M M 6 13 35 320
23 69 45 57 -8 8 0 0.00 0.0 M 9.1 22 310 M M 0 29 300
24 72 45 59 -6 6 0 0.00 0.0 M 8.3 21 250 M M 0 32 240
25 80 43 62 -3 3 0 0.00 0.0 M 5.4 16 330 M M 0 12 25 340
26 80 45 63 -2 2 0 0.00 0.0 M 7.2 16 170 M M 2 12 23 210
27 80 55 68 3 0 3 0.00 0.0 M 9.2 20 190 M M 1 12 28 180
28 81 56 69 3 0 4 0.00 0.0 M 10.7 22 180 M M 4 12 31 210
29 79 67 73 7 0 8 0.00 0.0 M 17.8 31 140 M M 8 42 140
30 78 59 69 3 0 4 0.76 0.0 M 15.1 35 150 M M 5 13 48 140
31 75 48 62 -4 3 0 0.00 0.0 M 6.0 20 350 M M 0 27 330
================================================================================
SM 2271 1515 154 41 3.82 0.0 327.7 M 116
================================================================================
AV 73.3 48.9 10.6 FASTST M M 4 MAX(MPH)
MISC ----> 37 330 # 48 340
================================================================================
NOTES:
# LAST OF SEVERAL OCCURRENCES
COLUMN 17 PEAK WIND IN M.P.H.
PRELIMINARY LOCAL CLIMATOLOGICAL DATA (WS FORM: F-6) , PAGE 2
STATION: BEAUMONT PORT ARTHUR
MONTH: MARCH
YEAR: 2022
LATITUDE: 29 57 N
LONGITUDE: 94 1 W
[TEMPERATURE DATA] [PRECIPITATION DATA] SYMBOLS USED IN COLUMN 16
AVERAGE MONTHLY: 61.1 TOTAL FOR MONTH: 3.82 1 = FOG OR MIST
DPTR FM NORMAL: -2.2 DPTR FM NORMAL: 0.19 2 = FOG REDUCING VISIBILITY
HIGHEST: 82 ON 6, 5 GRTST 24HR 1.41 ON 21-22 TO 1/4 MILE OR LESS
LOWEST: 33 ON 12 3 = THUNDER
SNOW, ICE PELLETS, HAIL 4 = ICE PELLETS
TOTAL MONTH: 0.0 INCH 5 = HAIL
GRTST 24HR 0.0 6 = FREEZING RAIN OR DRIZZLE
GRTST DEPTH: M ON M 7 = DUSTSTORM OR SANDSTORM:
VSBY 1/2 MILE OR LESS
8 = SMOKE OR HAZE
[NO. OF DAYS WITH] [WEATHER - DAYS WITH] 9 = BLOWING SNOW
X = TORNADO
MAX 32 OR BELOW: 0 0.01 INCH OR MORE: 8
MAX 90 OR ABOVE: 0 0.10 INCH OR MORE: 6
MIN 32 OR BELOW: 0 0.50 INCH OR MORE: 3
MIN 0 OR BELOW: 0 1.00 INCH OR MORE: 2
[HDD (BASE 65) ]
TOTAL THIS MO. 154 CLEAR (SCALE 0-3) 17
DPTR FM NORMAL 29 PTCLDY (SCALE 4-7) 8
TOTAL FM JUL 1 1124 CLOUDY (SCALE 8-10) 6
DPTR FM NORMAL -104
[CDD (BASE 65) ]
TOTAL THIS MO. 41
DPTR FM NORMAL -31 [PRESSURE DATA]
TOTAL FM JAN 1 81 HIGHEST SLP 30.47 ON 12
DPTR FM NORMAL -32 LOWEST SLP 29.53 ON 30
[REMARKS]
#FINAL-03-22#