000
CXUS54 KBRO 010737
CLMBRO
CLIMATE REPORT
NATIONAL WEATHER SERVICE BROWNSVILLE, TX
137 AM CST THU FEB 01 2024
...................................
...THE BROWNSVILLE CLIMATE SUMMARY FOR THE MONTH OF JANUARY 2024...
CLIMATE NORMAL PERIOD 1991 TO 2020
CLIMATE RECORD PERIOD 1878 TO 2024
WEATHER OBSERVED NORMAL DEPART LAST YEAR`S
VALUE DATE(S) VALUE FROM VALUE DATE(S)
NORMAL
................................................................
TEMPERATURE (F)
HIGHEST 83 01/08 83 0 85 01/03
01/18
LOWEST 29 01/16 34 -5 39 01/14
01/31
AVG. MAXIMUM 72.1 72.6 -0.5 76.7
AVG. MINIMUM 51.5 53.1 -1.6 56.8
MEAN 61.8 62.8 -1.0 66.8
DAYS MAX >= 90 0 0.0 0.0 0
DAYS MAX <= 32 0 0.0 0.0 0
DAYS MIN <= 32 2 0.5 1.5 0
DAYS MIN <= 0 0 0.0 0.0 0
PRECIPITATION (INCHES)
TOTALS 1.54 1.08 0.46 0.27
DAILY AVG. 0.05 0.03 0.02 0.01
DAYS >= .01 6 7.0 -1.0 5
DAYS >= .10 3 2.3 0.7 1
DAYS >= .50 1 0.4 0.6 0
DAYS >= 1.00 0 0.2 -0.2 0
GREATEST
24 HR. TOTAL 0.70 01/05 TO 01/05
STORM TOTAL 0.70
(MM/DD(HH))
SNOWFALL (INCHES)
TOTALS 0.0 0.0 0.0 0.0
SINCE 7/1 0.0 0.0 0.0
DEGREE DAYS
HEATING TOTAL 150 142 8 67
SINCE 7/1 257 313 -56 MM
COOLING TOTAL 57 76 -19 132
SINCE 1/1 57 76 -19 MM
................................................................
WIND (MPH)
AVERAGE WIND SPEED 9.3
HIGHEST WIND SPEED/DIRECTION 49/180 DATE 01/08
HIGHEST GUST SPEED/DIRECTION 74/170 DATE 01/08
SKY COVER
POSSIBLE SUNSHINE (PERCENT) MM
AVERAGE SKY COVER 0.52
NUMBER OF DAYS FAIR 9
NUMBER OF DAYS PC 12
NUMBER OF DAYS CLOUDY 9
AVERAGE RH (PERCENT) 74
WEATHER CONDITIONS. NUMBER OF DAYS WITH
THUNDERSTORM 2 MIXED PRECIP 0
HEAVY RAIN 3 RAIN 3
LIGHT RAIN 11 FREEZING RAIN 0
LT FREEZING RAIN 0 HAIL 0
HEAVY SNOW 0 SNOW 0
LIGHT SNOW 0 SLEET 0
FOG 21 FOG W/VIS <= 1/4 MILE 3
HAZE 5
- INDICATES NEGATIVE NUMBERS.
R INDICATES RECORD WAS SET OR TIED.
MM INDICATES DATA IS MISSING.
T INDICATES TRACE AMOUNT.
$$