000
CXAK56 PAFG 011002
CF6BRW
PRELIMINARY LOCAL CLIMATOLOGICAL DATA (WS FORM: F-6)
STATION: UTQIAGVIK (BARROW) AK
MONTH: NOVEMBER
YEAR: 2020
LATITUDE: 71 17 N
LONGITUDE: 156 47 W
TEMPERATURE IN F: :PCPN: SNOW: WIND :SUNSHINE: SKY :PK WND
================================================================================
1 2 3 4 5 6A 6B 7 8 9 10 11 12 13 14 15 16 17 18
12Z AVG MX 2MIN
DY MAX MIN AVG DEP HDD CDD WTR SNW DPTH SPD SPD DIR MIN PSBL S-S WX SPD DR
================================================================================
1 30 23 27 20 38 0 0.06 M M 16.6 31 280 M M 8 189 37 280
2 30 25 28 21 37 0 0.09 M M 15.0 26 270 M M 8 18 30 270
3 30 9 20 14 45 0 0.07 M M 16.1 31 240 M M 10 18 36 240
4 28 13 21 15 44 0 0.06 M M 21.7 37 290 M M 7 1289 42 280
5 24 9 17 12 48 0 0.07 M M 16.2 29 200 M M 7 1289 33 210
6 34 10 22 17 43 0 0.09 M M 13.2 26 220 M M 9 18 30 220
7 33 29 31 27 34 0 0.04 M M 19.8 26 210 M M 10 1 31 200
8 29 13 21 17 44 0 0.04 M M 22.2 29 60 M M 10 189 35 40
9 15 6 11 8 54 0 T M M 14.4 22 110 M M 9 26 110
10 19 8 14 11 51 0 T M M 23.6 31 100 M M 6 89 38 100
11 20 15 18 16 47 0 0.01 M M 17.5 28 70 M M 10 19 32 60
12 15 9 12 10 53 0 T M M 12.3 21 60 M M 8 8 25 50
13 20 10 15 14 50 0 T M M 12.9 22 310 M M 10 18 26 320
14 23 18 21 20 44 0 T M M 17.2 24 310 M M 8 8 29 320
15 25 15 20 20 45 0 0.04 M M 15.6 25 180 M M 9 18 29 180
16 32 16 24 24 41 0 0.12 M M 19.1 35 240 M M 10 1689 42 230
17 31 15 23 23 42 0 0.02 M M 10.9 17 130 M M 9 126 21 130
18 27 4 16 17 49 0 0.00 M M 7.2 18 150 M M 4 128 21 150
19 24 6 15 16 50 0 T M M 9.6 20 80 M M 8 128 22 80
20 14 1 8 9 57 0 T M M 14.2 22 120 M M 4 1268 25 120
21 19 8 14 16 51 0 0.01 M M 12.2 20 110 M M 3 126 25 100
22 17 2 10 12 55 0 T M M 11.8 18 100 M M 5 128 23 100
23 16 0 8 10 57 0 T M M 13.0 20 80 M M 9 18 24 80
24 15 8 12 15 53 0 0.01 M M 19.5 33 90 M M 10 189 39 90
25 13 9 11 14 54 0 0.18 M M 32.5 38 60 M M 9 19 45 70
26 10 2 6 9 59 0 0.01 M M 22.2 38 60 M M 7 189 45 60
27 8 0 4 7 61 0 T M M 11.7 17 50 M M 7 18 21 50
28 9 1 5 9 60 0 T M M 7.0 14 60 M M 10 16 60
29 10 -1 5 9 60 0 T M M 5.0 10 200 M M 10 18 11 190
30 11 6 9 13 56 0 0.09 M M 12.1 22 70 M M 10 18 26 70
================================================================================
SM 631 289 1482 0 1.01 M 462.3 M 244
================================================================================
AV 21.0 9.6 15.4 FASTST M M 8 MAX(MPH)
MISC ----> # 38 60 # 45 70
================================================================================
NOTES:
# LAST OF SEVERAL OCCURRENCES
COLUMN 17 PEAK WIND IN M.P.H.
PRELIMINARY LOCAL CLIMATOLOGICAL DATA (WS FORM: F-6) , PAGE 2
STATION: UTQIAGVIK (BARROW) AK
MONTH: NOVEMBER
YEAR: 2020
LATITUDE: 71 17 N
LONGITUDE: 156 47 W
[TEMPERATURE DATA] [PRECIPITATION DATA] SYMBOLS USED IN COLUMN 16
AVERAGE MONTHLY: 15.3 TOTAL FOR MONTH: 1.01 1 = FOG OR MIST
DPTR FM NORMAL: 14.6 DPTR FM NORMAL: 0.80 2 = FOG REDUCING VISIBILITY
HIGHEST: 34 ON 6 GRTST 24HR 0.19 ON 24-25 TO 1/4 MILE OR LESS
LOWEST: -1 ON 29 3 = THUNDER
SNOW, ICE PELLETS, HAIL 4 = ICE PELLETS
TOTAL MONTH: M 5 = HAIL
GRTST 24HR M ON M 6 = FREEZING RAIN OR DRIZZLE
GRTST DEPTH: M ON M 7 = DUSTSTORM OR SANDSTORM:
VSBY 1/2 MILE OR LESS
8 = SMOKE OR HAZE
[NO. OF DAYS WITH] [WEATHER - DAYS WITH] 9 = BLOWING SNOW
X = TORNADO
MAX 32 OR BELOW: 28 0.01 INCH OR MORE: 17
MAX 90 OR ABOVE: 0 0.10 INCH OR MORE: 2
MIN 32 OR BELOW: 30 0.50 INCH OR MORE: 0
MIN 0 OR BELOW: 3 1.00 INCH OR MORE: 0
[HDD (BASE 65) ]
TOTAL THIS MO. 1482 CLEAR (SCALE 0-3) 1
DPTR FM NORMAL -447 PTCLDY (SCALE 4-7) 11
TOTAL FM JUL 1 5095 CLOUDY (SCALE 8-10) 18
DPTR FM NORMAL -856
[CDD (BASE 65) ]
TOTAL THIS MO. 0
DPTR FM NORMAL 0 [PRESSURE DATA]
TOTAL FM JAN 1 0 HIGHEST SLP M ON M
DPTR FM NORMAL 0 LOWEST SLP 29.26 ON 6
[REMARKS]
#FINAL-11-20#