000
CXUS53 KGRR 020002 RRA
CLABTL
WRKCLMBTL 000
TTAA00 KGRR 012359
CLIMATE REPORT
NATIONAL WEATHER SERVICE GRAND RAPIDS, MI
620 PM EST WED JAN 1 2020
...................................
...THE BATTLE CREEK MI CLIMATE SUMMARY FOR THE YEAR OF 2019...
CLIMATE NORMAL PERIOD 1981 TO 2010
CLIMATE RECORD PERIOD 1998 TO 2019
WEATHER OBSERVED NORMAL DEPART LAST YEAR`S
VALUE DATE(S) VALUE FROM VALUE DATE(S)
NORMAL
................................................................
TEMPERATURE (F)
HIGHEST 94 07/20 MM MM 94 05/28
LOWEST -18 01/31 MM MM -9 01/05
AVG. MAXIMUM 57.6 58.8 -1.2 58.3
AVG. MINIMUM 40.1 37.7 2.4 41.3
MEAN 48.8 48.2 0.6 49.8
DAYS MAX >= 90 10 6.7 3.3 18
DAYS MAX <= 32 46 42.5 3.5 43
DAYS MIN <= 32 137 144.5 -7.5 146
DAYS MIN <= 0 6 7.0 -1.0 6
PRECIPITATION (INCHES)
TOTALS 37.60 33.15 4.45 34.68
DAILY AVG. 0.10 0.09 0.01 0.10
DAYS >= .01 141 132.0 9.0 139
DAYS >= .10 84 70.8 13.2 72
DAYS >= .50 27 21.1 5.9 21
DAYS >= 1.00 3 6.7 -3.7 6
GREATEST
24 HR. TOTAL 1.33 10/26 TO 10/26
DEGREE_DAYS
HEATING TOTAL 6457 6689 -232 6366
SINCE 7/1 2346 2600 -254 2363
COOLING TOTAL 783 578 205 1007
SINCE 1/1 783 578 205 1007
FREEZE DATES
EARLIEST MM
LATEST MM
.................................................................
WIND (MPH)
AVERAGE WIND SPEED 8.8
RESULTANT WIND SPEED/DIRECTION 3/237
HIGHEST WIND SPEED/DIRECTION 44/260 DATE 02/24
HIGHEST GUST SPEED/DIRECTION 60/280 DATE 02/24
SKY COVER
POSSIBLE SUNSHINE (PERCENT) MM
AVERAGE SKY COVER 0.50
NUMBER OF DAYS FAIR 117
NUMBER OF DAYS PC 131
NUMBER OF DAYS CLOUDY 115
AVERAGE RH (PERCENT) 74
WEATHER CONDITIONS. NUMBER OF DAYS WITH
THUNDERSTORM 44 MIXED PRECIP 0
HEAVY RAIN 38 RAIN 69
LIGHT RAIN 146 FREEZING RAIN 2
LT FREEZING RAIN 7 HAIL 0
HEAVY SNOW 3 SNOW 11
LIGHT SNOW 65 SLEET 0
FOG 179 FOG W/VIS <= 1/4 MILE 18
HAZE 49
- INDICATES NEGATIVE NUMBERS.
R INDICATES RECORD WAS SET OR TIED.
MM INDICATES DATA IS MISSING.
T INDICATES TRACE AMOUNT.
$$