000
CXUS51 KBTV 010700
CF6BTV
PRELIMINARY LOCAL CLIMATOLOGICAL DATA (WS FORM: F-6)
STATION: BURLINGTON VT
MONTH: MAY
YEAR: 2020
LATITUDE: 44 28 N
LONGITUDE: 73 9 W
TEMPERATURE IN F: :PCPN: SNOW: WIND :SUNSHINE: SKY :PK WND
================================================================================
1 2 3 4 5 6A 6B 7 8 9 10 11 12 13 14 15 16 17 18
12Z AVG MX 2MIN
DY MAX MIN AVG DEP HDD CDD WTR SNW DPTH SPD SPD DIR MIN PSBL S-S WX SPD DR
================================================================================
1 68 46 57 6 8 0 0.10 0.0 0 9.5 24 330 M M 9 18 32 350
2 67 36 52 0 13 0 T 0.0 0 3.8 16 340 M M 4 21 360
3 76 51 64 12 1 0 0.02 0.0 0 9.4 21 190 M M 7 27 190
4 58 43 51 -1 14 0 0.02 0.0 0 10.5 22 330 M M 8 26 330
5 53 37 45 -8 20 0 0.00 0.0 0 10.4 23 330 M M 8 29 330
6 58 34 46 -7 19 0 0.00 0.0 0 3.6 15 250 M M 7 19 280
7 63 34 49 -4 16 0 0.03 0.0 0 6.3 22 260 M M 5 29 270
8 53 34 44 -10 21 0 0.10 T 0 8.8 20 290 M M 8 1 28 260
9 41 32 37 -17 28 0 0.07 0.1 0 13.4 26 280 M M 9 18 37 280
10 53 38 46 -8 19 0 T T 0 10.0 20 250 M M 8 25 250
11 53 37 45 -10 20 0 0.64 0.0 0 5.8 17 330 M M 9 1 22 330
12 51 35 43 -12 22 0 0.00 0.0 0 11.4 23 320 M M 5 29 310
13 58 33 46 -9 19 0 0.00 0.0 M 9.2 22 320 M M 1 29 320
14 69 33 51 -5 14 0 0.00 0.0 0 3.7 15 190 M M 4 18 200
15 72 52 62 6 3 0 0.58 0.0 0 8.5 37 320 M M 10 1 47 330
16 63 51 57 1 8 0 0.00 0.0 0 7.7 17 330 M M 9 21 330
17 69 50 60 3 5 0 0.00 0.0 0 4.1 12 350 M M 8 17 330
18 70 51 61 4 4 0 0.00 0.0 0 8.8 18 320 M M 6 22 300
19 73 39 56 -1 9 0 0.00 0.0 0 5.5 15 330 M M 3 19 320
20 75 45 60 2 5 0 0.00 0.0 0 4.7 13 190 M M 2 15 190
21 80 55 68 10 0 3 0.00 0.0 0 8.5 17 190 M M 3 22 190
22 87 49 68 10 0 3 0.00 0.0 0 4.6 14 180 M M 1 18 170
23 79 54 67 8 0 2 0.00 0.0 0 8.7 22 330 M M 2 25 350
24 80 50 65 6 0 0 0.00 0.0 0 9.9 18 190 M M 4 25 190
25 79 60 70 11 0 5 T 0.0 0 13.0 24 180 M M 5 34 170
26 92 66 79 19 0 14 0.00 0.0 0 7.7 17 180 M M 3 21 190
27 95 72 84 24 0 19 0.00 0.0 M 10.7 18 190 M M 3 26 180
28 87 72 80 20 0 15 0.00 0.0 M 14.0 25 190 M M 6 32 200
29 87 67 77 17 0 12 0.98 0.0 0 13.1 25 270 M M 7 13 35 300
30 74 53 64 3 1 0 0.06 0.0 0 10.0 24 320 M M 8 1 32 320
31 54 45 50 -11 15 0 0.01 0.0 0 10.9 23 330 M M 8 27 310
================================================================================
SM 2137 1454 284 73 2.61 0.1 266.2 M 180
================================================================================
AV 68.9 46.9 8.6 FASTST M M 6 MAX(MPH)
MISC ----> 37 320 47 330
================================================================================
NOTES:
# LAST OF SEVERAL OCCURRENCES
COLUMN 17 PEAK WIND IN M.P.H.
PRELIMINARY LOCAL CLIMATOLOGICAL DATA (WS FORM: F-6) , PAGE 2
STATION: BURLINGTON VT
MONTH: MAY
YEAR: 2020
LATITUDE: 44 28 N
LONGITUDE: 73 9 W
[TEMPERATURE DATA] [PRECIPITATION DATA] SYMBOLS USED IN COLUMN 16
AVERAGE MONTHLY: 57.9 TOTAL FOR MONTH: 2.61 1 = FOG OR MIST
DPTR FM NORMAL: 1.6 DPTR FM NORMAL: -0.84 2 = FOG REDUCING VISIBILITY
HIGHEST: 95 ON 27 GRTST 24HR 1.02 ON 29-30 TO 1/4 MILE OR LESS
LOWEST: 32 ON 9 3 = THUNDER
SNOW, ICE PELLETS, HAIL 4 = ICE PELLETS
TOTAL MONTH: 0.1 INCH 5 = HAIL
GRTST 24HR 0.1 ON 9- 9 6 = FREEZING RAIN OR DRIZZLE
GRTST DEPTH: 0 7 = DUSTSTORM OR SANDSTORM:
VSBY 1/2 MILE OR LESS
8 = SMOKE OR HAZE
[NO. OF DAYS WITH] [WEATHER - DAYS WITH] 9 = BLOWING SNOW
X = TORNADO
MAX 32 OR BELOW: 0 0.01 INCH OR MORE: 11
MAX 90 OR ABOVE: 2 0.10 INCH OR MORE: 5
MIN 32 OR BELOW: 1 0.50 INCH OR MORE: 3
MIN 0 OR BELOW: 0 1.00 INCH OR MORE: 0
[HDD (BASE 65) ]
TOTAL THIS MO. 284 CLEAR (SCALE 0-3) 7
DPTR FM NORMAL -3 PTCLDY (SCALE 4-7) 17
TOTAL FM JUL 1 6751 CLOUDY (SCALE 8-10) 7
DPTR FM NORMAL -609
[CDD (BASE 65) ]
TOTAL THIS MO. 73
DPTR FM NORMAL 56 [PRESSURE DATA]
TOTAL FM JAN 1 73 HIGHEST SLP M ON M
DPTR FM NORMAL 54 LOWEST SLP 29.56 ON 3
[REMARKS]
#FINAL-05-20#