000
CXUS56 KLOX 011155
CF6BUR
PRELIMINARY LOCAL CLIMATOLOGICAL DATA (WS FORM: F-6)
STATION: HOLLYWOOD/BURBANK AIRPORT CA
MONTH: MARCH
YEAR: 2022
LATITUDE: 34 12 N
LONGITUDE: 118 22 W
TEMPERATURE IN F: :PCPN: SNOW: WIND :SUNSHINE: SKY :PK WND
================================================================================
1 2 3 4 5 6A 6B 7 8 9 10 11 12 13 14 15 16 17 18
12Z AVG MX 2MIN
DY MAX MIN AVG DEP HDD CDD WTR SNW DPTH SPD SPD DIR MIN PSBL S-S WX SPD DR
================================================================================
1 87 52 70 12 0 5 0.00 M M 4.2 13 170 M M 0 16 130
2 85 51 68 10 0 3 0.00 M M 4.6 14 180 M M 0 17 190
3 71 51 61 3 4 0 0.11 M M 7.4 17 180 M M 2 8 22 150
4 63 52 58 0 7 0 T M M 6.8 15 150 M M 7 19 220
5 60 48 54 -4 11 0 0.06 M M 6.7 20 360 M M 5 26 350
6 64 41 53 -5 12 0 0.00 M M 4.7 15 190 M M 0 18 200
7 73 42 58 0 7 0 0.00 M M 6.0 23 20 M M 0 29 30
8 71 45 58 -1 7 0 0.00 M M 4.8 14 200 M M 0 17 180
9 71 46 59 0 6 0 0.00 M M 5.6 14 190 M M 1 21 210
10 72 54 63 4 2 0 0.00 M M 5.7 22 330 M M 2 29 30
11 74 49 62 3 3 0 0.00 M M 4.5 15 40 M M 0 21 30
12 80 47 64 5 1 0 0.00 M M 4.7 15 190 M M 0 20 190
13 74 48 61 2 4 0 0.00 M M 5.5 20 350 M M 0 25 360
14 83 52 68 9 0 3 0.00 M M 4.4 10 120 M M 0 M M
15 79 54 67 8 0 2 0.00 M M 4.1 10 150 M M 0 M M
16 81 58 70 11 0 5 0.00 M M 11.1 22 330 M M 0 32 330
17 83 57 70 11 0 5 0.00 M M 4.9 20 270 M M 0 23 270
18 81 55 68 8 0 3 0.00 M M 3.8 10 180 M M 0 M M
19 70 57 64 4 1 0 T M M 6.8 13 170 M M 3 17 140
20 75 54 65 5 0 0 0.15 M M 13.2 22 340 M M 1 1 35 340
21 80 55 68 8 0 3 0.00 M M 6.3 18 330 M M 0 23 330
22 86 57 72 12 0 7 0.00 M M 4.9 14 160 M M 0 19 150
23 89 59 74 14 0 9 0.00 M M 3.9 15 190 M M 0 18 190
24 89 59 74 14 0 9 0.00 M M 3.8 14 200 M M 0 17 200
25 88 60 74 14 0 9 0.00 M M 4.1 14 190 M M 0 17 170
26 82 55 69 9 0 4 0.00 M M 6.2 13 140 M M 0 8 20 130
27 71 56 64 4 1 0 0.00 M M 9.7 14 180 M M 6 8 22 180
28 62 54 58 -2 7 0 1.25 M M 9.7 26 140 M M 10 1 33 140
29 70 51 61 1 4 0 0.00 M M 6.6 17 150 M M 2 22 270
30 71 54 63 3 2 0 0.00 M M 4.3 14 180 M M 1 18 190
31 65 57 61 1 4 0 0.00 M M 5.9 13 130 M M 10 8 20 90
================================================================================
SM 2350 1630 83 67 1.57 M 184.8 M 50
================================================================================
AV 75.8 52.6 6.0 FASTST M M 2 MAX(MPH)
MISC ----> 26 140 35 340
================================================================================
NOTES:
# LAST OF SEVERAL OCCURRENCES
COLUMN 17 PEAK WIND IN M.P.H.
PRELIMINARY LOCAL CLIMATOLOGICAL DATA (WS FORM: F-6) , PAGE 2
STATION: HOLLYWOOD/BURBANK AIRPORT CA
MONTH: MARCH
YEAR: 2022
LATITUDE: 34 12 N
LONGITUDE: 118 22 W
[TEMPERATURE DATA] [PRECIPITATION DATA] SYMBOLS USED IN COLUMN 16
AVERAGE MONTHLY: 64.2 TOTAL FOR MONTH: 1.57 1 = FOG OR MIST
DPTR FM NORMAL: 4.9 DPTR FM NORMAL: -0.86 2 = FOG REDUCING VISIBILITY
HIGHEST: 89 ON 24,23 GRTST 24HR 1.25 ON 28-28 TO 1/4 MILE OR LESS
LOWEST: 41 ON 6 3 = THUNDER
SNOW, ICE PELLETS, HAIL 4 = ICE PELLETS
TOTAL MONTH: M 5 = HAIL
GRTST 24HR M ON M 6 = FREEZING RAIN OR DRIZZLE
GRTST DEPTH: M ON M 7 = DUSTSTORM OR SANDSTORM:
VSBY 1/2 MILE OR LESS
8 = SMOKE OR HAZE
[NO. OF DAYS WITH] [WEATHER - DAYS WITH] 9 = BLOWING SNOW
X = TORNADO
MAX 32 OR BELOW: 0 0.01 INCH OR MORE: 4
MAX 90 OR ABOVE: 0 0.10 INCH OR MORE: 3
MIN 32 OR BELOW: 0 0.50 INCH OR MORE: 1
MIN 0 OR BELOW: 0 1.00 INCH OR MORE: 1
[HDD (BASE 65) ]
TOTAL THIS MO. 83 CLEAR (SCALE 0-3) 25
DPTR FM NORMAL -112 PTCLDY (SCALE 4-7) 4
TOTAL FM JUL 1 816 CLOUDY (SCALE 8-10) 2
DPTR FM NORMAL -399
[CDD (BASE 65) ]
TOTAL THIS MO. 67
DPTR FM NORMAL 50 [PRESSURE DATA]
TOTAL FM JAN 1 112 HIGHEST SLP 30.27 ON 11
DPTR FM NORMAL 84 LOWEST SLP 29.72 ON 28
[REMARKS]
#FINAL-03-22#