000
CXUS53 KLMK 010710
CF6BWG
PRELIMINARY LOCAL CLIMATOLOGICAL DATA (WS FORM: F-6)
STATION: BOWLING GREEN KY
MONTH: AUGUST
YEAR: 2023
LATITUDE: 36 58 N
LONGITUDE: 86 26 W
TEMPERATURE IN F: :PCPN: SNOW: WIND :SUNSHINE: SKY :PK WND
================================================================================
1 2 3 4 5 6A 6B 7 8 9 10 11 12 13 14 15 16 17 18
12Z AVG MX 2MIN
DY MAX MIN AVG DEP HDD CDD WTR SNW DPTH SPD SPD DIR MIN PSBL S-S WX SPD DR
================================================================================
1 86 64 75 -5 0 10 0.00 0.0 0 4.1 13 50 M M 0 19 70
2 82 61 72 -8 0 7 0.02 0.0 0 2.0 7 180 M M 2 10 210
3 78 71 75 -5 0 10 0.94 0.0 0 5.7 13 220 M M 8 13 19 210
4 84 70 77 -3 0 12 0.00 0.0 0 2.6 8 110 M M 6 12 12 160
5 85 69 77 -3 0 12 0.03 0.0 0 4.8 17 170 M M 2 13 22 170
6 89 72 81 1 0 16 0.35 0.0 0 7.4 21 250 M M 4 13 33 250
7 88 70 79 -1 0 14 0.00 0.0 0 11.7 22 270 M M 5 31 270
8 83 68 76 -4 0 11 0.00 0.0 0 5.1 13 230 M M 3 21 240
9 83 66 75 -4 0 10 1.25 0.0 0 6.0 16 180 M M 4 13 22 200
10 85 71 78 -1 0 13 0.30 0.0 0 4.2 13 260 M M 6 13 17 270
11 89 67 78 -1 0 13 0.00 0.0 0 2.6 10 220 M M 1 1 17 220
12 88 73 81 2 0 16 0.55 0.0 0 5.9 21 270 M M 2 13 29 260
13 90 71 81 2 0 16 0.20 0.0 0 4.4 24 250 M M 3 13 37 250
14 89 73 81 2 0 16 0.22 0.0 0 7.2 18 260 M M 5 13 27 260
15 81 67 74 -5 0 9 0.00 0.0 0 4.9 12 310 M M 4 19 310
16 79 63 71 -8 0 6 0.00 0.0 0 1.7 10 70 M M 4 15 50
17 84 61 73 -6 0 8 0.00 0.0 0 6.8 17 240 M M 2 12 24 240
18 83 64 74 -5 0 9 0.00 0.0 0 3.5 10 30 M M 0 1 15 10
19 86 59 73 -5 0 8 0.00 0.0 0 2.3 9 100 M M 0 1 12 80
20 92 67 80 2 0 15 0.00 0.0 0 3.8 13 180 M M 0 23 230
21 94 72 83 5 0 18 0.00 0.0 0 2.2 10 170 M M 2 14 230
22 94 74 84 6 0 19 0.00 0.0 0 3.2 13 70 M M 3 128 17 50
23 96 72 84 6 0 19 0.00 0.0 0 2.0 9 60 M M 0 18 14 60
24 96 74 85 7 0 20 0.00 0.0 0 3.8 13 240 M M 1 18 17 240
25 99 77 88 10 0 23 0.00 0.0 0 6.7 25 80 M M 1 138 40 100
26 94 74 84 7 0 19 0.17 0.0 0 4.1 14 20 M M 1 138 22 20
27 79 70 75 -2 0 10 1.90 0.0 0 5.7 14 40 M M 7 13 19 40
28 87 70 79 2 0 14 0.00 0.0 0 6.5 16 60 M M 5 1 22 60
29 86 64 75 -2 0 10 0.00 0.0 0 3.3 10 340 M M 3 15 30
30 84 61 73 -3 0 8 0.00 0.0 0 6.4 16 50 M M 1 23 10
31 80 59 70 -6 0 5 0.00 0.0 0 6.8 15 70 M M 0 22 40
================================================================================
SM 2693 2114 0 396 5.93 0.0 147.4 M 85
================================================================================
AV 86.9 68.2 4.8 FASTST M M 3 MAX(MPH)
MISC ----> 25 80 40 100
================================================================================
NOTES:
# LAST OF SEVERAL OCCURRENCES
COLUMN 17 PEAK WIND IN M.P.H.
PRELIMINARY LOCAL CLIMATOLOGICAL DATA (WS FORM: F-6) , PAGE 2
STATION: BOWLING GREEN KY
MONTH: AUGUST
YEAR: 2023
LATITUDE: 36 58 N
LONGITUDE: 86 26 W
[TEMPERATURE DATA] [PRECIPITATION DATA] SYMBOLS USED IN COLUMN 16
AVERAGE MONTHLY: 77.5 TOTAL FOR MONTH: 5.93 1 = FOG OR MIST
DPTR FM NORMAL: -1.0 DPTR FM NORMAL: 2.04 2 = FOG REDUCING VISIBILITY
HIGHEST: 99 ON 25 GRTST 24HR 1.90 ON 27-27 TO 1/4 MILE OR LESS
LOWEST: 59 ON 31,19 3 = THUNDER
SNOW, ICE PELLETS, HAIL 4 = ICE PELLETS
TOTAL MONTH: 0.0 INCH 5 = HAIL
GRTST 24HR 0.0 6 = FREEZING RAIN OR DRIZZLE
GRTST DEPTH: 0 7 = DUSTSTORM OR SANDSTORM:
VSBY 1/2 MILE OR LESS
8 = SMOKE OR HAZE
[NO. OF DAYS WITH] [WEATHER - DAYS WITH] 9 = BLOWING SNOW
X = TORNADO
MAX 32 OR BELOW: 0 0.01 INCH OR MORE: 11
MAX 90 OR ABOVE: 8 0.10 INCH OR MORE: 9
MIN 32 OR BELOW: 0 0.50 INCH OR MORE: 4
MIN 0 OR BELOW: 0 1.00 INCH OR MORE: 2
[HDD (BASE 65) ]
TOTAL THIS MO. 0 CLEAR (SCALE 0-3) 20
DPTR FM NORMAL 0 PTCLDY (SCALE 4-7) 11
TOTAL FM JUL 1 0 CLOUDY (SCALE 8-10) 0
DPTR FM NORMAL 0
[CDD (BASE 65) ]
TOTAL THIS MO. 396
DPTR FM NORMAL -23 [PRESSURE DATA]
TOTAL FM JAN 1 1322 HIGHEST SLP M ON M
DPTR FM NORMAL -87 LOWEST SLP 29.70 ON 10
[REMARKS]
#FINAL-08-23#