429
CXUS55 KPIH 011200
CF6BYI
PRELIMINARY LOCAL CLIMATOLOGICAL DATA (WS FORM: F-6)
STATION: BURLEY ID
MONTH: FEBRUARY
YEAR: 2021
LATITUDE: 42 32 N
LONGITUDE: 113 46 W
TEMPERATURE IN F: :PCPN: SNOW: WIND :SUNSHINE: SKY :PK WND
================================================================================
1 2 3 4 5 6A 6B 7 8 9 10 11 12 13 14 15 16 17 18
12Z AVG MX 2MIN
DY MAX MIN AVG DEP HDD CDD WTR SNW DPTH SPD SPD DIR MIN PSBL S-S WX SPD DR
================================================================================
1 47 26 37 9 28 0 0.00 M M 10.8 20 180 M M 4 27 180
2 55 35 45 17 20 0 T M M 14.0 26 200 M M 4 34 190
3 39 29 34 6 31 0 0.31 M M 12.9 25 250 M M 6 1 32 260
4 36 27 32 4 33 0 0.00 M M 16.4 29 250 M M 7 38 260
5 44 35 40 11 25 0 T M M 19.1 33 270 M M 6 54 290
6 49 35 42 13 23 0 0.00 M M 15.2 24 270 M M 4 38 280
7 46 28 37 8 28 0 0.00 M M 14.0 24 280 M M 0 40 270
8 40 26 33 4 32 0 0.00 M M 10.7 22 260 M M 0 28 240
9 46 26 36 7 29 0 0.00 M M 5.7 15 250 M M 7 21 290
10 48 26 37 7 28 0 0.00 M M 10.4 17 270 M M 0 26 290
11 43 27 35 5 30 0 0.12 M M 6.7 16 250 M M 8 18 21 250
12 38 32 35 5 30 0 0.09 M M 13.3 25 270 M M 10 12 36 250
13 35 20 28 -2 37 0 0.05 M M 11.1 22 70 M M 10 168 32 280
14 32 24 28 -2 37 0 T M M 5.1 14 260 M M 10 20 280
15 40 28 34 3 31 0 0.07 M M 11.9 24 200 M M 9 18 34 280
16 37 30 34 3 31 0 T M M 20.9 31 270 M M 7 1 50 270
17 37 27 32 1 33 0 0.00 M M 16.0 25 270 M M 3 39 270
18 38 22 30 -2 35 0 0.00 M M 7.6 26 220 M M 3 34 220
19 46 32 39 7 26 0 0.02 M M 8.1 25 210 M M 9 1 36 200
20 41 30 36 4 29 0 0.05 M M 17.4 28 270 M M 5 1 46 290
21 42 29 36 4 29 0 0.00 M M 15.4 25 260 M M 4 38 270
22 53 34 44 11 21 0 0.00 M M 12.2 21 240 M M 3 29 240
23 46 29 38 5 27 0 T M M 15.0 29 270 M M 4 45 280
24 38 24 31 -2 34 0 0.00 M M 8.0 15 270 M M 5 23 290
25 39 19 29 -5 36 0 0.00 M M 6.9 15 250 M M 4 21 250
26 40 26 33 -1 32 0 0.05 M M 16.2 26 260 M M 5 123 41 260
27 35 24 30 -4 35 0 T M M 13.3 22 270 M M 5 8 33 280
28 40 19 30 -5 35 0 0.00 M M 10.0 18 270 M M 3 26 290
================================================================================
SM 1170 769 845 0 0.76 M 344.3 M 145
================================================================================
AV 41.8 27.5 12.3 FASTST M M 5 MAX(MPH)
MISC ----> 33 270 54 290
================================================================================
NOTES:
# LAST OF SEVERAL OCCURRENCES
COLUMN 17 PEAK WIND IN M.P.H.
PRELIMINARY LOCAL CLIMATOLOGICAL DATA (WS FORM: F-6) , PAGE 2
STATION: BURLEY ID
MONTH: FEBRUARY
YEAR: 2021
LATITUDE: 42 32 N
LONGITUDE: 113 46 W
[TEMPERATURE DATA] [PRECIPITATION DATA] SYMBOLS USED IN COLUMN 16
AVERAGE MONTHLY: 34.6 TOTAL FOR MONTH: 0.76 1 = FOG OR MIST
DPTR FM NORMAL: 3.7 DPTR FM NORMAL: -0.01 2 = FOG REDUCING VISIBILITY
HIGHEST: 55 ON 2 GRTST 24HR 0.31 ON 2- 3 TO 1/4 MILE OR LESS
LOWEST: 19 ON 28,25 3 = THUNDER
SNOW, ICE PELLETS, HAIL 4 = ICE PELLETS
TOTAL MONTH: M 5 = HAIL
GRTST 24HR M ON M 6 = FREEZING RAIN OR DRIZZLE
GRTST DEPTH: M ON M 7 = DUSTSTORM OR SANDSTORM:
VSBY 1/2 MILE OR LESS
8 = SMOKE OR HAZE
[NO. OF DAYS WITH] [WEATHER - DAYS WITH] 9 = BLOWING SNOW
X = TORNADO
MAX 32 OR BELOW: 1 0.01 INCH OR MORE: 8
MAX 90 OR ABOVE: 0 0.10 INCH OR MORE: 2
MIN 32 OR BELOW: 24 0.50 INCH OR MORE: 0
MIN 0 OR BELOW: 0 1.00 INCH OR MORE: 0
[HDD (BASE 65) ]
TOTAL THIS MO. 845 CLEAR (SCALE 0-3) 6
DPTR FM NORMAL -111 PTCLDY (SCALE 4-7) 16
TOTAL FM JUL 1 4237 CLOUDY (SCALE 8-10) 6
DPTR FM NORMAL -785
[CDD (BASE 65) ]
TOTAL THIS MO. 0
DPTR FM NORMAL 0 [PRESSURE DATA]
TOTAL FM JAN 1 0 HIGHEST SLP 30.50 ON 21
DPTR FM NORMAL 0 LOWEST SLP 29.65 ON 15
[REMARKS]
#FINAL-02-21#