000
CXUS54 KHGX 011410
CF6BYY
PRELIMINARY LOCAL CLIMATOLOGICAL DATA (WS FORM: F-6)
STATION: Bay City
MONTH: APRIL
YEAR: 2022
LATITUDE: 28 58 N
LONGITUDE: 95 52 W
TEMPERATURE IN F: :PCPN: SNOW: WIND :SUNSHINE: SKY :PK WND
================================================================================
1 2 3 4 5 6A 6B 7 8 9 10 11 12 13 14 15 16 17 18
12Z AVG MX 2MIN
DY MAX MIN AVG DEP HDD CDD WTR SNW DPTH SPD SPD DIR MIN PSBL S-S WX SPD DR
================================================================================
1 76 51 64 M 1 0 M 0.0 0 8.9 17 100 M M 1 23 100
2 83 60 72 M 0 7 0.00 0.0 0 4.7 13 150 M M 6 12 17 20
3 78 62 70 M 0 5 0.00 0.0 0 5.9 14 130 M M 6 12 25 130
4 76 68 72 M 0 7 M 0.0 M 9.0 13 150 M M 10 1 21 150
5 81 71 76 M 0 11 M 0.0 M 8.3 15 200 M M 8 18 17 200
6 82 65 74 M 0 9 M 0.0 M 13.0 21 360 M M 4 1 28 360
7 76 49 63 M 2 0 0.00 0.0 0 9.9 21 10 M M 0 29 330
8 78 43 61 M 4 0 0.00 0.0 0 7.2 16 340 M M 0 25 330
9 79 46 63 M 2 0 0.00 0.0 0 7.3 18 180 M M 0 27 210
10 78 64 71 M 0 6 0.00 0.0 0 17.2 28 170 M M 6 36 170
11 83 68 76 M 0 11 M 0.0 0 12.3 20 180 M M 8 1 28 180
12 80 72 76 M 0 11 M 0.0 0 14.5 23 170 M M 9 1 36 170
13 81 69 75 M 0 10 0.02 0.0 0 9.8 20 200 M M 9 128 27 180
14 81 63 72 M 0 7 M 0.0 0 13.9 21 80 M M 1 29 110
15 82 68 75 M 0 10 M 0.0 0 10.5 17 180 M M 9 1 25 170
16 85 71 78 M 0 13 M 0.0 0 9.1 15 200 M M 7 1 20 180
17 82 68 75 M 0 10 M 0.0 0 6.3 16 170 M M 7 1 16 160
18 83 61 72 M 0 7 0.00 0.0 0 6.6 13 70 M M 3 12 21 40
19 75 57 66 M 0 1 0.00 0.0 0 13.2 22 120 M M 8 29 120
20 81 71 76 M 0 11 0.00 0.0 0 13.8 23 180 M M 9 31 160
21 83 72 78 M 0 13 0.00 0.0 0 13.9 22 160 M M 7 27 160
22 82 72 77 M 0 12 0.00 0.0 0 13.7 20 140 M M 9 24 150
23 81 70 76 M 0 11 M 0.0 M 14.0 23 180 M M 7 30 170
24 83 70 77 M 0 12 0.00 0.0 0 14.0 24 170 M M 9 30 170
25 84 65 75 M 0 10 M 0.0 M 10.6 20 20 M M 8 33 20
26 77 62 70 M 0 5 M 0.0 M 7.7 16 70 M M 7 22 60
27 81 60 71 M 0 6 0.00 0.0 0 7.0 13 100 M M 2 1 18 100
28 82 65 74 M 0 9 0.00 0.0 0 8.4 16 180 M M 7 21 150
29 82 71 77 M 0 12 0.00 0.0 0 12.4 20 190 M M 9 24 170
30 85 73 79 M 0 14 M 0.0 0 10.1 16 170 M M 7 1 21 190
================================================================================
SM 2420 1927 9 240 0.02 0.0 313.2 M 183
================================================================================
AV 80.7 64.2 10.4 FASTST M M 6 MAX(MPH)
MISC ----> 28 170 # 36 170
================================================================================
NOTES:
# LAST OF SEVERAL OCCURRENCES
COLUMN 17 PEAK WIND IN M.P.H.
PRELIMINARY LOCAL CLIMATOLOGICAL DATA (WS FORM: F-6) , PAGE 2
STATION: Bay City
MONTH: APRIL
YEAR: 2022
LATITUDE: 28 58 N
LONGITUDE: 95 52 W
[TEMPERATURE DATA] [PRECIPITATION DATA] SYMBOLS USED IN COLUMN 16
AVERAGE MONTHLY: 72.5 TOTAL FOR MONTH: 0.02 1 = FOG OR MIST
DPTR FM NORMAL: 0.0 DPTR FM NORMAL: M 2 = FOG REDUCING VISIBILITY
HIGHEST: 85 ON 30,16 GRTST 24HR 0.02 ON 13-13 TO 1/4 MILE OR LESS
LOWEST: 43 ON 8 3 = THUNDER
SNOW, ICE PELLETS, HAIL 4 = ICE PELLETS
TOTAL MONTH: 0.0 INCH 5 = HAIL
GRTST 24HR 0.0 6 = FREEZING RAIN OR DRIZZLE
GRTST DEPTH: 0 7 = DUSTSTORM OR SANDSTORM:
VSBY 1/2 MILE OR LESS
8 = SMOKE OR HAZE
[NO. OF DAYS WITH] [WEATHER - DAYS WITH] 9 = BLOWING SNOW
X = TORNADO
MAX 32 OR BELOW: 0 0.01 INCH OR MORE: 1
MAX 90 OR ABOVE: 0 0.10 INCH OR MORE: 0
MIN 32 OR BELOW: 0 0.50 INCH OR MORE: 0
MIN 0 OR BELOW: 0 1.00 INCH OR MORE: 0
[HDD (BASE 65) ]
TOTAL THIS MO. 9 CLEAR (SCALE 0-3) 7
DPTR FM NORMAL M PTCLDY (SCALE 4-7) 13
TOTAL FM JUL 1 1137 CLOUDY (SCALE 8-10) 10
DPTR FM NORMAL M
[CDD (BASE 65) ]
TOTAL THIS MO. 240
DPTR FM NORMAL M [PRESSURE DATA]
TOTAL FM JAN 1 326 HIGHEST SLP M ON M
DPTR FM NORMAL M LOWEST SLP M ON M
[REMARKS]
#FINAL-04-22#