000
CXUS56 KTFX 011110
CF6BZN
PRELIMINARY LOCAL CLIMATOLOGICAL DATA (WS FORM: F-6)
STATION: BOZEMAN/GALLATIN FIELD MT
MONTH: AUGUST
YEAR: 2023
LATITUDE: 45 46 N
LONGITUDE: 111 9 W
TEMPERATURE IN F: :PCPN: SNOW: WIND :SUNSHINE: SKY :PK WND
================================================================================
1 2 3 4 5 6A 6B 7 8 9 10 11 12 13 14 15 16 17 18
12Z AVG MX 2MIN
DY MAX MIN AVG DEP HDD CDD WTR SNW DPTH SPD SPD DIR MIN PSBL S-S WX SPD DR
================================================================================
1 91 56 74 5 0 9 0.00 0.0 0 4.1 12 180 M M 0 8 15 50
2 80 56 68 -1 0 3 T 0.0 0 8.3 38 160 M M 3 78 51 160
3 69 55 62 -7 3 0 T 0.0 0 3.0 13 170 M M 8 16 180
4 69 56 63 -6 2 0 0.43 0.0 0 4.4 18 200 M M 6 138 25 200
5 69 56 63 -6 2 0 0.03 0.0 0 3.4 13 200 M M 7 3 16 240
6 78 52 65 -3 0 0 0.06 0.0 0 4.9 22 150 M M 5 3 30 150
7 79 53 66 -2 0 1 T 0.0 0 3.4 16 180 M M 6 21 190
8 80 52 66 -2 0 1 0.00 0.0 0 4.0 12 240 M M 3 16 240
9 85 52 69 1 0 4 0.11 0.0 0 8.8 23 300 M M 5 13 32 300
10 84 51 68 0 0 3 0.00 0.0 0 5.8 18 300 M M 2 128 26 300
11 84 46 65 -2 0 0 0.00 0.0 0 4.8 12 170 M M 0 17 350
12 85 51 68 1 0 3 0.00 0.0 0 7.5 20 320 M M 3 31 310
13 80 51 66 -1 0 1 0.00 0.0 0 3.5 14 150 M M 1 18 150
14 88 45 67 0 0 2 0.00 0.0 0 3.9 12 160 M M 1 14 170
15 97 47 72 6 0 7 0.00 0.0 0 4.5 13 150 M M 0 17 350
16 91 55 73 7 0 8 0.00 0.0 0 6.5 13 350 M M 0 8 17 350
17 98 52 75 9 0 10 0.00 0.0 0 5.2 23 190 M M 0 8 31 210
18 92 62 77 12 0 12 T 0.0 0 10.6 35 210 M M 3 51 220
19 77 53 65 0 0 0 0.32 0.0 0 5.5 26 140 M M 4 138 35 150
20 64 55 60 -5 5 0 0.39 0.0 0 5.9 17 150 M M 10 18 23 160
21 87 58 73 9 0 8 0.05 0.0 0 5.8 18 140 M M 7 1 25 140
22 84 58 71 7 0 6 0.00 0.0 0 8.0 21 180 M M 4 30 160
23 83 56 70 6 0 5 0.10 0.0 0 6.5 28 200 M M 4 13 40 200
24 84 49 67 3 0 2 0.00 0.0 0 5.8 13 190 M M 0 19 340
25 82 51 67 4 0 2 0.05 0.0 0 5.4 29 270 M M 2 3 38 270
26 85 53 69 6 0 4 0.00 0.0 0 3.7 12 140 M M 1 14 140
27 83 51 67 4 0 2 0.00 0.0 0 5.5 17 180 M M 2 23 190
28 87 49 68 6 0 3 0.00 0.0 0 5.3 17 40 M M 1 3 23 30
29 93 51 72 10 0 7 0.05 0.0 0 7.4 41 230 M M 2 3 60 240
30 74 48 61 -1 4 0 0.00 0.0 0 10.1 31 280 M M 3 3 42 300
31 80 48 64 3 1 0 0.00 0.0 0 6.1 22 290 M M 3 28 270
================================================================================
SM 2562 1628 17 103 1.59 0.0 177.6 M 96
================================================================================
AV 82.6 52.5 5.7 FASTST M M 3 MAX(MPH)
MISC ----> 41 230 60 240
================================================================================
NOTES:
# LAST OF SEVERAL OCCURRENCES
COLUMN 17 PEAK WIND IN M.P.H.
PRELIMINARY LOCAL CLIMATOLOGICAL DATA (WS FORM: F-6) , PAGE 2
STATION: BOZEMAN/GALLATIN FIELD MT
MONTH: AUGUST
YEAR: 2023
LATITUDE: 45 46 N
LONGITUDE: 111 9 W
[TEMPERATURE DATA] [PRECIPITATION DATA] SYMBOLS USED IN COLUMN 16
AVERAGE MONTHLY: 67.6 TOTAL FOR MONTH: 1.59 1 = FOG OR MIST
DPTR FM NORMAL: 1.8 DPTR FM NORMAL: 0.65 2 = FOG REDUCING VISIBILITY
HIGHEST: 98 ON 17 GRTST 24HR 0.62 ON 19-20 TO 1/4 MILE OR LESS
LOWEST: 45 ON 14 3 = THUNDER
SNOW, ICE PELLETS, HAIL 4 = ICE PELLETS
TOTAL MONTH: 0.0 INCH 5 = HAIL
GRTST 24HR 0.0 6 = FREEZING RAIN OR DRIZZLE
GRTST DEPTH: 0 7 = DUSTSTORM OR SANDSTORM:
VSBY 1/2 MILE OR LESS
8 = SMOKE OR HAZE
[NO. OF DAYS WITH] [WEATHER - DAYS WITH] 9 = BLOWING SNOW
X = TORNADO
MAX 32 OR BELOW: 0 0.01 INCH OR MORE: 10
MAX 90 OR ABOVE: 6 0.10 INCH OR MORE: 5
MIN 32 OR BELOW: 0 0.50 INCH OR MORE: 0
MIN 0 OR BELOW: 0 1.00 INCH OR MORE: 0
[HDD (BASE 65) ]
TOTAL THIS MO. 17 CLEAR (SCALE 0-3) 17
DPTR FM NORMAL -47 PTCLDY (SCALE 4-7) 12
TOTAL FM JUL 1 37 CLOUDY (SCALE 8-10) 2
DPTR FM NORMAL -70
[CDD (BASE 65) ]
TOTAL THIS MO. 103
DPTR FM NORMAL 16 [PRESSURE DATA]
TOTAL FM JAN 1 232 HIGHEST SLP 30.27 ON 14
DPTR FM NORMAL 10 LOWEST SLP 29.60 ON 18
[REMARKS]
#FINAL-08-23#