000
CXUS52 KCAE 011500
CF6CAE
PRELIMINARY LOCAL CLIMATOLOGICAL DATA (WS FORM: F-6)
STATION: COLUMBIA METRO AIRPORT SC
MONTH: FEBRUARY
YEAR: 2023
LATITUDE: 33 57 N
LONGITUDE: 81 7 W
TEMPERATURE IN F: :PCPN: SNOW: WIND :SUNSHINE: SKY :PK WND
================================================================================
1 2 3 4 5 6A 6B 7 8 9 10 11 12 13 14 15 16 17 18
12Z AVG MX 2MIN
DY MAX MIN AVG DEP HDD CDD WTR SNW DPTH SPD SPD DIR MIN PSBL S-S WX SPD DR
================================================================================
1 74 50 62 15 3 0 T 0.0 0 8.3 17 280 M M 9 1 22 270
2 50 45 48 1 17 0 0.43 0.0 M 3.7 9 20 M M 10 1 13 20
3 58 40 49 2 16 0 0.29 0.0 M 6.4 20 310 M M 5 1 25 300
4 48 31 40 -7 25 0 0.00 0.0 M 5.7 15 90 M M 2 19 90
5 60 33 47 0 18 0 0.00 0.0 0 1.7 7 120 M M 7 12 120
6 66 36 51 4 14 0 0.00 0.0 0 4.5 15 280 M M 0 1 20 310
7 69 31 50 2 15 0 0.00 0.0 M 3.1 14 180 M M 3 1 19 180
8 75 40 58 10 7 0 0.00 0.0 0 1.3 8 210 M M 5 18 11 210
9 77 49 63 15 2 0 T 0.0 0 6.6 28 190 M M 6 1 36 190
10 69 56 63 15 2 0 0.05 0.0 0 5.1 14 310 M M 10 1 18 200
11 60 43 52 4 13 0 1.36 0.0 0 11.1 22 60 M M 10 1 31 40
12 46 43 45 -3 20 0 0.95 0.0 0 8.9 18 300 M M 10 1 23 290
13 70 34 52 3 13 0 0.00 0.0 0 6.4 17 260 M M 0 21 270
14 72 33 53 4 12 0 0.00 0.0 0 4.7 15 150 M M 3 19 150
15 76 40 58 9 7 0 0.00 0.0 0 3.5 18 200 M M 5 27 200
16 77 50 64 15 1 0 0.00 0.0 0 5.1 17 220 M M 5 12 23 210
17 69 43 56 7 9 0 0.05 0.0 0 12.8 29 260 M M 7 1 34 260
18 56 33 45 -5 20 0 0.00 0.0 0 3.9 12 30 M M 0 16 20
19 66 30 48 -2 17 0 0.00 0.0 0 2.3 13 180 M M 4 14 190
20 76 45 61 11 4 0 0.00 0.0 0 9.4 22 260 M M 6 26 250
21 78 60 69 19 0 4 T 0.0 0 10.3 25 260 M M 7 31 250
22 82 56 69 19 0 4 0.00 0.0 0 8.1 21 240 M M 4 1 26 230
23 83 60 72 21 0 7 0.00 0.0 0 8.2 22 230 M M 5 1 31 240
24 81 51 66 15 0 1 0.10 0.0 0 7.3 16 30 M M 6 18 25 30
25 58 51 55 4 10 0 0.27 0.0 0 3.7 15 70 M M 10 1 20 70
26 71 56 64 13 1 0 0.00 0.0 0 3.3 10 90 M M 9 12 13 30
27 77 56 67 15 0 2 0.00 0.0 0 10.4 22 230 M M 7 12 34 240
28 82 52 67 15 0 2 0.00 0.0 0 11.4 25 250 M M 2 8 32 250
================================================================================
SM 1926 1247 246 20 3.50 0.0 177.2 M 157
================================================================================
AV 68.8 44.5 6.3 FASTST M M 6 MAX(MPH)
MISC ----> 29 260 36 190
================================================================================
NOTES:
# LAST OF SEVERAL OCCURRENCES
COLUMN 17 PEAK WIND IN M.P.H.
PRELIMINARY LOCAL CLIMATOLOGICAL DATA (WS FORM: F-6) , PAGE 2
STATION: COLUMBIA METRO AIRPORT SC
MONTH: FEBRUARY
YEAR: 2023
LATITUDE: 33 57 N
LONGITUDE: 81 7 W
[TEMPERATURE DATA] [PRECIPITATION DATA] SYMBOLS USED IN COLUMN 16
AVERAGE MONTHLY: 56.7 TOTAL FOR MONTH: 3.50 1 = FOG OR MIST
DPTR FM NORMAL: 7.6 DPTR FM NORMAL: 0.11 2 = FOG REDUCING VISIBILITY
HIGHEST: 83 ON 23 GRTST 24HR 2.30 ON 11-12 TO 1/4 MILE OR LESS
LOWEST: 30 ON 19 3 = THUNDER
SNOW, ICE PELLETS, HAIL 4 = ICE PELLETS
TOTAL MONTH: 0.0 INCH 5 = HAIL
GRTST 24HR 0.0 6 = FREEZING RAIN OR DRIZZLE
GRTST DEPTH: 0 7 = DUSTSTORM OR SANDSTORM:
VSBY 1/2 MILE OR LESS
8 = SMOKE OR HAZE
[NO. OF DAYS WITH] [WEATHER - DAYS WITH] 9 = BLOWING SNOW
X = TORNADO
MAX 32 OR BELOW: 0 0.01 INCH OR MORE: 8
MAX 90 OR ABOVE: 0 0.10 INCH OR MORE: 6
MIN 32 OR BELOW: 3 0.50 INCH OR MORE: 2
MIN 0 OR BELOW: 0 1.00 INCH OR MORE: 1
[HDD (BASE 65) ]
TOTAL THIS MO. 246 CLEAR (SCALE 0-3) 7
DPTR FM NORMAL -205 PTCLDY (SCALE 4-7) 14
TOTAL FM JUL 1 1625 CLOUDY (SCALE 8-10) 7
DPTR FM NORMAL -418
[CDD (BASE 65) ]
TOTAL THIS MO. 20
DPTR FM NORMAL 16 [PRESSURE DATA]
TOTAL FM JAN 1 20 HIGHEST SLP 30.64 ON 4
DPTR FM NORMAL 18 LOWEST SLP 29.61 ON 27
[REMARKS]
#FINAL-02-23#