000
CXUS55 KABQ 190127
CF6CAO
PRELIMINARY LOCAL CLIMATOLOGICAL DATA (WS FORM: F-6)
STATION: CLAYTON NM
MONTH: FEBRUARY
YEAR: 2021
LATITUDE: 36 27 N
LONGITUDE: 103 9 W
TEMPERATURE IN F: :PCPN: SNOW: WIND :SUNSHINE: SKY :PK WND
================================================================================
1 2 3 4 5 6A 6B 7 8 9 10 11 12 13 14 15 16 17 18
12Z AVG MX 2MIN
DY MAX MIN AVG DEP HDD CDD WTR SNW DPTH SPD SPD DIR MIN PSBL S-S WX SPD DR
================================================================================
1 59 28 44 8 21 0 0.00 0.0 0 15.4 26 200 M M 0 35 230
2 68 36 52 16 13 0 0.00 0.0 0 9.4 20 340 M M 0 26 340
3 73 34 54 18 11 0 0.00 0.0 0 15.4 31 260 M M 0 43 240
4 45 26 36 0 29 0 0.00 0.0 0 14.0 29 350 M M 3 40 360
5 49 24 37 1 28 0 0.00 0.0 0 10.7 21 340 M M 2 31 360
6 50 19 35 -1 30 0 0.00 0.0 0 10.9 22 350 M M 0 31 320
7 65 13 39 3 26 0 0.00 0.0 0 9.8 22 230 M M 0 12 33 220
8 61 19 40 4 25 0 T 0.0 0 10.4 25 190 M M 6 126 32 170
9 30 18 24 -12 41 0 0.00 0.0 0 10.7 16 170 M M 8 12 23 140
10 21 15 18 -19 47 0 0.00 0.0 0 7.7 17 190 M M 10 12 20 180
11 37 11 24 -13 41 0 T T 0 10.2 17 150 M M 7 1 22 130
12 11 4 8 -29 57 0 0.01 0.7 T 11.0 20 170 M M 10 1 26 160
13 8 0 4 -33 61 0 0.26 3.0 1 7.6 15 80 M M 10 1 20 130
14 0 -13 -6 -43 71 0 0.05 3.3 3 11.1 21 50 M M 8 18 24 50
15 7 -15 -4 -41 69 0 0.00 0.0 3 7.5 14 190 M M 2 16 220
16 30 2 16 -21 49 0 0.00 0.0 3 6.3 16 170 M M 4 12 21 170
17 29 8 19 -19 46 0 T T 3 7.3 17 40 M M 4 128 21 30
18 25 12 19 -19 46 0 0.02 0.8 1 8.5 17 240 M M 7 18 24 240
19 45 8 27 -11 38 0 0.00 0.0 0 8.3 17 200 M M 1 1 22 190
20 59 21 40 2 25 0 0.00 0.0 0 12.3 31 200 M M 0 40 200
21 46 27 37 -1 28 0 0.00 0.0 0 14.9 29 340 M M 1 40 340
22 62 21 42 3 23 0 0.00 0.0 0 8.4 22 310 M M 0 29 310
23 74 36 55 16 10 0 0.00 0.0 0 14.1 28 20 M M 0 37 10
24 46 24 35 -4 30 0 0.00 0.0 0 12.6 32 10 M M 0 39 20
25 40 20 30 -9 35 0 0.00 0.0 0 7.6 16 210 M M 4 26 170
26 60 21 41 1 24 0 0.00 0.0 0 11.1 22 260 M M 0 30 260
27 63 28 46 6 19 0 0.00 0.0 0 18.4 35 220 M M 0 53 220
28 43 19 31 -9 34 0 0.00 0.0 0 12.6 26 10 M M 0 33 10
================================================================================
SM 1206 466 977 0 0.34 7.8 304.2 M 87
================================================================================
AV 43.1 16.6 10.9 FASTST M M 3 MAX(MPH)
MISC ----> 35 220 53 220
================================================================================
NOTES:
# LAST OF SEVERAL OCCURRENCES
COLUMN 17 PEAK WIND IN M.P.H.
PRELIMINARY LOCAL CLIMATOLOGICAL DATA (WS FORM: F-6) , PAGE 2
STATION: CLAYTON NM
MONTH: FEBRUARY
YEAR: 2021
LATITUDE: 36 27 N
LONGITUDE: 103 9 W
[TEMPERATURE DATA] [PRECIPITATION DATA] SYMBOLS USED IN COLUMN 16
AVERAGE MONTHLY: 29.9 TOTAL FOR MONTH: 0.34 1 = FOG OR MIST
DPTR FM NORMAL: -7.6 DPTR FM NORMAL: 0.04 2 = FOG REDUCING VISIBILITY
HIGHEST: 74 ON 23 GRTST 24HR 0.31 ON 13-14 TO 1/4 MILE OR LESS
LOWEST: -15 ON 15 3 = THUNDER
SNOW, ICE PELLETS, HAIL 4 = ICE PELLETS
TOTAL MONTH: 7.8 INCHES 5 = HAIL
GRTST 24HR 3.3 ON 14-14 6 = FREEZING RAIN OR DRIZZLE
GRTST DEPTH: 3 ON 17,16 7 = DUSTSTORM OR SANDSTORM:
VSBY 1/2 MILE OR LESS
8 = SMOKE OR HAZE
[NO. OF DAYS WITH] [WEATHER - DAYS WITH] 9 = BLOWING SNOW
X = TORNADO
MAX 32 OR BELOW: 9 0.01 INCH OR MORE: 4
MAX 90 OR ABOVE: 0 0.10 INCH OR MORE: 1
MIN 32 OR BELOW: 25 0.50 INCH OR MORE: 0
MIN 0 OR BELOW: 3 1.00 INCH OR MORE: 0
[HDD (BASE 65) ]
TOTAL THIS MO. 977 CLEAR (SCALE 0-3) 16
DPTR FM NORMAL 207 PTCLDY (SCALE 4-7) 9
TOTAL FM JUL 1 3813 CLOUDY (SCALE 8-10) 3
DPTR FM NORMAL 161
[CDD (BASE 65) ]
TOTAL THIS MO. 0
DPTR FM NORMAL 0 [PRESSURE DATA]
TOTAL FM JAN 1 0 HIGHEST SLP 30.51 ON 14
DPTR FM NORMAL 0 LOWEST SLP 29.49 ON 3
[REMARKS]
#FINAL-02-21#