000
CXUS51 KCAR 010700
CF6CAR
PRELIMINARY LOCAL CLIMATOLOGICAL DATA (WS FORM: F-6)
STATION: CARIBOU ME
MONTH: SEPTEMBER
YEAR: 2022
LATITUDE: 46 52 N
LONGITUDE: 68 1 W
TEMPERATURE IN F: :PCPN: SNOW: WIND :SUNSHINE: SKY :PK WND
================================================================================
1 2 3 4 5 6A 6B 7 8 9 10 11 12 13 14 15 16 17 18
12Z AVG MX 2MIN
DY MAX MIN AVG DEP HDD CDD WTR SNW DPTH SPD SPD DIR MIN PSBL S-S WX SPD DR
================================================================================
1 69 50 60 -2 5 0 0.00 0.0 0 6.6 17 240 M M 3 1 24 250
2 70 44 57 -5 8 0 0.00 0.0 0 4.7 13 330 M M 0 22 330
3 78 50 64 3 1 0 0.00 0.0 0 6.2 15 160 M M 0 20 150
4 65 49 57 -4 8 0 0.02 0.0 0 6.4 15 350 M M 4 24 330
5 65 42 54 -7 11 0 0.00 0.0 0 3.2 9 80 M M 2 13 70
6 71 46 59 -1 6 0 0.00 0.0 0 2.3 7 320 M M 1 12 11 360
7 76 45 61 1 4 0 0.00 0.0 0 0.9 8 310 M M 0 1 14 310
8 74 48 61 1 4 0 T 0.0 0 1.7 9 360 M M 2 1 13 320
9 78 49 64 5 1 0 0.00 0.0 0 1.2 7 220 M M 4 12 11 280
10 81 53 67 8 0 2 0.00 0.0 0 0.8 8 240 M M 1 1 10 250
11 83 53 68 10 0 3 0.00 0.0 0 2.2 8 320 M M 2 12 15 310
12 80 59 70 12 0 5 0.00 0.0 0 1.5 8 250 M M 0 1 12 240
13 77 56 67 9 0 2 T 0.0 0 3.1 12 150 M M 6 12 16 150
14 73 54 64 7 1 0 0.51 0.0 0 9.6 21 250 M M 8 13 36 310
15 58 47 53 -4 12 0 0.00 0.0 0 12.7 24 310 M M 7 41 290
16 59 43 51 -6 14 0 0.00 0.0 0 9.5 23 310 M M 2 37 300
17 65 41 53 -3 12 0 0.00 0.0 0 6.8 18 300 M M 0 25 300
18 63 41 52 -4 13 0 0.02 0.0 0 5.6 13 10 M M 4 19 10
19 63 33 48 -7 17 0 0.00 0.0 0 3.0 8 80 M M 0 12 170
20 52 47 50 -5 15 0 0.19 0.0 0 8.2 14 70 M M 10 1 20 70
21 59 49 54 0 11 0 T 0.0 0 5.3 12 20 M M 9 1 15 20
22 59 47 53 -1 12 0 0.90 0.0 0 8.8 17 150 M M 9 13 28 350
23 55 44 50 -4 15 0 0.00 0.0 0 13.5 25 330 M M 6 42 330
24 62 44 53 0 12 0 0.00 0.0 0 16.7 32 330 M M 1 52 330
25 66 42 54 1 11 0 0.04 0.0 0 6.4 15 210 M M 3 22 210
26 65 51 58 6 7 0 0.18 0.0 M 4.8 13 170 M M 9 1 18 160
27 67 51 59 7 6 0 T 0.0 0 6.9 16 170 M M 4 23 170
28 64 44 54 2 11 0 T 0.0 0 4.8 13 310 M M 6 12 21 320
29 56 37 47 -4 18 0 0.00 0.0 0 5.5 14 340 M M 6 22 330
30 66 32 49 -2 16 0 0.00 0.0 0 3.8 13 230 M M 0 1 18 270
================================================================================
SM 2019 1391 251 12 1.86 0.0 172.7 M 109
================================================================================
AV 67.3 46.4 5.8 FASTST M M 4 MAX(MPH)
MISC ----> 32 330 52 330
================================================================================
NOTES:
# LAST OF SEVERAL OCCURRENCES
COLUMN 17 PEAK WIND IN M.P.H.
PRELIMINARY LOCAL CLIMATOLOGICAL DATA (WS FORM: F-6) , PAGE 2
STATION: CARIBOU ME
MONTH: SEPTEMBER
YEAR: 2022
LATITUDE: 46 52 N
LONGITUDE: 68 1 W
[TEMPERATURE DATA] [PRECIPITATION DATA] SYMBOLS USED IN COLUMN 16
AVERAGE MONTHLY: 56.8 TOTAL FOR MONTH: 1.86 1 = FOG OR MIST
DPTR FM NORMAL: 0.2 DPTR FM NORMAL: -1.58 2 = FOG REDUCING VISIBILITY
HIGHEST: 83 ON 11 GRTST 24HR 0.90 ON 22-22 TO 1/4 MILE OR LESS
LOWEST: 32 ON 30 3 = THUNDER
SNOW, ICE PELLETS, HAIL 4 = ICE PELLETS
TOTAL MONTH: 0.0 INCH 5 = HAIL
GRTST 24HR 0.0 6 = FREEZING RAIN OR DRIZZLE
GRTST DEPTH: 0 7 = DUSTSTORM OR SANDSTORM:
VSBY 1/2 MILE OR LESS
8 = SMOKE OR HAZE
[NO. OF DAYS WITH] [WEATHER - DAYS WITH] 9 = BLOWING SNOW
X = TORNADO
MAX 32 OR BELOW: 0 0.01 INCH OR MORE: 7
MAX 90 OR ABOVE: 0 0.10 INCH OR MORE: 4
MIN 32 OR BELOW: 1 0.50 INCH OR MORE: 2
MIN 0 OR BELOW: 0 1.00 INCH OR MORE: 0
[HDD (BASE 65) ]
TOTAL THIS MO. 251 CLEAR (SCALE 0-3) 15
DPTR FM NORMAL -18 PTCLDY (SCALE 4-7) 11
TOTAL FM JUL 1 318 CLOUDY (SCALE 8-10) 4
DPTR FM NORMAL -63
[CDD (BASE 65) ]
TOTAL THIS MO. 12
DPTR FM NORMAL -5 [PRESSURE DATA]
TOTAL FM JAN 1 243 HIGHEST SLP 30.36 ON 30
DPTR FM NORMAL 19 LOWEST SLP 29.38 ON 22
[REMARKS]
#FINAL-09-22#