000
CXUS56 KMTR 010900
CF6CCR
PRELIMINARY LOCAL CLIMATOLOGICAL DATA (WS FORM: F-6)
STATION: CONCORD AIRPORT
MONTH: JUNE
YEAR: 2022
LATITUDE: 37 58 N
LONGITUDE: 122 3 W
TEMPERATURE IN F: :PCPN: SNOW: WIND :SUNSHINE: SKY :PK WND
================================================================================
1 2 3 4 5 6A 6B 7 8 9 10 11 12 13 14 15 16 17 18
12Z AVG MX 2MIN
DY MAX MIN AVG DEP HDD CDD WTR SNW DPTH SPD SPD DIR MIN PSBL S-S WX SPD DR
================================================================================
1 93 54 74 6 0 9 0.00 M M 6.1 16 260 M M 0 21 260
2 83 60 72 4 0 7 0.00 M M 10.9 20 200 M M 0 22 270
3 75 58 67 -1 0 2 0.00 M M 11.4 22 250 M M 1 25 250
4 76 59 68 -1 0 3 T M M 7.2 15 220 M M 8 18 220
5 79 63 71 2 0 6 T M M 8.7 17 210 M M 8 8 25 210
6 83 58 71 2 0 6 0.00 M M 8.2 17 300 M M 0 26 330
7 87 59 73 4 0 8 0.00 M M 9.9 20 320 M M 0 27 330
8 85 61 73 3 0 8 0.00 M M 12.7 22 230 M M 0 26 230
9 96 59 78 8 0 13 0.00 M M 8.8 16 250 M M 0 20 290
10 100 66 83 13 0 18 0.00 M M 9.2 23 280 M M 0 30 280
11 94 69 82 12 0 17 0.00 M M 9.4 24 270 M M 0 31 280
12 79 60 70 0 0 5 0.00 M M 11.3 20 240 M M 3 25 250
13 82 56 69 -1 0 4 0.00 M M 7.2 18 310 M M 0 22 320
14 90 56 73 3 0 8 0.00 M M 5.4 16 320 M M 0 19 310
15 93 59 76 5 0 11 0.00 M M 9.4 22 280 M M 0 28 270
16 81 57 69 -2 0 4 0.00 M M 12.7 26 230 M M 0 33 230
17 70 56 63 -8 2 0 0.00 M M 12.9 26 240 M M 1 33 230
18 76 53 65 -6 0 0 0.00 M M 9.2 18 240 M M 1 23 240
19 85 55 70 -1 0 5 0.00 M M 7.4 20 260 M M 0 27 280
20 93 57 75 3 0 10 0.00 M M 6.5 21 290 M M 0 26 280
21 102 61 82 10 0 17 0.00 M M 5.7 18 300 M M 0 23 360
22 97 65 81 9 0 16 0.00 M M 6.3 18 210 M M 0 22 210
23 97 65 81 9 0 16 0.00 M M 8.0 20 240 M M 0 26 300
24 99 60 80 8 0 15 0.00 M M 7.2 18 230 M M 0 25 210
25 96 57 77 5 0 12 0.00 M M 7.9 18 240 M M 0 22 310
26 95 54 75 3 0 10 0.00 M M 9.3 18 280 M M 0 25 340
27 93 55 74 2 0 9 0.00 M M 8.2 20 300 M M 0 22 270
28 94 59 77 5 0 12 0.00 M M 8.0 18 200 M M 0 23 180
29 82 57 70 -3 0 5 0.00 M M 14.4 23 180 M M 0 31 190
30 77 55 66 -7 0 1 0.00 M M 17.9 25 190 M M 1 31 190
================================================================================
SM 2632 1763 2 257 T M 277.4 M 23
================================================================================
AV 87.7 58.8 9.2 FASTST M M 1 MAX(MPH)
MISC ----> # 26 230 # 33 230
================================================================================
NOTES:
# LAST OF SEVERAL OCCURRENCES
COLUMN 17 PEAK WIND IN M.P.H.
PRELIMINARY LOCAL CLIMATOLOGICAL DATA (WS FORM: F-6) , PAGE 2
STATION: CONCORD AIRPORT
MONTH: JUNE
YEAR: 2022
LATITUDE: 37 58 N
LONGITUDE: 122 3 W
[TEMPERATURE DATA] [PRECIPITATION DATA] SYMBOLS USED IN COLUMN 16
AVERAGE MONTHLY: 73.3 TOTAL FOR MONTH: T 1 = FOG OR MIST
DPTR FM NORMAL: 2.7 DPTR FM NORMAL: -0.16 2 = FOG REDUCING VISIBILITY
HIGHEST: 102 ON 21 GRTST 24HR T ON 4- 4 TO 1/4 MILE OR LESS
LOWEST: 53 ON 18 3 = THUNDER
SNOW, ICE PELLETS, HAIL 4 = ICE PELLETS
TOTAL MONTH: M 5 = HAIL
GRTST 24HR M ON M 6 = FREEZING RAIN OR DRIZZLE
GRTST DEPTH: M ON M 7 = DUSTSTORM OR SANDSTORM:
VSBY 1/2 MILE OR LESS
8 = SMOKE OR HAZE
[NO. OF DAYS WITH] [WEATHER - DAYS WITH] 9 = BLOWING SNOW
X = TORNADO
MAX 32 OR BELOW: 0 0.01 INCH OR MORE: 0
MAX 90 OR ABOVE: 15 0.10 INCH OR MORE: 0
MIN 32 OR BELOW: 0 0.50 INCH OR MORE: 0
MIN 0 OR BELOW: 0 1.00 INCH OR MORE: 0
[HDD (BASE 65) ]
TOTAL THIS MO. 2 CLEAR (SCALE 0-3) 28
DPTR FM NORMAL -8 PTCLDY (SCALE 4-7) 2
TOTAL FM JUL 1 2108 CLOUDY (SCALE 8-10) 0
DPTR FM NORMAL -42
[CDD (BASE 65) ]
TOTAL THIS MO. 257
DPTR FM NORMAL 78 [PRESSURE DATA]
TOTAL FM JAN 1 363 HIGHEST SLP M ON M
DPTR FM NORMAL 92 LOWEST SLP 29.73 ON 16
[REMARKS]
#FINAL-06-22#