508
CXAK56 PAFC 060202
CF6CDB
PRELIMINARY LOCAL CLIMATOLOGICAL DATA (WS FORM: F-6)
STATION: COLD BAY
MONTH: FEBRUARY
YEAR: 2020
LATITUDE: 55 13 N
LONGITUDE: 162 44 W
TEMPERATURE IN F: :PCPN: SNOW: WIND :SUNSHINE: SKY :PK WND
================================================================================
1 2 3 4 5 6A 6B 7 8 9 10 11 12 13 14 15 16 17 18
12Z AVG MX 2MIN
DY MAX MIN AVG DEP HDD CDD WTR SNW DPTH SPD SPD DIR MIN PSBL S-S WX SPD DR
================================================================================
1 38 1 20 -8 45 0 0.18 M M 25.6 59 140 M M 6 189 69 140
2 40 36 38 10 27 0 0.46 M M 23.6 43 150 M M 8 12 52 160
3 42 36 39 11 26 0 0.17 M M 21.1 32 150 M M 7 1 40 150
4 43 36 40 12 25 0 0.16 M M 17.4 30 160 M M 10 1 38 150
5 39 33 36 8 29 0 0.01 M M 17.4 36 240 M M 8 40 240
6 38 33 36 8 29 0 0.26 M M 15.8 30 140 M M 9 1 36 140
7 42 32 37 8 28 0 0.24 M M 19.5 44 170 M M 9 12 55 160
8 41 33 37 8 28 0 0.06 M M 34.9 66 210 M M 8 1 88 200
9 42 26 34 5 31 0 T M M 5.6 12 160 M M 5 1 M M
10 37 24 31 2 34 0 T M M 10.2 24 140 M M 6 12 31 140
11 36 30 33 4 32 0 0.19 M M 20.6 31 70 M M 7 1 41 70
12 31 19 25 -4 40 0 0.04 M M 18.1 37 330 M M 7 1 42 330
13 38 22 30 1 35 0 0.58 M M 18.8 38 160 M M 8 12 41 160
14 40 33 37 8 28 0 0.00 M M 10.6 23 220 M M 7 29 150
15 40 30 35 6 30 0 T M M 7.3 18 140 M M 7 1 22 140
16 44 30 37 8 28 0 0.58 M M 24.7 47 150 M M 6 1 58 150
17 41 34 38 9 27 0 0.01 M M 28.3 52 180 M M 9 18 68 180
18 35 25 30 1 35 0 0.15 M M 16.1 30 250 M M 8 18 38 240
19 43 26 35 6 30 0 0.09 M M 15.5 39 130 M M 8 1 48 120
20 36 24 30 1 35 0 0.07 M M 23.9 35 290 M M 9 18 41 320
21 25 18 22 -7 43 0 0.03 M M 18.5 32 300 M M 9 189 38 300
22 25 10 18 -11 47 0 T M M 8.8 20 130 M M 2 23 120
23 31 20 26 -4 39 0 0.00 M M 21.8 37 90 M M 0 46 90
24 33 26 30 0 35 0 T M M 20.7 38 80 M M 7 49 90
25 32 26 29 -1 36 0 0.23 M M 11.0 26 20 M M 10 1 33 20
26 31 24 28 -2 37 0 T M M 2.7 10 40 M M 10 12 13 30
27 37 27 32 2 33 0 T M M 7.4 16 180 M M 8 1 18 180
28 36 18 27 -3 38 0 0.02 M M 15.3 45 140 M M 8 128 54 150
29 54 35 45 15 20 0 0.36 M M 40.2 59 210 M M 6 1 74 230
================================================================================
SM 1090 767 950 0 3.89 M 521.4 M 212
================================================================================
AV 37.6 26.4 18.0 FASTST M M 7 MAX(MPH)
MISC ----> 66 210 88 200
================================================================================
NOTES:
# LAST OF SEVERAL OCCURRENCES
COLUMN 17 PEAK WIND IN M.P.H.
PRELIMINARY LOCAL CLIMATOLOGICAL DATA (WS FORM: F-6) , PAGE 2
STATION: COLD BAY
MONTH: FEBRUARY
YEAR: 2020
LATITUDE: 55 13 N
LONGITUDE: 162 44 W
[TEMPERATURE DATA] [PRECIPITATION DATA] SYMBOLS USED IN COLUMN 16
AVERAGE MONTHLY: 32.0 TOTAL FOR MONTH: 3.89 1 = FOG OR MIST
DPTR FM NORMAL: 3.0 DPTR FM NORMAL: 0.91 2 = FOG REDUCING VISIBILITY
HIGHEST: 54 ON 29 GRTST 24HR 0.58 ON 13-13 TO 1/4 MILE OR LESS
LOWEST: 1 ON 1 3 = THUNDER
SNOW, ICE PELLETS, HAIL 4 = ICE PELLETS
TOTAL MONTH: M 5 = HAIL
GRTST 24HR M ON M 6 = FREEZING RAIN OR DRIZZLE
GRTST DEPTH: M ON M 7 = DUSTSTORM OR SANDSTORM:
VSBY 1/2 MILE OR LESS
8 = SMOKE OR HAZE
[NO. OF DAYS WITH] [WEATHER - DAYS WITH] 9 = BLOWING SNOW
X = TORNADO
MAX 32 OR BELOW: 6 0.01 INCH OR MORE: 20
MAX 90 OR ABOVE: 0 0.10 INCH OR MORE: 12
MIN 32 OR BELOW: 20 0.50 INCH OR MORE: 2
MIN 0 OR BELOW: 0 1.00 INCH OR MORE: 0
[HDD (BASE 65) ]
TOTAL THIS MO. 950 CLEAR (SCALE 0-3) 2
DPTR FM NORMAL -58 PTCLDY (SCALE 4-7) 16
TOTAL FM JUL 1 5472 CLOUDY (SCALE 8-10) 11
DPTR FM NORMAL -816
[CDD (BASE 65) ]
TOTAL THIS MO. 0
DPTR FM NORMAL 0 [PRESSURE DATA]
TOTAL FM JAN 1 0 HIGHEST SLP M ON M
DPTR FM NORMAL 0 LOWEST SLP 28.69 ON 19
[REMARKS]
#FINAL-02-20#