000
CXAK56 PAFC 011022
CF6CDB
PRELIMINARY LOCAL CLIMATOLOGICAL DATA (WS FORM: F-6)
STATION: COLD BAY
MONTH: AUGUST
YEAR: 2023
LATITUDE: 55 13 N
LONGITUDE: 162 44 W
TEMPERATURE IN F: :PCPN: SNOW: WIND :SUNSHINE: SKY :PK WND
================================================================================
1 2 3 4 5 6A 6B 7 8 9 10 11 12 13 14 15 16 17 18
12Z AVG MX 2MIN
DY MAX MIN AVG DEP HDD CDD WTR SNW DPTH SPD SPD DIR MIN PSBL S-S WX SPD DR
================================================================================
1 59 48 54 1 11 0 0.00 M M 19.2 32 150 M M 6 12 40 150
2 55 50 53 0 12 0 0.47 M M 26.1 37 140 M M 10 1 51 140
3 57 52 55 2 10 0 0.04 M M 22.5 32 150 M M 10 1 42 140
4 61 52 57 4 8 0 0.16 M M 27.6 45 140 M M 10 1 58 160
5 58 51 55 2 10 0 0.35 M M 14.4 44 150 M M 10 1 59 150
6 58 50 54 1 11 0 T M M 7.1 15 270 M M 10 1 19 260
7 59 50 55 2 10 0 T M M 13.8 26 150 M M 8 1 36 150
8 54 50 52 -1 13 0 0.11 M M 18.3 26 270 M M 10 1 34 250
9 54 49 52 -1 13 0 0.01 M M 17.4 30 260 M M 10 1 37 250
10 58 49 54 1 11 0 0.03 M M 9.2 22 160 M M 10 1 26 160
11 61 50 56 3 9 0 0.03 M M 10.6 18 140 M M 10 18 25 110
12 57 48 53 0 12 0 0.05 M M 15.7 26 270 M M 8 1 33 250
13 59 50 55 2 10 0 0.00 M M 9.6 20 150 M M 10 24 160
14 61 47 54 1 11 0 0.26 M M 10.8 23 160 M M 9 18 31 170
15 57 49 53 0 12 0 0.09 M M 12.4 26 280 M M 9 1 32 290
16 61 45 53 0 12 0 0.01 M M 13.1 23 290 M M 7 1 29 290
17 57 44 51 -2 14 0 T M M 4.8 16 160 M M 9 1 18 160
18 57 50 54 1 11 0 0.03 M M 9.7 16 320 M M 10 18 22 320
19 59 50 55 2 10 0 0.00 M M 5.0 10 280 M M 10 13 280
20 59 42 51 -2 14 0 T M M 5.7 17 140 M M 8 1 20 130
21 60 51 56 3 9 0 0.01 M M 12.6 22 350 M M 10 1 28 340
22 59 52 56 3 9 0 0.02 M M 7.8 17 150 M M 10 1 22 170
23 60 54 57 5 8 0 0.33 M M 24.0 41 160 M M 10 1 54 160
24 64 52 58 6 7 0 0.08 M M 24.0 46 150 M M 2 1 59 150
25 60 51 56 4 9 0 0.34 M M 14.9 29 160 M M 8 1 36 140
26 55 48 52 0 13 0 0.08 M M 18.1 33 260 M M 10 1 41 250
27 56 44 50 -2 15 0 0.01 M M 12.0 22 290 M M 9 1 29 290
28 53 36 45 -7 20 0 0.00 M M 5.7 14 20 M M 7 18 30
29 58 36 47 -5 18 0 0.02 M M 13.9 25 130 M M 8 1 33 130
30 59 50 55 3 10 0 0.12 M M 17.9 39 140 M M 10 1 55 140
31 58 47 53 1 12 0 0.08 M M 27.4 48 260 M M 8 1 65 170
================================================================================
SM 1803 1497 354 0 2.73 M 451.3 M 276
================================================================================
AV 58.2 48.3 14.6 FASTST M M 9 MAX(MPH)
MISC ----> 48 260 65 170
================================================================================
NOTES:
# LAST OF SEVERAL OCCURRENCES
COLUMN 17 PEAK WIND IN M.P.H.
PRELIMINARY LOCAL CLIMATOLOGICAL DATA (WS FORM: F-6) , PAGE 2
STATION: COLD BAY
MONTH: AUGUST
YEAR: 2023
LATITUDE: 55 13 N
LONGITUDE: 162 44 W
[TEMPERATURE DATA] [PRECIPITATION DATA] SYMBOLS USED IN COLUMN 16
AVERAGE MONTHLY: 53.2 TOTAL FOR MONTH: 2.73 1 = FOG OR MIST
DPTR FM NORMAL: 0.6 DPTR FM NORMAL: -0.98 2 = FOG REDUCING VISIBILITY
HIGHEST: 64 ON 24 GRTST 24HR 0.50 ON 2- 3 TO 1/4 MILE OR LESS
LOWEST: 36 ON 29,28 3 = THUNDER
SNOW, ICE PELLETS, HAIL 4 = ICE PELLETS
TOTAL MONTH: M 5 = HAIL
GRTST 24HR M ON M 6 = FREEZING RAIN OR DRIZZLE
GRTST DEPTH: M ON M 7 = DUSTSTORM OR SANDSTORM:
VSBY 1/2 MILE OR LESS
8 = SMOKE OR HAZE
[NO. OF DAYS WITH] [WEATHER - DAYS WITH] 9 = BLOWING SNOW
X = TORNADO
MAX 32 OR BELOW: 0 0.01 INCH OR MORE: 23
MAX 90 OR ABOVE: 0 0.10 INCH OR MORE: 8
MIN 32 OR BELOW: 0 0.50 INCH OR MORE: 0
MIN 0 OR BELOW: 0 1.00 INCH OR MORE: 0
[HDD (BASE 65) ]
TOTAL THIS MO. 354 CLEAR (SCALE 0-3) 1
DPTR FM NORMAL -29 PTCLDY (SCALE 4-7) 6
TOTAL FM JUL 1 747 CLOUDY (SCALE 8-10) 24
DPTR FM NORMAL -51
[CDD (BASE 65) ]
TOTAL THIS MO. 0
DPTR FM NORMAL 0 [PRESSURE DATA]
TOTAL FM JAN 1 0 HIGHEST SLP M ON M
DPTR FM NORMAL 0 LOWEST SLP 28.85 ON 31
[REMARKS]
#FINAL-08-23#