000
CXUS56 KEKA 051231
CF6CEC
PRELIMINARY LOCAL CLIMATOLOGICAL DATA (WS FORM: F-6)
STATION: CRESCENT CITY CA
MONTH: JANUARY
YEAR: 2023
LATITUDE: 41 46 N
LONGITUDE: 124 14 W
TEMPERATURE IN F: :PCPN: SNOW: WIND :SUNSHINE: SKY :PK WND
================================================================================
1 2 3 4 5 6A 6B 7 8 9 10 11 12 13 14 15 16 17 18
12Z AVG MX 2MIN
DY MAX MIN AVG DEP HDD CDD WTR SNW DPTH SPD SPD DIR MIN PSBL S-S WX SPD DR
================================================================================
1 51 37 44 -4 21 0 0.00 M M 6.5 16 320 M M 0 18 21 320
2 51 41 46 -2 19 0 0.32 M M 12.7 31 190 M M 6 18 42 180
3 52 43 48 0 17 0 0.07 M M 10.9 21 160 M M 8 8 32 160
4 64 53 59 11 6 0 0.48 M M 17.7 40 160 M M 8 18 58 160
5 58 50 54 6 11 0 0.53 M M 19.2 37 160 M M 10 18 53 160
6 58 50 54 6 11 0 0.39 M M 20.4 35 150 M M 8 18 50 140
7 58 48 53 4 12 0 1.03 M M 17.3 41 160 M M 10 18 61 150
8 55 48 52 3 13 0 0.82 M M 19.2 41 150 M M 8 138 57 150
9 58 41 50 1 15 0 0.14 M M 14.7 48 180 M M 7 18 68 160
10 53 39 46 -3 19 0 0.32 M M 18.0 41 170 M M 7 18 54 180
11 58 49 54 5 11 0 0.47 M M 22.5 35 160 M M 9 18 49 150
12 63 54 59 10 6 0 0.39 M M 18.8 35 150 M M 10 18 54 160
13 57 51 54 5 11 0 2.69 M M 15.6 29 150 M M 9 18 44 150
14 58 49 54 5 11 0 1.00 M M 23.0 38 150 M M 10 18 53 150
15 53 42 48 -1 17 0 0.98 M M 9.9 29 220 M M 8 18 44 220
16 52 38 45 -4 20 0 0.00 M M 6.7 17 340 M M 2 18 29 350
17 51 38 45 -4 20 0 0.00 M M 5.0 10 160 M M 5 18 16 150
18 51 39 45 -4 20 0 0.90 M M 10.8 29 150 M M 8 18 41 150
19 51 36 44 -5 21 0 0.00 M M 6.7 15 340 M M 1 18 22 340
20 53 35 44 -5 21 0 0.00 M M 6.0 12 60 M M 0 18 17 80
21 53 37 45 -4 20 0 T M M 6.5 14 160 M M 5 18 18 170
22 52 40 46 -3 19 0 0.00 M M 11.3 21 330 M M 0 18 31 330
23 55 41 48 -1 17 0 0.00 0.0 M 9.7 22 340 M M 0 18 33 330
24 58 42 50 0 15 0 0.00 0.0 M 7.8 15 350 M M 1 18 25 330
25 57 43 50 0 15 0 0.00 0.0 M 7.7 16 350 M M 0 18 24 340
26 63 42 53 3 12 0 0.00 M M 6.7 14 350 M M 0 18 21 360
27 52 45 49 -1 16 0 0.00 M M 12.8 25 330 M M 1 18 44 340
28 50 34 42 -8 23 0 0.00 M M 8.3 20 330 M M 1 18 29 320
29 54 35 45 -5 20 0 0.00 M M 9.0 20 10 M M 1 18 33 10
30 56 36 46 -4 19 0 0.00 M M 8.4 18 340 M M 0 8 27 350
31 56 37 47 -3 18 0 0.00 M M 5.3 12 60 M M 0 18 16 70
================================================================================
SM 1711 1313 496 0 10.53 0.0 375.1 M 143
================================================================================
AV 55.2 42.4 12.1 FASTST M M 5 MAX(MPH)
MISC ----> 48 180 68 160
================================================================================
NOTES:
# LAST OF SEVERAL OCCURRENCES
COLUMN 17 PEAK WIND IN M.P.H.
PRELIMINARY LOCAL CLIMATOLOGICAL DATA (WS FORM: F-6) , PAGE 2
STATION: CRESCENT CITY CA
MONTH: JANUARY
YEAR: 2023
LATITUDE: 41 46 N
LONGITUDE: 124 14 W
[TEMPERATURE DATA] [PRECIPITATION DATA] SYMBOLS USED IN COLUMN 16
AVERAGE MONTHLY: 48.8 TOTAL FOR MONTH: 10.53 1 = FOG OR MIST
DPTR FM NORMAL: -0.2 DPTR FM NORMAL: 1.13 2 = FOG REDUCING VISIBILITY
HIGHEST: 64 ON 4 GRTST 24HR 2.69 ON 13-13 TO 1/4 MILE OR LESS
LOWEST: 34 ON 28 3 = THUNDER
SNOW, ICE PELLETS, HAIL 4 = ICE PELLETS
TOTAL MONTH: 0.0 INCH 5 = HAIL
GRTST 24HR 0.0 6 = FREEZING RAIN OR DRIZZLE
GRTST DEPTH: M ON M 7 = DUSTSTORM OR SANDSTORM:
VSBY 1/2 MILE OR LESS
8 = SMOKE OR HAZE
[NO. OF DAYS WITH] [WEATHER - DAYS WITH] 9 = BLOWING SNOW
X = TORNADO
MAX 32 OR BELOW: 0 0.01 INCH OR MORE: 15
MAX 90 OR ABOVE: 0 0.10 INCH OR MORE: 14
MIN 32 OR BELOW: 0 0.50 INCH OR MORE: 7
MIN 0 OR BELOW: 0 1.00 INCH OR MORE: 3
[HDD (BASE 65) ]
TOTAL THIS MO. 496 CLEAR (SCALE 0-3) 14
DPTR FM NORMAL 2 PTCLDY (SCALE 4-7) 9
TOTAL FM JUL 1 2408 CLOUDY (SCALE 8-10) 8
DPTR FM NORMAL -13
[CDD (BASE 65) ]
TOTAL THIS MO. 0
DPTR FM NORMAL 0 [PRESSURE DATA]
TOTAL FM JAN 1 0 HIGHEST SLP 30.51 ON 25
DPTR FM NORMAL 0 LOWEST SLP 29.27 ON 4
[REMARKS]
#FINAL-01-23#