000
CXUS56 KEKA 052356
CF6CEC
PRELIMINARY LOCAL CLIMATOLOGICAL DATA (WS FORM: F-6)
STATION: CRESCENT CITY CA
MONTH: NOVEMBER
YEAR: 2022
LATITUDE: 41 46 N
LONGITUDE: 124 14 W
TEMPERATURE IN F: :PCPN: SNOW: WIND :SUNSHINE: SKY :PK WND
================================================================================
1 2 3 4 5 6A 6B 7 8 9 10 11 12 13 14 15 16 17 18
12Z AVG MX 2MIN
DY MAX MIN AVG DEP HDD CDD WTR SNW DPTH SPD SPD DIR MIN PSBL S-S WX SPD DR
================================================================================
1 55 41 48 -5 17 0 0.55 M M 8.5 28 330 M M 7 18 46 320
2 52 39 46 -7 19 0 0.28 M M 7.8 16 150 M M 6 18 21 200
3 52 36 44 -9 21 0 T M M 5.9 12 160 M M 5 15 170
4 55 50 53 0 12 0 0.28 M M 15.3 28 170 M M 10 18 39 170
5 57 44 51 -1 14 0 1.60 M M 10.2 25 170 M M 5 18 36 170
6 54 44 49 -3 16 0 0.95 M M 13.2 33 170 M M 9 18 45 180
7 51 41 46 -6 19 0 0.36 M M 14.4 28 290 M M 8 138 39 160
8 51 42 47 -5 18 0 0.02 M M 4.0 10 70 M M 9 18 14 50
9 56 39 48 -4 17 0 0.00 M M 3.2 8 90 M M 2 18 10 290
10 52 38 45 -7 20 0 0.00 M M 5.0 9 340 M M 0 18 13 100
11 53 41 47 -5 18 0 0.41 M M 8.6 18 150 M M 6 18 28 180
12 56 41 49 -3 16 0 0.10 M M 5.1 14 180 M M 4 18 17 360
13 55 39 47 -4 18 0 0.00 M M 5.5 10 310 M M 0 18 15 60
14 57 38 48 -3 17 0 0.00 M M 4.0 8 190 M M 0 18 15 80
15 59 36 48 -3 17 0 0.00 M M 4.2 10 350 M M 0 18 14 350
16 62 37 50 -1 15 0 0.00 M M 5.0 8 340 M M 0 18 13 100
17 54 37 46 -5 19 0 0.00 M M 2.6 8 190 M M 3 18 12 220
18 55 35 45 -6 20 0 0.00 M M 4.1 13 330 M M 0 18 17 340
19 62 39 51 0 14 0 0.00 M M 4.5 10 70 M M 0 8 16 60
20 59 38 49 -1 16 0 0.00 M M 3.8 9 90 M M 0 18 12 90
21 57 38 48 -2 17 0 0.00 M M 4.1 9 320 M M 0 18 13 340
22 58 40 49 -1 16 0 0.13 M M 4.9 15 150 M M 6 18 21 180
23 55 39 47 -3 18 0 0.00 M M 4.8 9 60 M M 1 28 14 10
24 65 41 53 3 12 0 0.00 M M 4.6 10 350 M M 0 18 14 340
25 61 40 51 1 14 0 0.01 M M 3.5 13 290 M M 4 28 17 290
26 55 41 48 -2 17 0 0.00 M M 7.0 16 340 M M 2 18 22 340
27 54 36 45 -5 20 0 0.17 M M 5.3 13 340 M M 6 18 21 360
28 50 35 43 -7 22 0 0.12 M M 3.1 17 320 M M 5 18 26 310
29 48 34 41 -8 24 0 0.00 M M 6.7 18 160 M M 2 8 24 180
30 50 45 48 -1 17 0 1.09 M M 17.8 37 170 M M 10 18 50 180
================================================================================
SM 1660 1184 520 0 6.07 M 196.7 M 110
================================================================================
AV 55.3 39.5 6.6 FASTST M M 4 MAX(MPH)
MISC ----> 37 170 50 180
================================================================================
NOTES:
# LAST OF SEVERAL OCCURRENCES
COLUMN 17 PEAK WIND IN M.P.H.
PRELIMINARY LOCAL CLIMATOLOGICAL DATA (WS FORM: F-6) , PAGE 2
STATION: CRESCENT CITY CA
MONTH: NOVEMBER
YEAR: 2022
LATITUDE: 41 46 N
LONGITUDE: 124 14 W
[TEMPERATURE DATA] [PRECIPITATION DATA] SYMBOLS USED IN COLUMN 16
AVERAGE MONTHLY: 47.4 TOTAL FOR MONTH: 6.07 1 = FOG OR MIST
DPTR FM NORMAL: -3.7 DPTR FM NORMAL: -1.75 2 = FOG REDUCING VISIBILITY
HIGHEST: 65 ON 24 GRTST 24HR 1.88 ON 4- 5 TO 1/4 MILE OR LESS
LOWEST: 34 ON 29 3 = THUNDER
SNOW, ICE PELLETS, HAIL 4 = ICE PELLETS
TOTAL MONTH: M 5 = HAIL
GRTST 24HR M ON M 6 = FREEZING RAIN OR DRIZZLE
GRTST DEPTH: M ON M 7 = DUSTSTORM OR SANDSTORM:
VSBY 1/2 MILE OR LESS
8 = SMOKE OR HAZE
[NO. OF DAYS WITH] [WEATHER - DAYS WITH] 9 = BLOWING SNOW
X = TORNADO
MAX 32 OR BELOW: 0 0.01 INCH OR MORE: 14
MAX 90 OR ABOVE: 0 0.10 INCH OR MORE: 12
MIN 32 OR BELOW: 0 0.50 INCH OR MORE: 4
MIN 0 OR BELOW: 0 1.00 INCH OR MORE: 2
[HDD (BASE 65) ]
TOTAL THIS MO. 520 CLEAR (SCALE 0-3) 15
DPTR FM NORMAL 103 PTCLDY (SCALE 4-7) 11
TOTAL FM JUL 1 1322 CLOUDY (SCALE 8-10) 4
DPTR FM NORMAL -84
[CDD (BASE 65) ]
TOTAL THIS MO. 0
DPTR FM NORMAL 0 [PRESSURE DATA]
TOTAL FM JAN 1 0 HIGHEST SLP 30.40 ON 16
DPTR FM NORMAL -3 LOWEST SLP 29.57 ON 6
[REMARKS]
#FINAL-11-22#