000
CXUS53 KPAH 290730
CF6CGI
PRELIMINARY LOCAL CLIMATOLOGICAL DATA (WS FORM: F-6)
STATION: CAPE GIRARDEAU MO
MONTH: MARCH
YEAR: 2024
LATITUDE: 37 13 N
LONGITUDE: 89 35 W
TEMPERATURE IN F: :PCPN: SNOW: WIND :SUNSHINE: SKY :PK WND
================================================================================
1 2 3 4 5 6A 6B 7 8 9 10 11 12 13 14 15 16 17 18
12Z AVG MX 2MIN
DY MAX MIN AVG DEP HDD CDD WTR SNW DPTH SPD SPD DIR MIN PSBL S-S WX SPD DR
================================================================================
1 49 38 44 1 21 0 0.10 M M 6.8 15 140 M M 10 19 170
2 61 31 46 3 19 0 0.00 M M 6.2 16 130 M M 3 128 20 140
3 74 40 57 13 8 0 0.00 M M 10.3 23 200 M M 3 1 35 200
4 79 57 68 24 0 3 0.13 M M 12.5 29 200 M M 5 13 40 190
5 76 54 65 21 0 0 0.09 M M 6.8 24 350 M M 3 13 30 350
6 64 47 56 11 9 0 T M M 9.9 20 350 M M 6 1 26 350
7 59 44 52 7 13 0 0.02 M M 6.1 13 150 M M 8 18 18 140
8 62 50 56 11 9 0 0.58 M M 9.1 17 340 M M 10 1 27 350
9 54 34 44 -2 21 0 0.00 M M 12.1 22 350 M M 6 1 29 360
10 56 29 43 -3 22 0 0.00 M M 6.3 16 320 M M 0 23 10
11 65 28 47 1 18 0 0.00 M M 7.1 18 200 M M 0 28 190
12 69 34 52 6 13 0 0.00 M M 8.2 22 200 M M 0 33 190
13 77 47 62 15 3 0 0.00 M M 8.5 23 210 M M 2 29 220
14 77 61 69 22 0 4 0.03 M M 15.1 51 280 M M 6 13 66 280
15 65 38 52 5 13 0 0.00 M M 11.4 24 360 M M 5 1 30 360
16 67 33 50 2 15 0 0.00 M M 5.6 15 240 M M 0 12 22 240
17 59 37 48 0 17 0 0.00 M M 11.7 24 360 M M 0 32 350
18 45 24 35 -13 30 0 0.00 M M 8.4 22 320 M M 1 34 330
19 60 22 41 -8 24 0 0.00 M M 10.7 25 200 M M 0 38 200
20 68 33 51 2 14 0 0.00 M M 7.7 18 40 M M 2 24 50
21 62 37 50 1 15 0 0.00 M M 9.1 16 50 M M 1 24 80
22 70 43 57 7 8 0 0.00 M M 8.7 31 350 M M 8 40 350
23 53 35 44 -6 21 0 0.00 M M 13.8 28 10 M M 5 37 360
24 67 35 51 1 14 0 0.00 M M 9.1 20 130 M M 0 27 150
25 72 51 62 12 3 0 1.43 M M 18.4 36 140 M M 6 1 54 150
26 55 37 46 -5 19 0 0.00 M M 14.1 25 210 M M 4 1 38 210
27 58 36 47 -4 18 0 0.00 M M 4.0 14 360 M M 3 19 360
28 63 31 47 -5 18 0 0.00 M M 6.5 14 200 M M 0 21 230
================================================================================
SM 1786 1086 385 7 2.38 M 264.2 M 97
================================================================================
AV 63.8 38.8 9.4 FASTST M M 3 MAX(MPH)
MISC ----> 51 280 66 280
================================================================================
NOTES:
# LAST OF SEVERAL OCCURRENCES
COLUMN 17 PEAK WIND IN M.P.H.
PRELIMINARY LOCAL CLIMATOLOGICAL DATA (WS FORM: F-6) , PAGE 2
STATION: CAPE GIRARDEAU MO
MONTH: MARCH
YEAR: 2024
LATITUDE: 37 13 N
LONGITUDE: 89 35 W
[TEMPERATURE DATA] [PRECIPITATION DATA] SYMBOLS USED IN COLUMN 16
AVERAGE MONTHLY: 51.3 TOTAL FOR MONTH: 2.38 1 = FOG OR MIST
DPTR FM NORMAL: 4.0 DPTR FM NORMAL: -1.86 2 = FOG REDUCING VISIBILITY
HIGHEST: 79 ON 4 GRTST 24HR 1.43 ON 25-25 TO 1/4 MILE OR LESS
LOWEST: 22 ON 19 3 = THUNDER
SNOW, ICE PELLETS, HAIL 4 = ICE PELLETS
TOTAL MONTH: M 5 = HAIL
GRTST 24HR M ON M 6 = FREEZING RAIN OR DRIZZLE
GRTST DEPTH: M ON M 7 = DUSTSTORM OR SANDSTORM:
VSBY 1/2 MILE OR LESS
8 = SMOKE OR HAZE
[NO. OF DAYS WITH] [WEATHER - DAYS WITH] 9 = BLOWING SNOW
X = TORNADO
MAX 32 OR BELOW: 0 0.01 INCH OR MORE: 7
MAX 90 OR ABOVE: 0 0.10 INCH OR MORE: 4
MIN 32 OR BELOW: 6 0.50 INCH OR MORE: 2
MIN 0 OR BELOW: 0 1.00 INCH OR MORE: 1
[HDD (BASE 65) ]
TOTAL THIS MO. 385 CLEAR (SCALE 0-3) 14
DPTR FM NORMAL -116 PTCLDY (SCALE 4-7) 10
TOTAL FM JUL 1 3214 CLOUDY (SCALE 8-10) 4
DPTR FM NORMAL -620
[CDD (BASE 65) ]
TOTAL THIS MO. 7
DPTR FM NORMAL 7 [PRESSURE DATA]
TOTAL FM JAN 1 13 HIGHEST SLP M ON M
DPTR FM NORMAL 13 LOWEST SLP 29.43 ON 25
[REMARKS]