000
CXUS54 KMRX 011030
CF6CHA
PRELIMINARY LOCAL CLIMATOLOGICAL DATA (WS FORM: F-6)
STATION: CHATTANOOGA AIRPORT
MONTH: MARCH
YEAR: 2023
LATITUDE: 35 1 N
LONGITUDE: 85 12 W
TEMPERATURE IN F: :PCPN: SNOW: WIND :SUNSHINE: SKY :PK WND
================================================================================
1 2 3 4 5 6A 6B 7 8 9 10 11 12 13 14 15 16 17 18
12Z AVG MX 2MIN
DY MAX MIN AVG DEP HDD CDD WTR SNW DPTH SPD SPD DIR MIN PSBL S-S WX SPD DR
================================================================================
1 75 49 62 13 3 0 0.08 0.0 0 3.7 18 140 M M 6 13 26 140
2 68 58 63 14 2 0 1.29 0.0 0 6.3 24 330 M M 10 13 32 320
3 74 58 66 16 0 1 0.44 0.0 0 12.6 33 240 M M 8 138 52 220
4 66 47 57 7 8 0 0.00 0.0 0 6.3 18 360 M M 2 22 360
5 73 40 57 7 8 0 0.00 0.0 0 2.2 13 10 M M 1 15 10
6 78 44 61 11 4 0 0.00 0.0 0 4.4 17 170 M M 5 25 170
7 79 52 66 15 0 1 0.00 0.0 0 7.5 20 10 M M 3 8 28 10
8 65 47 56 5 9 0 0.00 0.0 0 9.9 18 10 M M 6 26 360
9 58 48 53 2 12 0 T 0.0 0 5.9 14 160 M M 10 19 160
10 63 45 54 2 11 0 0.07 0.0 0 8.6 20 320 M M 7 1 25 330
11 59 38 49 -3 16 0 0.41 0.0 0 7.0 16 20 M M 6 13 24 10
12 53 45 49 -3 16 0 0.79 0.0 0 6.9 16 330 M M 10 13 22 340
13 53 35 44 -8 21 0 0.00 0.0 0 9.8 21 350 M M 5 26 350
14 48 33 41 -12 24 0 0.00 0.0 0 11.1 21 350 M M 5 28 340
15 57 30 44 -9 21 0 0.00 0.0 0 4.9 16 360 M M 1 22 20
16 69 30 50 -3 15 0 0.00 0.0 0 4.9 20 160 M M 5 26 160
17 64 39 52 -1 13 0 0.40 0.0 0 8.8 23 300 M M 9 1 32 270
18 53 34 44 -10 21 0 0.00 0.0 0 10.8 20 320 M M 3 26 330
19 42 27 35 -19 30 0 0.00 0.0 0 11.5 18 340 M M 2 29 350
20 54 26 40 -14 25 0 0.00 0.0 0 4.0 13 20 M M 3 18 30
21 62 30 46 -8 19 0 0.00 0.0 0 5.0 17 150 M M 6 25 190
22 57 46 52 -3 13 0 1.10 0.0 0 2.6 12 160 M M 9 12 18 170
23 83 46 65 10 0 0 0.00 0.0 0 4.4 17 200 M M 6 12 24 210
24 79 56 68 13 0 3 0.00 0.0 0 8.6 21 210 M M 7 31 160
25 80 57 69 13 0 4 0.66 0.0 0 9.3 40 270 M M 6 13 66 270
26 81 53 67 11 0 2 0.04 0.0 0 3.4 13 280 M M 5 3 17 160
27 80 59 70 14 0 5 0.00 0.0 0 7.7 16 270 M M 4 23 290
28 70 47 59 3 6 0 0.00 0.0 0 8.9 23 340 M M 4 31 340
29 67 40 54 -3 11 0 0.00 0.0 0 4.8 15 50 M M 1 21 20
30 74 38 56 -1 9 0 0.00 0.0 0 1.6 9 150 M M 1 14 250
31 74 49 62 5 3 0 0.10 0.0 0 7.2 21 190 M M 7 30 200
================================================================================
SM 2058 1346 320 16 5.38 0.0 210.6 M 163
================================================================================
AV 66.4 43.4 6.8 FASTST M M 5 MAX(MPH)
MISC ----> 40 270 66 270
================================================================================
NOTES:
# LAST OF SEVERAL OCCURRENCES
COLUMN 17 PEAK WIND IN M.P.H.
PRELIMINARY LOCAL CLIMATOLOGICAL DATA (WS FORM: F-6) , PAGE 2
STATION: CHATTANOOGA AIRPORT
MONTH: MARCH
YEAR: 2023
LATITUDE: 35 1 N
LONGITUDE: 85 12 W
[TEMPERATURE DATA] [PRECIPITATION DATA] SYMBOLS USED IN COLUMN 16
AVERAGE MONTHLY: 54.9 TOTAL FOR MONTH: 5.38 1 = FOG OR MIST
DPTR FM NORMAL: 1.7 DPTR FM NORMAL: 0.04 2 = FOG REDUCING VISIBILITY
HIGHEST: 83 ON 23 GRTST 24HR 1.37 ON 1- 2 TO 1/4 MILE OR LESS
LOWEST: 26 ON 20 3 = THUNDER
SNOW, ICE PELLETS, HAIL 4 = ICE PELLETS
TOTAL MONTH: 0.0 INCH 5 = HAIL
GRTST 24HR 0.0 6 = FREEZING RAIN OR DRIZZLE
GRTST DEPTH: 0 7 = DUSTSTORM OR SANDSTORM:
VSBY 1/2 MILE OR LESS
8 = SMOKE OR HAZE
[NO. OF DAYS WITH] [WEATHER - DAYS WITH] 9 = BLOWING SNOW
X = TORNADO
MAX 32 OR BELOW: 0 0.01 INCH OR MORE: 11
MAX 90 OR ABOVE: 0 0.10 INCH OR MORE: 8
MIN 32 OR BELOW: 5 0.50 INCH OR MORE: 4
MIN 0 OR BELOW: 0 1.00 INCH OR MORE: 2
[HDD (BASE 65) ]
TOTAL THIS MO. 320 CLEAR (SCALE 0-3) 8
DPTR FM NORMAL -57 PTCLDY (SCALE 4-7) 18
TOTAL FM JUL 1 2317 CLOUDY (SCALE 8-10) 5
DPTR FM NORMAL -531
[CDD (BASE 65) ]
TOTAL THIS MO. 16
DPTR FM NORMAL 6 [PRESSURE DATA]
TOTAL FM JAN 1 30 HIGHEST SLP 30.44 ON 21
DPTR FM NORMAL 19 LOWEST SLP 29.20 ON 3
[REMARKS]
#FINAL-03-23#