000
CXUS55 KDVN 011100
CF6CID
PRELIMINARY LOCAL CLIMATOLOGICAL DATA (WS FORM: F-6)
STATION: CEDAR RAPIDS IA
MONTH: DECEMBER
YEAR: 2021
LATITUDE: 41 52 N
LONGITUDE: 91 42 W
TEMPERATURE IN F: :PCPN: SNOW: WIND :SUNSHINE: SKY :PK WND
================================================================================
1 2 3 4 5 6A 6B 7 8 9 10 11 12 13 14 15 16 17 18
12Z AVG MX 2MIN
DY MAX MIN AVG DEP HDD CDD WTR SNW DPTH SPD SPD DIR MIN PSBL S-S WX SPD DR
================================================================================
1 52 37 45 15 20 0 0.04 M M 9.8 20 240 M M 3 1 26 240
2 53 35 44 14 21 0 0.00 M M 9.2 22 330 M M 3 29 320
3 55 30 43 14 22 0 0.00 M M 8.5 13 80 M M 0 17 80
4 38 23 31 2 34 0 0.00 M M 6.7 13 110 M M 7 1 18 100
5 38 29 34 5 31 0 0.04 M M 12.2 38 300 M M 7 1 50 320
6 29 4 17 -11 48 0 0.00 M M 20.4 38 300 M M 2 52 310
7 28 2 15 -13 50 0 T M M 10.8 22 160 M M 6 28 160
8 31 12 22 -6 43 0 0.00 M M 8.5 18 280 M M 0 23 280
9 50 26 38 11 27 0 0.00 M M 10.9 21 130 M M 4 29 130
10 42 29 36 9 29 0 0.26 M M 14.2 28 100 M M 5 13 36 100
11 38 26 32 6 33 0 T M M 18.3 35 310 M M 3 1 48 320
12 51 27 39 13 26 0 0.00 M M 14.9 29 220 M M 0 40 220
13 49 28 39 13 26 0 0.00 M M 7.9 14 190 M M 0 18 190
14 52 27 40 14 25 0 0.00 M M 11.9 20 160 M M 3 26 150
15 73 48 61 36 4 0 0.09 M M 23.9 46 250 M M 6 138 65 180
16 48 20 34 9 31 0 0.00 M M 18.5 41 240 M M 4 56 250
17 36 16 26 1 39 0 0.00 M M 9.1 16 90 M M 3 21 80
18 32 17 25 1 40 0 0.00 M M 12.0 20 320 M M 5 28 340
19 29 12 21 -3 44 0 0.00 M M 8.9 20 170 M M 5 27 180
20 38 16 27 3 38 0 0.00 M M 11.7 20 340 M M 0 1 23 350
21 36 9 23 -1 42 0 0.00 M M 13.6 29 310 M M 0 39 300
22 32 8 20 -3 45 0 0.00 M M 8.0 17 150 M M 1 23 160
23 48 27 38 15 27 0 0.00 M M 8.4 18 270 M M 0 24 230
24 53 30 42 19 23 0 0.00 M M 8.4 17 160 M M 6 1 23 170
25 49 24 37 15 28 0 T M M 6.4 14 60 M M 2 1 18 360
26 42 18 30 8 35 0 0.46 M M 13.6 35 110 M M 4 13 48 110
27 37 24 31 9 34 0 0.01 M M 10.4 26 280 M M 5 123 35 280
28 33 25 29 7 36 0 0.23 M M 11.3 21 110 M M 8 12 29 110
29 25 4 15 -7 50 0 0.05 M M 10.7 22 310 M M 4 28 300
30 28 16 22 1 43 0 T M M 5.9 13 130 M M 10 12 15 120
31 29 18 24 3 41 0 0.00 M M 12.0 20 20 M M 7 1 26 340
================================================================================
SM 1274 667 1035 0 1.18 M 357.0 M 113
================================================================================
AV 41.1 21.5 11.5 FASTST M M 4 MAX(MPH)
MISC ----> 46 250 65 180
================================================================================
NOTES:
# LAST OF SEVERAL OCCURRENCES
COLUMN 17 PEAK WIND IN M.P.H.
PRELIMINARY LOCAL CLIMATOLOGICAL DATA (WS FORM: F-6) , PAGE 2
STATION: CEDAR RAPIDS IA
MONTH: DECEMBER
YEAR: 2021
LATITUDE: 41 52 N
LONGITUDE: 91 42 W
[TEMPERATURE DATA] [PRECIPITATION DATA] SYMBOLS USED IN COLUMN 16
AVERAGE MONTHLY: 31.3 TOTAL FOR MONTH: 1.18 1 = FOG OR MIST
DPTR FM NORMAL: 6.1 DPTR FM NORMAL: -0.41 2 = FOG REDUCING VISIBILITY
HIGHEST: 73 ON 15 GRTST 24HR 0.47 ON 26-27 TO 1/4 MILE OR LESS
LOWEST: 2 ON 7 3 = THUNDER
SNOW, ICE PELLETS, HAIL 4 = ICE PELLETS
TOTAL MONTH: M 5 = HAIL
GRTST 24HR M ON M 6 = FREEZING RAIN OR DRIZZLE
GRTST DEPTH: M ON M 7 = DUSTSTORM OR SANDSTORM:
VSBY 1/2 MILE OR LESS
8 = SMOKE OR HAZE
[NO. OF DAYS WITH] [WEATHER - DAYS WITH] 9 = BLOWING SNOW
X = TORNADO
MAX 32 OR BELOW: 9 0.01 INCH OR MORE: 8
MAX 90 OR ABOVE: 0 0.10 INCH OR MORE: 3
MIN 32 OR BELOW: 28 0.50 INCH OR MORE: 0
MIN 0 OR BELOW: 0 1.00 INCH OR MORE: 0
[HDD (BASE 65) ]
TOTAL THIS MO. 1035 CLEAR (SCALE 0-3) 13
DPTR FM NORMAL -199 PTCLDY (SCALE 4-7) 16
TOTAL FM JUL 1 2212 CLOUDY (SCALE 8-10) 2
DPTR FM NORMAL -462
[CDD (BASE 65) ]
TOTAL THIS MO. 0
DPTR FM NORMAL 0 [PRESSURE DATA]
TOTAL FM JAN 1 971 HIGHEST SLP 30.40 ON 19
DPTR FM NORMAL 215 LOWEST SLP 29.26 ON 15
[REMARKS]
#FINAL-12-21#